74.6.8.119 - - [28/Aug/2008:00:18:20 -0400] "GET /robots.txt HTTP/1.0" 404 - "-" "Mozilla/5.0 (compatible; Yahoo! Slurp; http://help.yahoo.com/help/us/ysearch/slurp)" 0 www.geil-symposium.com
74.6.8.119 - - [28/Aug/2008:00:18:21 -0400] "GET /publications.html HTTP/1.0" 404 - "-" "Mozilla/5.0 (compatible; Yahoo! Slurp; http://help.yahoo.com/help/us/ysearch/slurp)" 0 www.geil-symposium.com
220.181.61.230 - - [28/Aug/2008:01:24:14 -0400] "GET / HTTP/1.1" 200 326 "-" "Sogou web spider/4.0(+http://www.sogou.com/docs/help/webmasters.htm#07)" 0 www.geil-symposium.com
67.195.37.105 - - [28/Aug/2008:02:57:16 -0400] "GET /robots.txt HTTP/1.0" 404 - "-" "Mozilla/5.0 (compatible; Yahoo! Slurp; http://help.yahoo.com/help/us/ysearch/slurp)" 0 www.geil-symposium.com
67.195.37.105 - - [28/Aug/2008:02:57:16 -0400] "GET / HTTP/1.0" 200 314 "-" "Mozilla/5.0 (compatible; Yahoo! Slurp; http://help.yahoo.com/help/us/ysearch/slurp)" 0 www.geil-symposium.com
67.195.37.105 - - [28/Aug/2008:03:01:57 -0400] "GET /logs HTTP/1.0" 301 331 "-" "Mozilla/5.0 (compatible; Yahoo! Slurp; http://help.yahoo.com/help/us/ysearch/slurp)" 0 www.geil-symposium.com
67.195.37.105 - - [28/Aug/2008:03:02:13 -0400] "GET /logs/ HTTP/1.0" 200 373 "-" "Mozilla/5.0 (compatible; Yahoo! Slurp; http://help.yahoo.com/help/us/ysearch/slurp)" 0 www.geil-symposium.com
67.195.37.105 - - [28/Aug/2008:03:04:34 -0400] "GET /logs/error.log HTTP/1.0" 200 712 "-" "Mozilla/5.0 (compatible; Yahoo! Slurp; http://help.yahoo.com/help/us/ysearch/slurp)" 0 www.geil-symposium.com
67.195.37.105 - - [28/Aug/2008:03:05:15 -0400] "GET /logs/access.log HTTP/1.0" 200 1533 "-" "Mozilla/5.0 (compatible; Yahoo! Slurp; http://help.yahoo.com/help/us/ysearch/slurp)" 0 www.geil-symposium.com
66.249.71.115 - - [28/Aug/2008:03:33:34 -0400] "GET /robots.txt HTTP/1.1" 404 - "-" "Googlebot-Image/1.0" 0 www.geil-symposium.com
66.249.71.117 - - [28/Aug/2008:03:33:34 -0400] "GET /images/HitachiLogo.gif HTTP/1.1" 404 - "-" "Googlebot-Image/1.0" 0 www.geil-symposium.com
74.6.8.119 - - [28/Aug/2008:03:36:35 -0400] "GET /Registration.html HTTP/1.0" 404 - "-" "Mozilla/5.0 (compatible; Yahoo! Slurp; http://help.yahoo.com/help/us/ysearch/slurp)" 0 www.geil-symposium.com
77.91.224.13 - - [28/Aug/2008:08:27:09 -0400] "GET /robots.txt HTTP/1.1" 404 - "-" "WebAlta Crawler/2.0 (http://www.webalta.net/ru/about_webmaster.html) (Windows; U; Windows NT 5.1; ru-RU)" 0 www.geil-symposium.com
38.99.13.124 - - [28/Aug/2008:09:09:53 -0400] "GET /robots.txt HTTP/1.0" 404 - "-" "Mozilla/5.0 (Twiceler-0.9 http://www.cuil.com/twiceler/robot.html)" 0 www.geil-symposium.com
65.214.45.223 - - [28/Aug/2008:11:46:13 -0400] "GET /robots.txt HTTP/1.0" 404 - "-" "Mozilla/5.0 (compatible; Ask Jeeves/Teoma; +http://about.ask.com/en/docs/about/webmasters.shtml)" 0 www.geil-symposium.com
65.214.45.223 - - [28/Aug/2008:11:46:13 -0400] "GET /Scholarship.html HTTP/1.0" 404 - "-" "Mozilla/5.0 (compatible; Ask Jeeves/Teoma; +http://about.ask.com/en/docs/about/webmasters.shtml)" 0 www.geil-symposium.com
74.86.171.2 - - [28/Aug/2008:14:24:14 -0400] "GET / HTTP/1.1" 200 326 "-" "Mozilla/4.0 (compatible; MSIE 7.0; Windows NT 6.0)" 0 www.geil-symposium.com
128.174.228.215 - - [28/Aug/2008:15:14:53 -0400] "GET / HTTP/1.1" 200 326 "http://www.google.com/search?hl=en&q=geil+symposium&aq=f&oq=" "Mozilla/4.0 (compatible; MSIE 7.0; Windows NT 5.1; .NET CLR 1.1.4322; InfoPath.1)" 0 www.geil-symposium.com
128.174.228.215 - - [28/Aug/2008:15:14:53 -0400] "GET /favicon.ico HTTP/1.1" 404 - "-" "Mozilla/4.0 (compatible; MSIE 7.0; Windows NT 5.1; .NET CLR 1.1.4322; InfoPath.1)" 0 www.geil-symposium.com
128.174.228.215 - - [28/Aug/2008:15:14:55 -0400] "GET /logs HTTP/1.1" 301 343 "http://www.geil-symposium.com/" "Mozilla/4.0 (compatible; MSIE 7.0; Windows NT 5.1; .NET CLR 1.1.4322; InfoPath.1)" 0 www.geil-symposium.com
128.174.228.215 - - [28/Aug/2008:15:14:56 -0400] "GET /logs/ HTTP/1.1" 200 385 "http://www.geil-symposium.com/" "Mozilla/4.0 (compatible; MSIE 7.0; Windows NT 5.1; .NET CLR 1.1.4322; InfoPath.1)" 0 www.geil-symposium.com
128.174.228.215 - - [28/Aug/2008:15:14:57 -0400] "GET / HTTP/1.1" 200 326 "http://www.geil-symposium.com/logs/" "Mozilla/4.0 (compatible; MSIE 7.0; Windows NT 5.1; .NET CLR 1.1.4322; InfoPath.1)" 0 www.geil-symposium.com
128.174.228.215 - - [28/Aug/2008:15:14:58 -0400] "GET / HTTP/1.1" 200 326 "http://www.geil-symposium.com/" "Mozilla/4.0 (compatible; MSIE 7.0; Windows NT 5.1; .NET CLR 1.1.4322; InfoPath.1)" 0 www.geil-symposium.com
128.174.228.215 - - [28/Aug/2008:15:15:03 -0400] "GET /images/Philip_H_Geil_logo.jpg HTTP/1.1" 404 - "http://74.125.95.104/search?q=cache:mOPH3SfoOu8J:www.geil-symposium.com/+geil+symposium&hl=en&ct=clnk&cd=1&gl=us" "Mozilla/4.0 (compatible; MSIE 7.0; Windows NT 5.1; .NET CLR 1.1.4322; InfoPath.1)" 0 www.geil-symposium.com
128.174.228.215 - - [28/Aug/2008:15:15:03 -0400] "GET /images/candle1.jpg HTTP/1.1" 404 - "http://74.125.95.104/search?q=cache:mOPH3SfoOu8J:www.geil-symposium.com/+geil+symposium&hl=en&ct=clnk&cd=1&gl=us" "Mozilla/4.0 (compatible; MSIE 7.0; Windows NT 5.1; .NET CLR 1.1.4322; InfoPath.1)" 0 www.geil-symposium.com
128.174.228.215 - - [28/Aug/2008:15:15:29 -0400] "GET /images/Philip_H_Geil_logo.jpg HTTP/1.1" 404 - "http://74.125.95.104/search?q=cache:yIxMIIghQlwJ:www.geil-symposium.com/Scholarship.html+geil+symposium&hl=en&ct=clnk&cd=2&gl=us" "Mozilla/4.0 (compatible; MSIE 7.0; Windows NT 5.1; .NET CLR 1.1.4322; InfoPath.1)" 0 www.geil-symposium.com
128.174.228.215 - - [28/Aug/2008:15:15:29 -0400] "GET /images/candle1.jpg HTTP/1.1" 404 - "http://74.125.95.104/search?q=cache:yIxMIIghQlwJ:www.geil-symposium.com/Scholarship.html+geil+symposium&hl=en&ct=clnk&cd=2&gl=us" "Mozilla/4.0 (compatible; MSIE 7.0; Windows NT 5.1; .NET CLR 1.1.4322; InfoPath.1)" 0 www.geil-symposium.com
77.91.224.13 - - [28/Aug/2008:18:27:20 -0400] "GET /robots.txt HTTP/1.1" 404 - "-" "WebAlta Crawler/2.0 (http://www.webalta.net/ru/about_webmaster.html) (Windows; U; Windows NT 5.1; ru-RU)" 0 www.geil-symposium.com
208.111.154.15 - - [28/Aug/2008:19:46:50 -0400] "GET /robots.txt HTTP/1.0" 404 - "-" "Mozilla/5.0 (compatible; Charlotte/1.1; http://www.searchme.com/support/)" 0 www.geil-symposium.com
208.111.154.16 - - [28/Aug/2008:19:46:50 -0400] "GET /Program.html HTTP/1.1" 404 - "-" "Mozilla/5.0 (compatible; Charlotte/1.1; http://www.searchme.com/support/)" 0 www.geil-symposium.com
202.179.180.45 - - [28/Aug/2008:20:27:28 -0400] "GET /robots.txt HTTP/1.1" 404 - "-" "Mozilla/4.0 (compatible; NaverBot/1.0; http://help.naver.com/delete_main.asp)" 0 www.geil-symposium.com
202.179.180.45 - - [28/Aug/2008:20:27:35 -0400] "GET / HTTP/1.1" 200 326 "-" "Mozilla/4.0 (compatible; NaverBot/1.0; http://help.naver.com/delete_main.asp)" 0 www.geil-symposium.com
67.195.37.105 - - [29/Aug/2008:00:25:50 -0400] "GET /robots.txt HTTP/1.0" 404 - "-" "Mozilla/5.0 (compatible; Yahoo! Slurp; http://help.yahoo.com/help/us/ysearch/slurp)" 0 www.geil-symposium.com
67.195.37.105 - - [29/Aug/2008:00:25:51 -0400] "GET / HTTP/1.0" 200 314 "-" "Mozilla/5.0 (X11; U; Linux i686 (x86_64); en-US; rv:1.8.1.4) Gecko/20080721 BonEcho/2.0.0.4" 0 www.geil-symposium.com
67.195.37.105 - - [29/Aug/2008:00:28:29 -0400] "GET /logs HTTP/1.0" 301 331 "-" "Mozilla/5.0 (X11; U; Linux i686 (x86_64); en-US; rv:1.8.1.4) Gecko/20080721 BonEcho/2.0.0.4" 0 www.geil-symposium.com
67.195.37.105 - - [29/Aug/2008:00:28:39 -0400] "GET /logs/ HTTP/1.0" 200 373 "-" "Mozilla/5.0 (X11; U; Linux i686 (x86_64); en-US; rv:1.8.1.4) Gecko/20080721 BonEcho/2.0.0.4" 0 www.geil-symposium.com
67.195.37.105 - - [29/Aug/2008:00:30:17 -0400] "GET /logs/error.log HTTP/1.0" 200 4871 "-" "Mozilla/5.0 (X11; U; Linux i686 (x86_64); en-US; rv:1.8.1.4) Gecko/20080721 BonEcho/2.0.0.4" 0 www.geil-symposium.com
67.195.37.105 - - [29/Aug/2008:00:39:33 -0400] "GET /logs/access.log HTTP/1.0" 200 7765 "-" "Mozilla/5.0 (X11; U; Linux i686 (x86_64); en-US; rv:1.8.1.4) Gecko/20080721 BonEcho/2.0.0.4" 0 www.geil-symposium.com
208.80.193.26 - - [29/Aug/2008:01:28:12 -0400] "GET / HTTP/1.0" 200 314 "-" "Mozilla/4.0 (compatible; MSIE 7.0; Windows NT 5.1; FunWebProducts; bgft; .NET CLR 1.1.4322; .NET CLR 2.0.50727)" 0 www.geil-symposium.com
65.214.45.223 - - [29/Aug/2008:03:43:06 -0400] "GET /robots.txt HTTP/1.0" 404 - "-" "Mozilla/5.0 (compatible; Ask Jeeves/Teoma; +http://about.ask.com/en/docs/about/webmasters.shtml)" 0 www.geil-symposium.com
65.214.45.223 - - [29/Aug/2008:03:43:06 -0400] "GET /Sponsors.html HTTP/1.0" 404 - "-" "Mozilla/5.0 (compatible; Ask Jeeves/Teoma; +http://about.ask.com/en/docs/about/webmasters.shtml)" 0 www.geil-symposium.com
220.181.61.230 - - [29/Aug/2008:03:47:34 -0400] "GET /robots.txt HTTP/1.1" 404 - "-" "-" 0 www.geil-symposium.com
74.6.22.96 - - [29/Aug/2008:03:54:49 -0400] "GET /robots.txt HTTP/1.0" 404 - "-" "Mozilla/5.0 (compatible; Yahoo! Slurp; http://help.yahoo.com/help/us/ysearch/slurp)" 0 www.geil-symposium.com
74.6.22.96 - - [29/Aug/2008:03:54:49 -0400] "GET /Registration.html HTTP/1.0" 404 - "-" "Mozilla/5.0 (compatible; Yahoo! Slurp; http://help.yahoo.com/help/us/ysearch/slurp)" 0 www.geil-symposium.com
77.91.224.13 - - [29/Aug/2008:04:27:31 -0400] "GET /robots.txt HTTP/1.1" 404 - "-" "WebAlta Crawler/2.0 (http://www.webalta.net/ru/about_webmaster.html) (Windows; U; Windows NT 5.1; ru-RU)" 0 www.geil-symposium.com
220.181.61.230 - - [29/Aug/2008:07:31:23 -0400] "GET / HTTP/1.1" 200 326 "-" "Sogou web spider/4.0(+http://www.sogou.com/docs/help/webmasters.htm#07)" 0 www.geil-symposium.com
72.20.109.34 - - [29/Aug/2008:09:17:55 -0400] "GET /robots.txt HTTP/1.1" 404 - "-" "GurujiBot/1.0 (+http://www.guruji.com/en/WebmasterFAQ.html)" 1 www.geil-symposium.com
72.20.109.34 - - [29/Aug/2008:09:17:55 -0400] "GET / HTTP/1.1" 200 326 "-" "GurujiBot/1.0 (+http://www.guruji.com/en/WebmasterFAQ.html)" 0 www.geil-symposium.com
72.20.109.34 - - [29/Aug/2008:09:17:55 -0400] "GET / HTTP/1.1" 200 326 "-" "GurujiBot/1.0 (+http://www.guruji.com/en/WebmasterFAQ.html)" 0 www.geil-symposium.com
72.20.109.34 - - [29/Aug/2008:09:17:55 -0400] "GET /logs HTTP/1.1" 301 343 "-" "GurujiBot/1.0 (+http://www.guruji.com/en/WebmasterFAQ.html)" 0 www.geil-symposium.com
72.20.109.34 - - [29/Aug/2008:09:17:56 -0400] "GET /logs/ HTTP/1.1" 200 385 "-" "GurujiBot/1.0 (+http://www.guruji.com/en/WebmasterFAQ.html)" 1 www.geil-symposium.com
38.99.13.124 - - [29/Aug/2008:10:42:49 -0400] "GET /robots.txt HTTP/1.0" 404 - "-" "Mozilla/5.0 (Twiceler-0.9 http://www.cuil.com/twiceler/robot.html)" 0 www.geil-symposium.com
77.91.224.13 - - [29/Aug/2008:14:40:07 -0400] "GET /robots.txt HTTP/1.1" 404 - "-" "WebAlta Crawler/2.0 (http://www.webalta.net/ru/about_webmaster.html) (Windows; U; Windows NT 5.1; ru-RU)" 0 www.geil-symposium.com
64.34.173.112 - - [29/Aug/2008:16:02:02 -0400] "GET /Sponsors.html HTTP/1.1" 404 - "-" "Mozilla/4.0 (compatible; MSIE 6.0; Windows NT 5.1; SV1)" 0 www.geil-symposium.com
62.192.18.134 - - [29/Aug/2008:16:02:02 -0400] "GET /Sponsors.html HTTP/1.1" 404 - "-" "Mozilla/4.0 (compatible; MSIE 6.0; Windows NT 5.1; SV1)" 0 www.geil-symposium.com
190.5.202.207 - - [29/Aug/2008:16:02:06 -0400] "GET /Sponsors.html HTTP/1.1" 404 - "-" "Mozilla/4.0 (compatible; MSIE 6.0; Windows NT 5.1; SV1)" 0 www.geil-symposium.com
74.6.17.190 - - [29/Aug/2008:16:41:15 -0400] "GET /robots.txt HTTP/1.0" 404 - "-" "Mozilla/5.0 (compatible; Yahoo! Slurp; http://help.yahoo.com/help/us/ysearch/slurp)" 0 www.geil-symposium.com
74.6.17.190 - - [29/Aug/2008:16:41:15 -0400] "GET / HTTP/1.0" 200 314 "-" "Mozilla/5.0 (compatible; Yahoo! Slurp; http://help.yahoo.com/help/us/ysearch/slurp)" 0 www.geil-symposium.com
74.6.18.220 - - [29/Aug/2008:17:27:35 -0400] "GET /robots.txt HTTP/1.0" 404 - "-" "Mozilla/5.0 (compatible; Yahoo! Slurp; http://help.yahoo.com/help/us/ysearch/slurp)" 0 www.geil-symposium.com
74.6.18.220 - - [29/Aug/2008:17:28:11 -0400] "GET /logs HTTP/1.0" 301 331 "-" "Mozilla/5.0 (compatible; Yahoo! Slurp; http://help.yahoo.com/help/us/ysearch/slurp)" 0 www.geil-symposium.com
74.6.18.220 - - [29/Aug/2008:17:34:02 -0400] "GET /logs/ HTTP/1.0" 200 373 "-" "Mozilla/5.0 (compatible; Yahoo! Slurp; http://help.yahoo.com/help/us/ysearch/slurp)" 0 www.geil-symposium.com
66.249.71.116 - - [29/Aug/2008:19:00:52 -0400] "GET /robots.txt HTTP/1.1" 404 - "-" "Googlebot-Image/1.0" 0 www.geil-symposium.com
66.249.71.115 - - [29/Aug/2008:19:00:52 -0400] "GET /images/TaylorFrancisLogo.jpg HTTP/1.1" 404 - "-" "Googlebot-Image/1.0" 0 www.geil-symposium.com
74.6.22.106 - - [29/Aug/2008:21:03:49 -0400] "GET /robots.txt HTTP/1.0" 404 - "-" "Mozilla/5.0 (compatible; Yahoo! Slurp; http://help.yahoo.com/help/us/ysearch/slurp)" 0 www.geil-symposium.com
74.6.22.106 - - [29/Aug/2008:21:03:49 -0400] "GET /Program.html HTTP/1.0" 404 - "-" "Mozilla/5.0 (compatible; Yahoo! Slurp; http://help.yahoo.com/help/us/ysearch/slurp)" 0 www.geil-symposium.com
74.6.22.106 - - [29/Aug/2008:21:31:41 -0400] "GET /Venue.html HTTP/1.0" 404 - "-" "Mozilla/5.0 (compatible; Yahoo! Slurp; http://help.yahoo.com/help/us/ysearch/slurp)" 0 www.geil-symposium.com
77.91.224.13 - - [30/Aug/2008:00:40:18 -0400] "GET /robots.txt HTTP/1.1" 404 - "-" "WebAlta Crawler/2.0 (http://www.webalta.net/ru/about_webmaster.html) (Windows; U; Windows NT 5.1; ru-RU)" 0 www.geil-symposium.com
208.80.193.41 - - [30/Aug/2008:03:46:00 -0400] "GET / HTTP/1.0" 200 314 "-" "Mozilla/4.0 (compatible; MSIE 6.0; Windows NT 5.1; YPC 3.2.0; SV1; FunWebProducts; .NET CLR 1.0.3705)" 0 www.geil-symposium.com
220.124.55.155 - - [30/Aug/2008:04:15:36 -0400] "GET / HTTP/1.1" 200 326 "http://search.naver.com/search.naver?where=nexearch&sm=tab_jum&query=polymer%20morphology" "Mozilla/4.0 (compatible; MSIE 6.0; Windows NT 5.1; SV1; Mozilla/4.0 (compatible; MSIE 6.0; Windows NT 5.1; SV1) ; .NET CLR 1.0.3705; .NET CLR 1.1.4322; Media Center PC 4.0)" 0 www.geil-symposium.com
208.111.154.15 - - [30/Aug/2008:06:05:33 -0400] "GET /robots.txt HTTP/1.0" 404 - "-" "Mozilla/5.0 (compatible; Charlotte/1.1; http://www.searchme.com/support/)" 0 www.geil-symposium.com
208.111.154.15 - - [30/Aug/2008:06:05:33 -0400] "GET /Venue.html HTTP/1.1" 404 - "-" "Mozilla/5.0 (compatible; Charlotte/1.1; http://www.searchme.com/support/)" 0 www.geil-symposium.com
220.181.61.230 - - [30/Aug/2008:08:14:11 -0400] "GET /robots.txt HTTP/1.1" 404 - "-" "-" 0 www.geil-symposium.com
200.160.115.100 - - [30/Aug/2008:11:14:36 -0400] "POST /_vti_bin/_vti_aut/author.dll HTTP/1.1" 404 - "-" "core-project/1.0" 0 www.geil-symposium.com
220.181.61.230 - - [30/Aug/2008:12:32:05 -0400] "GET / HTTP/1.1" 200 326 "-" "Sogou web spider/4.0(+http://www.sogou.com/docs/help/webmasters.htm#07)" 0 www.geil-symposium.com
74.6.22.106 - - [30/Aug/2008:16:43:29 -0400] "GET /robots.txt HTTP/1.0" 404 - "-" "Mozilla/5.0 (compatible; Yahoo! Slurp; http://help.yahoo.com/help/us/ysearch/slurp)" 0 www.geil-symposium.com
74.6.22.106 - - [30/Aug/2008:16:43:29 -0400] "GET / HTTP/1.0" 200 314 "-" "Mozilla/5.0 (compatible; Yahoo! Slurp; http://help.yahoo.com/help/us/ysearch/slurp)" 0 www.geil-symposium.com
74.6.22.106 - - [30/Aug/2008:17:19:31 -0400] "GET /transportation.html HTTP/1.0" 404 - "-" "Mozilla/5.0 (compatible; Yahoo! Slurp; http://help.yahoo.com/help/us/ysearch/slurp)" 0 www.geil-symposium.com
208.80.193.38 - - [30/Aug/2008:17:37:55 -0400] "GET / HTTP/1.0" 200 314 "-" "Mozilla/4.0 (compatible; MSIE 6.0; Windows NT 5.1; SV1; FunWebProducts; .NET CLR 1.0.3705; Media Center PC 3.1; .NET CLR 1.1.4322; SpamBlockerUtility 4.8.0; .NET CLR 2.0.50727)" 0 www.geil-symposium.com
74.6.22.106 - - [30/Aug/2008:17:47:31 -0400] "GET /logs HTTP/1.0" 301 331 "-" "Mozilla/5.0 (compatible; Yahoo! Slurp; http://help.yahoo.com/help/us/ysearch/slurp)" 0 www.geil-symposium.com
74.6.22.106 - - [30/Aug/2008:17:47:31 -0400] "GET /logs/ HTTP/1.0" 200 373 "-" "Mozilla/5.0 (compatible; Yahoo! Slurp; http://help.yahoo.com/help/us/ysearch/slurp)" 0 www.geil-symposium.com
74.6.22.106 - - [30/Aug/2008:17:48:30 -0400] "GET /logs/error.log HTTP/1.0" 200 11113 "-" "Mozilla/5.0 (compatible; Yahoo! Slurp; http://help.yahoo.com/help/us/ysearch/slurp)" 0 www.geil-symposium.com
74.6.22.106 - - [30/Aug/2008:17:49:55 -0400] "GET /logs/access.log HTTP/1.0" 200 16082 "-" "Mozilla/5.0 (compatible; Yahoo! Slurp; http://help.yahoo.com/help/us/ysearch/slurp)" 0 www.geil-symposium.com
74.6.22.106 - - [30/Aug/2008:18:42:10 -0400] "GET /accommodations.html HTTP/1.0" 404 - "-" "Mozilla/5.0 (compatible; Yahoo! Slurp; http://help.yahoo.com/help/us/ysearch/slurp)" 0 www.geil-symposium.com
216.252.99.10 - - [31/Aug/2008:03:44:56 -0400] "GET / HTTP/1.1" 200 326 "-" "Mozilla/4.0 (compatible; MSIE 6.0; Windows NT 5.1)" 0 www.geil-symposium.com
74.6.22.106 - - [31/Aug/2008:09:25:05 -0400] "GET /robots.txt HTTP/1.0" 404 - "-" "Mozilla/5.0 (compatible; Yahoo! Slurp; http://help.yahoo.com/help/us/ysearch/slurp)" 0 www.geil-symposium.com
74.6.22.106 - - [31/Aug/2008:09:25:05 -0400] "GET /Sponsors.html HTTP/1.0" 404 - "-" "Mozilla/5.0 (compatible; Yahoo! Slurp; http://help.yahoo.com/help/us/ysearch/slurp)" 0 www.geil-symposium.com
65.55.212.94 - - [31/Aug/2008:11:43:15 -0400] "GET /robots.txt HTTP/1.0" 404 - "-" "msnbot-media/1.0 (+http://search.msn.com/msnbot.htm)" 0 www.geil-symposium.com
65.55.212.94 - - [31/Aug/2008:11:43:15 -0400] "GET /Scholarship.html HTTP/1.0" 404 - "-" "msnbot-media/1.0 (+http://search.msn.com/msnbot.htm)" 0 www.geil-symposium.com
220.181.61.230 - - [31/Aug/2008:13:56:42 -0400] "GET /robots.txt HTTP/1.1" 404 - "-" "-" 0 www.geil-symposium.com
220.181.61.230 - - [31/Aug/2008:17:20:54 -0400] "GET / HTTP/1.1" 200 326 "-" "Sogou web spider/4.0(+http://www.sogou.com/docs/help/webmasters.htm#07)" 0 www.geil-symposium.com
74.6.22.106 - - [31/Aug/2008:17:49:49 -0400] "GET /robots.txt HTTP/1.0" 404 - "-" "Mozilla/5.0 (compatible; Yahoo! Slurp; http://help.yahoo.com/help/us/ysearch/slurp)" 0 www.geil-symposium.com
74.6.22.106 - - [31/Aug/2008:17:49:49 -0400] "GET /logs HTTP/1.0" 301 331 "-" "Mozilla/5.0 (compatible; Yahoo! Slurp; http://help.yahoo.com/help/us/ysearch/slurp)" 0 www.geil-symposium.com
74.6.22.106 - - [31/Aug/2008:17:49:49 -0400] "GET /logs/ HTTP/1.0" 200 373 "-" "Mozilla/5.0 (compatible; Yahoo! Slurp; http://help.yahoo.com/help/us/ysearch/slurp)" 0 www.geil-symposium.com
66.34.204.26 - - [31/Aug/2008:18:15:43 -0400] "GET / HTTP/1.1" 200 322 "http://www.keywordspy.com/keyword-research/geil-symposium.com" "Mozilla/4.0 (compatible; MSIE 7.0; Windows NT 5.1; Alexa Toolbar)" 0 www.geil-symposium.com
66.34.204.26 - - [31/Aug/2008:18:15:43 -0400] "GET / HTTP/1.1" 200 322 "http://www.keywordspy.com/keyword-research/geil-symposium.com" "Mozilla/4.0 (compatible; MSIE 7.0; Windows NT 5.1; Alexa Toolbar)" 0 www.geil-symposium.com
66.34.204.26 - - [31/Aug/2008:18:15:44 -0400] "GET / HTTP/1.1" 200 322 "http://www.keywordspy.com/keyword-research/geil-symposium.com" "Mozilla/4.0 (compatible; MSIE 7.0; Windows NT 5.1; Alexa Toolbar)" 0 www.geil-symposium.com
64.246.161.42 - - [31/Aug/2008:22:43:39 -0400] "GET /robots.txt HTTP/1.0" 404 - "http://www.whois.sc/" "SurveyBot/2.3 (Whois Source)" 0 www.geil-symposium.com
64.246.161.42 - - [31/Aug/2008:22:43:40 -0400] "GET / HTTP/1.1" 200 326 "http://www.whois.sc/geil-symposium.com" "SurveyBot/2.3 (Whois Source)" 0 www.geil-symposium.com
208.80.193.46 - - [31/Aug/2008:22:47:06 -0400] "GET / HTTP/1.0" 200 314 "-" "Mozilla/4.0 (compatible; MSIE 6.0; Windows NT 5.1; SV1; NovaPacs Viewer 6.5.223.3; .NET CLR 1.1.4322; .NET CLR 2.0.50727)" 0 www.geil-symposium.com
63.252.73.66 - - [01/Sep/2008:00:26:33 -0400] "GET / HTTP/1.1" 200 326 "http://www.google.com/search?q=Phillip+Geil&btnG=Search&hl=en&sa=2" "Mozilla/5.0 (Windows; U; Windows NT 5.1; en-US; rv:1.9.0.1) Gecko/2008070208 Firefox/3.0.1" 0 www.geil-symposium.com
63.252.73.66 - - [01/Sep/2008:00:26:33 -0400] "GET /favicon.ico HTTP/1.1" 404 - "-" "Mozilla/5.0 (Windows; U; Windows NT 5.1; en-US; rv:1.9.0.1) Gecko/2008070208 Firefox/3.0.1" 0 www.geil-symposium.com
63.252.73.66 - - [01/Sep/2008:00:26:36 -0400] "GET /favicon.ico HTTP/1.1" 404 - "-" "Mozilla/5.0 (Windows; U; Windows NT 5.1; en-US; rv:1.9.0.1) Gecko/2008070208 Firefox/3.0.1" 0 www.geil-symposium.com
63.252.73.66 - - [01/Sep/2008:00:31:04 -0400] "GET /publications.html HTTP/1.1" 404 - "http://www.google.com/search?hl=en&q=Phillip+Geil&start=20&sa=N" "Mozilla/5.0 (Windows; U; Windows NT 5.1; en-US; rv:1.9.0.1) Gecko/2008070208 Firefox/3.0.1" 0 www.geil-symposium.com
74.6.22.106 - - [01/Sep/2008:00:32:41 -0400] "GET /robots.txt HTTP/1.0" 404 - "-" "Mozilla/5.0 (compatible; Yahoo! Slurp; http://help.yahoo.com/help/us/ysearch/slurp)" 0 www.geil-symposium.com
74.6.22.106 - - [01/Sep/2008:00:32:41 -0400] "GET /Scholarship.html HTTP/1.0" 404 - "-" "Mozilla/5.0 (compatible; Yahoo! Slurp; http://help.yahoo.com/help/us/ysearch/slurp)" 0 www.geil-symposium.com
202.160.180.95 - - [01/Sep/2008:01:14:46 -0400] "GET /robots.txt HTTP/1.0" 404 - "-" "Mozilla/5.0 (compatible; Yahoo! Slurp China; http://misc.yahoo.com.cn/help.html)" 0 www.geil-symposium.com
202.160.178.101 - - [01/Sep/2008:01:14:46 -0400] "GET / HTTP/1.0" 200 314 "-" "Mozilla/5.0 (compatible; Yahoo! Slurp China; http://misc.yahoo.com.cn/help.html)" 0 www.geil-symposium.com
24.211.105.4 - - [01/Sep/2008:01:51:07 -0400] "GET /Program.html HTTP/1.1" 404 - "http://search.yahoo.com/search?p=www.+geil+mit+50.com&ei=utf-8&fr=slv8-frz6&xargs=0&pstart=1&b=11&xa=6fYwHTMHmkv0mYvTiRdMvg--,1220334636" "Mozilla/4.0 (compatible; MSIE 6.0; Windows NT 5.1; SV1; Seekmo 10.0.424.0)" 0 www.geil-symposium.com
24.211.105.4 - - [01/Sep/2008:01:51:12 -0400] "GET /Program.html HTTP/1.1" 404 - "http://search.yahoo.com/search?p=www.+geil+mit+50.com&ei=utf-8&fr=slv8-frz6&xargs=0&pstart=1&b=11&xa=6fYwHTMHmkv0mYvTiRdMvg--,1220334636" "Mozilla/4.0 (compatible; MSIE 6.0; Windows NT 5.1; SV1; Seekmo 10.0.424.0)" 0 www.geil-symposium.com
65.55.212.94 - - [01/Sep/2008:04:26:14 -0400] "GET /robots.txt HTTP/1.0" 404 - "-" "msnbot-media/1.0 (+http://search.msn.com/msnbot.htm)" 0 www.geil-symposium.com
65.55.212.94 - - [01/Sep/2008:04:26:14 -0400] "GET /Scholarship.html HTTP/1.0" 404 - "-" "msnbot-media/1.0 (+http://search.msn.com/msnbot.htm)" 0 www.geil-symposium.com
208.111.154.15 - - [01/Sep/2008:06:14:33 -0400] "GET /robots.txt HTTP/1.0" 404 - "-" "Mozilla/5.0 (compatible; Charlotte/1.1; http://www.searchme.com/support/)" 0 www.geil-symposium.com
208.111.154.15 - - [01/Sep/2008:06:14:33 -0400] "GET /accommodations.html HTTP/1.1" 404 - "-" "Mozilla/5.0 (compatible; Charlotte/1.1; http://www.searchme.com/support/)" 0 www.geil-symposium.com
81.247.198.58 - - [01/Sep/2008:09:04:02 -0400] "GET /Scholarship.html HTTP/1.1" 404 - "-" "Mozilla/4.0 (compatible; MSIE 7.0; Windows NT 5.1)" 0 www.geil-symposium.com
81.247.198.58 - - [01/Sep/2008:09:04:42 -0400] "GET /Program.html HTTP/1.1" 404 - "-" "Mozilla/4.0 (compatible; MSIE 7.0; Windows NT 5.1)" 0 www.geil-symposium.com
72.14.220.136 - - [01/Sep/2008:09:15:42 -0400] "GET /publications.html HTTP/1.0" 404 - "-" "Mozilla/4.0 (compatible; MSIE 6.0; Windows NT 5.0; Google Wireless Transcoder;)" 0 www.geil-symposium.com
208.111.154.15 - - [01/Sep/2008:09:59:34 -0400] "GET /robots.txt HTTP/1.0" 404 - "-" "Mozilla/5.0 (compatible; Charlotte/1.1; http://www.searchme.com/support/)" 0 www.geil-symposium.com
208.111.154.15 - - [01/Sep/2008:09:59:34 -0400] "GET /Program.html HTTP/1.1" 404 - "-" "Mozilla/5.0 (compatible; Charlotte/1.1; http://www.searchme.com/support/)" 0 www.geil-symposium.com
74.6.22.106 - - [01/Sep/2008:10:12:32 -0400] "GET /logs/access.log HTTP/1.0" 200 23424 "-" "Mozilla/5.0 (compatible; Yahoo! Slurp; http://help.yahoo.com/help/us/ysearch/slurp)" 0 www.geil-symposium.com
74.6.22.176 - - [01/Sep/2008:12:05:32 -0400] "GET /robots.txt HTTP/1.0" 404 - "-" "Mozilla/5.0 (compatible; Yahoo! Slurp; http://help.yahoo.com/help/us/ysearch/slurp)" 0 www.geil-symposium.com
74.6.22.176 - - [01/Sep/2008:12:05:33 -0400] "GET / HTTP/1.0" 200 310 "-" "Mozilla/5.0 (compatible; Yahoo! Slurp; http://help.yahoo.com/help/us/ysearch/slurp)" 0 www.geil-symposium.com
74.6.22.106 - - [01/Sep/2008:16:47:21 -0400] "GET /robots.txt HTTP/1.0" 404 - "-" "Mozilla/5.0 (compatible; Yahoo! Slurp; http://help.yahoo.com/help/us/ysearch/slurp)" 0 www.geil-symposium.com
74.6.22.106 - - [01/Sep/2008:16:47:21 -0400] "GET / HTTP/1.0" 200 314 "-" "Mozilla/5.0 (compatible; Yahoo! Slurp; http://help.yahoo.com/help/us/ysearch/slurp)" 0 www.geil-symposium.com
220.181.61.230 - - [01/Sep/2008:19:37:58 -0400] "GET /robots.txt HTTP/1.1" 404 - "-" "-" 0 www.geil-symposium.com
208.80.193.44 - - [01/Sep/2008:21:21:09 -0400] "GET / HTTP/1.0" 200 314 "-" "Mozilla/4.0 (compatible; MSIE 6.0; Windows NT 5.1; AtHome033; SV1)" 0 www.geil-symposium.com
220.181.61.230 - - [01/Sep/2008:22:58:33 -0400] "GET / HTTP/1.1" 200 326 "-" "Sogou web spider/4.0(+http://www.sogou.com/docs/help/webmasters.htm#07)" 0 www.geil-symposium.com
212.234.89.253 - - [02/Sep/2008:02:41:17 -0400] "GET / HTTP/1.1" 200 326 "-" "MSIE 5.0" 0 www.geil-symposium.com
74.6.22.106 - - [02/Sep/2008:07:10:38 -0400] "GET /robots.txt HTTP/1.0" 404 - "-" "Mozilla/5.0 (compatible; Yahoo! Slurp; http://help.yahoo.com/help/us/ysearch/slurp)" 0 www.geil-symposium.com
74.6.22.106 - - [02/Sep/2008:07:10:38 -0400] "GET /logs/error.log HTTP/1.0" 200 18073 "-" "Mozilla/5.0 (compatible; Yahoo! Slurp; http://help.yahoo.com/help/us/ysearch/slurp)" 0 www.geil-symposium.com
74.6.22.106 - - [02/Sep/2008:10:14:48 -0400] "GET /logs/access.log HTTP/1.0" 200 25349 "-" "Mozilla/5.0 (compatible; Yahoo! Slurp; http://help.yahoo.com/help/us/ysearch/slurp)" 0 www.geil-symposium.com
202.179.180.45 - - [02/Sep/2008:15:07:30 -0400] "GET /robots.txt HTTP/1.1" 404 - "-" "Mozilla/4.0 (compatible; NaverBot/1.0; http://help.naver.com/delete_main.asp)" 0 www.geil-symposium.com
202.179.180.45 - - [02/Sep/2008:15:07:34 -0400] "GET / HTTP/1.1" 200 326 "-" "Mozilla/4.0 (compatible; NaverBot/1.0; http://help.naver.com/delete_main.asp)" 0 www.geil-symposium.com
68.142.212.174 - - [02/Sep/2008:15:15:10 -0400] "GET /robots.txt HTTP/1.0" 404 - "-" "Mozilla/5.0 (Yahoo-MMCrawler/4.0; mailto:vertical-crawl-support@yahoo-inc.com)" 0 www.geil-symposium.com
68.142.212.174 - - [02/Sep/2008:15:15:10 -0400] "GET /images/VeecoLogo.jpg HTTP/1.0" 404 - "-" "Mozilla/5.0 (Yahoo-MMCrawler/4.0; mailto:vertical-crawl-support@yahoo-inc.com)" 0 www.geil-symposium.com
66.249.71.115 - - [02/Sep/2008:16:12:12 -0400] "GET /robots.txt HTTP/1.1" 404 - "-" "Googlebot-Image/1.0" 0 www.geil-symposium.com
66.249.71.115 - - [02/Sep/2008:16:12:12 -0400] "GET /images/Philip_H_Geil_logo.jpg HTTP/1.1" 404 - "-" "Googlebot-Image/1.0" 0 www.geil-symposium.com
68.142.212.174 - - [02/Sep/2008:16:28:16 -0400] "GET /robots.txt HTTP/1.0" 404 - "-" "Mozilla/5.0 (Yahoo-MMCrawler/4.0; mailto:vertical-crawl-support@yahoo-inc.com)" 0 www.geil-symposium.com
68.142.212.174 - - [02/Sep/2008:16:28:16 -0400] "GET /images/VeecoLogo.jpg HTTP/1.0" 404 - "-" "Mozilla/5.0 (Yahoo-MMCrawler/4.0; mailto:vertical-crawl-support@yahoo-inc.com)" 0 www.geil-symposium.com
80.87.82.164 - - [02/Sep/2008:16:55:13 -0400] "GET /images/Philip_H_Geil_logo.jpg HTTP/1.1" 404 - "http://64.233.183.104/search?q=cache:mOPH3SfoOu8J:www.geil-symposium.com/+cgarber%402spi.com,&hl=en&ct=clnk&cd=12&gl=gh" "Mozilla/4.0 (compatible; MSIE 6.0; Windows NT 5.1; SV1)" 0 www.geil-symposium.com
80.87.82.164 - - [02/Sep/2008:16:55:13 -0400] "GET /images/candle1.jpg HTTP/1.1" 404 - "http://64.233.183.104/search?q=cache:mOPH3SfoOu8J:www.geil-symposium.com/+cgarber%402spi.com,&hl=en&ct=clnk&cd=12&gl=gh" "Mozilla/4.0 (compatible; MSIE 6.0; Windows NT 5.1; SV1)" 0 www.geil-symposium.com
128.174.145.136 - - [02/Sep/2008:17:05:59 -0400] "GET / HTTP/1.1" 200 326 "http://www.google.com/search?hl=en&q=philip+geil&aq=f&oq=" "Mozilla/4.0 (compatible; MSIE 7.0; Windows NT 5.1; .NET CLR 1.1.4322; .NET CLR 2.0.50727; .NET CLR 3.0.04506.30; InfoPath.2; .NET CLR 3.0.04506.648)" 0 www.geil-symposium.com
128.174.145.136 - - [02/Sep/2008:17:06:00 -0400] "GET /favicon.ico HTTP/1.1" 404 - "-" "Mozilla/4.0 (compatible; MSIE 7.0; Windows NT 5.1; .NET CLR 1.1.4322; .NET CLR 2.0.50727; .NET CLR 3.0.04506.30; InfoPath.2; .NET CLR 3.0.04506.648)" 0 www.geil-symposium.com
128.174.145.136 - - [02/Sep/2008:17:06:03 -0400] "GET / HTTP/1.1" 200 326 "http://www.google.com/search?hl=en&q=philip+geil&aq=f&oq=" "Mozilla/4.0 (compatible; MSIE 7.0; Windows NT 5.1; .NET CLR 1.1.4322; .NET CLR 2.0.50727; .NET CLR 3.0.04506.30; InfoPath.2; .NET CLR 3.0.04506.648)" 0 www.geil-symposium.com
74.6.22.106 - - [02/Sep/2008:17:55:44 -0400] "GET /robots.txt HTTP/1.0" 404 - "-" "Mozilla/5.0 (compatible; Yahoo! Slurp; http://help.yahoo.com/help/us/ysearch/slurp)" 0 www.geil-symposium.com
74.6.22.106 - - [02/Sep/2008:17:55:45 -0400] "GET /logs HTTP/1.0" 301 331 "-" "Mozilla/5.0 (compatible; Yahoo! Slurp; http://help.yahoo.com/help/us/ysearch/slurp)" 0 www.geil-symposium.com
74.6.22.106 - - [02/Sep/2008:17:55:45 -0400] "GET /logs/ HTTP/1.0" 200 373 "-" "Mozilla/5.0 (compatible; Yahoo! Slurp; http://help.yahoo.com/help/us/ysearch/slurp)" 0 www.geil-symposium.com
202.179.180.54 - - [02/Sep/2008:20:12:23 -0400] "GET /robots.txt HTTP/1.1" 404 - "-" "Mozilla/4.0 (compatible; NaverBot/1.0; http://help.naver.com/delete_main.asp)" 0 www.geil-symposium.com
202.179.180.54 - - [02/Sep/2008:20:12:24 -0400] "GET /transportation.html HTTP/1.1" 404 - "-" "Mozilla/4.0 (compatible; NaverBot/1.0; http://help.naver.com/delete_main.asp)" 0 www.geil-symposium.com
202.108.7.214 - - [02/Sep/2008:20:28:27 -0400] "GET /robots.txt HTTP/1.1" 404 - "-" "Mozilla/5.0 (compatible; YodaoBot/1.0; http://www.yodao.com/help/webmaster/spider/; )" 0 www.geil-symposium.com
202.108.7.214 - - [02/Sep/2008:20:28:28 -0400] "GET / HTTP/1.1" 200 326 "-" "Mozilla/5.0 (compatible; YodaoBot/1.0; http://www.yodao.com/help/webmaster/spider/; )" 0 www.geil-symposium.com
220.181.61.230 - - [03/Sep/2008:00:18:47 -0400] "GET /robots.txt HTTP/1.1" 404 - "-" "-" 0 www.geil-symposium.com
220.181.61.230 - - [03/Sep/2008:00:18:57 -0400] "GET / HTTP/1.1" 200 326 "-" "Sogou web spider/4.0(+http://www.sogou.com/docs/help/webmasters.htm#07)" 0 www.geil-symposium.com
81.39.181.105 - - [03/Sep/2008:07:57:42 -0400] "GET / HTTP/1.1" 200 326 "-" "Java/1.6.0_04" 0 www.geil-symposium.com
81.39.181.105 - - [03/Sep/2008:07:57:42 -0400] "GET /logs HTTP/1.1" 301 343 "-" "Java/1.6.0_04" 0 www.geil-symposium.com
81.39.181.105 - - [03/Sep/2008:07:57:43 -0400] "GET /logs/ HTTP/1.1" 200 385 "-" "Java/1.6.0_04" 0 www.geil-symposium.com
81.39.181.105 - - [03/Sep/2008:07:57:44 -0400] "GET /logs/access.log HTTP/1.1" 200 30463 "-" "Java/1.6.0_04" 1 www.geil-symposium.com
81.39.181.105 - - [03/Sep/2008:07:57:46 -0400] "GET /logs/error.log HTTP/1.1" 200 21746 "-" "Java/1.6.0_04" 1 www.geil-symposium.com
74.6.22.106 - - [03/Sep/2008:08:37:14 -0400] "GET /robots.txt HTTP/1.0" 404 - "-" "Mozilla/5.0 (compatible; Yahoo! Slurp; http://help.yahoo.com/help/us/ysearch/slurp)" 0 www.geil-symposium.com
74.6.22.106 - - [03/Sep/2008:08:37:14 -0400] "GET /logs/error.log HTTP/1.0" 200 21981 "-" "Mozilla/5.0 (compatible; Yahoo! Slurp; http://help.yahoo.com/help/us/ysearch/slurp)" 0 www.geil-symposium.com
81.82.50.117 - - [03/Sep/2008:10:41:45 -0400] "GET /Registration.html HTTP/1.1" 404 - "-" "Mozilla/4.0 (compatible; MSIE 6.0; Windows NT 5.0)" 0 www.geil-symposium.com
65.214.45.223 - - [03/Sep/2008:11:23:33 -0400] "GET /robots.txt HTTP/1.0" 404 - "-" "Mozilla/5.0 (compatible; Ask Jeeves/Teoma; +http://about.ask.com/en/docs/about/webmasters.shtml)" 0 www.geil-symposium.com
65.214.45.223 - - [03/Sep/2008:11:23:33 -0400] "GET /transportation.html HTTP/1.0" 404 - "-" "Mozilla/5.0 (compatible; Ask Jeeves/Teoma; +http://about.ask.com/en/docs/about/webmasters.shtml)" 0 www.geil-symposium.com
38.99.13.124 - - [03/Sep/2008:11:57:43 -0400] "GET /robots.txt HTTP/1.0" 404 - "-" "Mozilla/5.0 (Twiceler-0.9 http://www.cuil.com/twiceler/robot.html)" 0 www.geil-symposium.com
208.80.194.48 - - [03/Sep/2008:17:26:54 -0400] "GET / HTTP/1.0" 200 314 "-" "Mozilla/4.0 (compatible; MSIE 7.0; Windows NT 5.1; QS 4.1.2.2; FunWebProducts; .NET CLR 1.1.4322)" 0 www.geil-symposium.com
202.142.26.248 - - [04/Sep/2008:00:04:19 -0400] "GET /Sponsors.html HTTP/1.1" 404 - "-" "Mozilla/4.0 (compatible; MSIE 6.0; Windows NT 5.1; SV1)" 0 www.geil-symposium.com
74.6.17.188 - - [04/Sep/2008:00:23:58 -0400] "GET /robots.txt HTTP/1.0" 404 - "-" "Mozilla/5.0 (compatible; Yahoo! Slurp; http://help.yahoo.com/help/us/ysearch/slurp)" 0 www.geil-symposium.com
74.6.17.188 - - [04/Sep/2008:00:23:58 -0400] "GET /publications.html HTTP/1.0" 404 - "-" "Mozilla/5.0 (compatible; Yahoo! Slurp; http://help.yahoo.com/help/us/ysearch/slurp)" 0 www.geil-symposium.com
220.181.61.230 - - [04/Sep/2008:01:27:30 -0400] "GET /robots.txt HTTP/1.1" 404 - "-" "-" 0 www.geil-symposium.com
220.181.61.230 - - [04/Sep/2008:02:11:43 -0400] "GET / HTTP/1.1" 200 326 "-" "Sogou web spider/4.0(+http://www.sogou.com/docs/help/webmasters.htm#07)" 0 www.geil-symposium.com
74.6.17.188 - - [04/Sep/2008:08:42:23 -0400] "GET /logs/error.log HTTP/1.0" 200 23911 "-" "Mozilla/5.0 (compatible; Yahoo! Slurp; http://help.yahoo.com/help/us/ysearch/slurp)" 0 www.geil-symposium.com
74.6.17.166 - - [04/Sep/2008:09:48:57 -0400] "GET /robots.txt HTTP/1.0" 404 - "-" "Mozilla/5.0 (compatible; Yahoo! Slurp; http://help.yahoo.com/help/us/ysearch/slurp)" 0 www.geil-symposium.com
74.6.17.166 - - [04/Sep/2008:09:48:57 -0400] "GET /logs HTTP/1.0" 301 323 "-" "Mozilla/5.0 (compatible; Yahoo! Slurp; http://help.yahoo.com/help/us/ysearch/slurp)" 0 www.geil-symposium.com
74.6.17.166 - - [04/Sep/2008:09:48:57 -0400] "GET /logs/ HTTP/1.0" 200 369 "-" "Mozilla/5.0 (compatible; Yahoo! Slurp; http://help.yahoo.com/help/us/ysearch/slurp)" 0 www.geil-symposium.com
74.6.17.188 - - [04/Sep/2008:10:19:06 -0400] "GET /robots.txt HTTP/1.0" 404 - "-" "Mozilla/5.0 (compatible; Yahoo! Slurp; http://help.yahoo.com/help/us/ysearch/slurp)" 0 www.geil-symposium.com
74.6.17.188 - - [04/Sep/2008:10:19:06 -0400] "GET /logs/access.log HTTP/1.0" 200 33915 "-" "Mozilla/5.0 (compatible; Yahoo! Slurp; http://help.yahoo.com/help/us/ysearch/slurp)" 0 www.geil-symposium.com
86.150.113.54 - - [04/Sep/2008:10:58:53 -0400] "GET /Program.html HTTP/1.1" 404 - "-" "Mozilla/4.0 (compatible; MSIE 6.0; Windows NT 5.1;1813)" 0 www.geil-symposium.com
200.78.219.194 - - [04/Sep/2008:12:38:55 -0400] "GET /Program.html HTTP/1.0" 404 - "http://search.yahoo.com/search?p=symposium+on+polymer+microscopy&vc=&fr=yfp-t-501&toggle=1&cop=mss&ei=UTF-8&fp_ip=MX" "Mozilla/4.0 (compatible; MSIE 6.0; Windows NT 5.1; SV1; InfoPath.1)" 0 www.geil-symposium.com
66.249.72.109 - - [04/Sep/2008:14:17:59 -0400] "GET /robots.txt HTTP/1.1" 404 - "-" "Googlebot-Image/1.0" 0 www.geil-symposium.com
66.249.72.109 - - [04/Sep/2008:14:17:59 -0400] "GET /images/mselogo.jpg HTTP/1.1" 404 - "-" "Googlebot-Image/1.0" 0 www.geil-symposium.com
74.6.22.106 - - [04/Sep/2008:17:03:13 -0400] "GET /robots.txt HTTP/1.0" 404 - "-" "Mozilla/5.0 (compatible; Yahoo! Slurp; http://help.yahoo.com/help/us/ysearch/slurp)" 0 www.geil-symposium.com
74.6.22.106 - - [04/Sep/2008:17:03:13 -0400] "GET / HTTP/1.0" 200 314 "-" "Mozilla/5.0 (compatible; Yahoo! Slurp; http://help.yahoo.com/help/us/ysearch/slurp)" 0 www.geil-symposium.com
202.179.180.45 - - [04/Sep/2008:18:05:19 -0400] "GET /robots.txt HTTP/1.1" 404 - "-" "Mozilla/4.0 (compatible; NaverBot/1.0; http://help.naver.com/delete_main.asp)" 0 www.geil-symposium.com
202.179.180.45 - - [04/Sep/2008:18:05:22 -0400] "GET / HTTP/1.1" 200 326 "-" "Mozilla/4.0 (compatible; NaverBot/1.0; http://help.naver.com/delete_main.asp)" 0 www.geil-symposium.com
66.249.72.109 - - [04/Sep/2008:21:06:35 -0400] "GET /images/ZeissLogo.gif HTTP/1.1" 404 - "-" "Googlebot-Image/1.0" 0 www.geil-symposium.com
66.249.72.109 - - [04/Sep/2008:21:41:49 -0400] "GET /images/DaikinLogo.jpg HTTP/1.1" 404 - "-" "Googlebot-Image/1.0" 0 www.geil-symposium.com
208.80.194.38 - - [04/Sep/2008:22:03:16 -0400] "GET / HTTP/1.0" 200 314 "-" "Mozilla/4.0 (compatible; MSIE 6.0; Windows NT 5.1; SV1; SIMBAR Enabled; SIMBAR=0; SIMBAR={18A97221-CCED-41b7-934D-4DE26E278D5A}; snprtz|S28633000030001|2600#Service Pack 2#2#5#1; InfoPath.1; .NET CLR 1.1.4322; .NET CLR 2.0.50727)" 0 www.geil-symposium.com
202.160.178.98 - - [05/Sep/2008:01:44:27 -0400] "GET /robots.txt HTTP/1.0" 404 - "-" "Mozilla/5.0 (compatible; Yahoo! Slurp China; http://misc.yahoo.com.cn/help.html)" 0 www.geil-symposium.com
202.160.178.101 - - [05/Sep/2008:01:44:45 -0400] "GET / HTTP/1.0" 200 314 "-" "Mozilla/5.0 (compatible; Yahoo! Slurp China; http://misc.yahoo.com.cn/help.html)" 0 www.geil-symposium.com
220.181.61.230 - - [05/Sep/2008:03:59:51 -0400] "GET /robots.txt HTTP/1.1" 404 - "-" "-" 0 www.geil-symposium.com
220.181.61.230 - - [05/Sep/2008:04:00:02 -0400] "GET / HTTP/1.1" 200 326 "-" "Sogou web spider/4.0(+http://www.sogou.com/docs/help/webmasters.htm#07)" 0 www.geil-symposium.com
74.6.22.106 - - [05/Sep/2008:04:08:48 -0400] "GET /robots.txt HTTP/1.0" 404 - "-" "Mozilla/5.0 (compatible; Yahoo! Slurp; http://help.yahoo.com/help/us/ysearch/slurp)" 0 www.geil-symposium.com
74.6.22.106 - - [05/Sep/2008:04:08:48 -0400] "GET /Registration.html HTTP/1.0" 404 - "-" "Mozilla/5.0 (compatible; Yahoo! Slurp; http://help.yahoo.com/help/us/ysearch/slurp)" 0 www.geil-symposium.com
74.6.22.106 - - [05/Sep/2008:05:23:15 -0400] "GET /Registration.html HTTP/1.0" 404 - "-" "Mozilla/5.0 (compatible; Yahoo! Slurp; http://help.yahoo.com/help/us/ysearch/slurp)" 0 www.geil-symposium.com
74.6.22.106 - - [05/Sep/2008:08:52:22 -0400] "GET /logs/error.log HTTP/1.0" 200 27527 "-" "Mozilla/5.0 (compatible; Yahoo! Slurp; http://help.yahoo.com/help/us/ysearch/slurp)" 0 www.geil-symposium.com
80.57.193.170 - - [05/Sep/2008:09:07:36 -0400] "GET / HTTP/1.1" 200 326 "-" "Java/1.6.0_04" 0 www.geil-symposium.com
80.57.193.170 - - [05/Sep/2008:09:07:37 -0400] "GET /logs HTTP/1.1" 301 343 "-" "Java/1.6.0_04" 0 www.geil-symposium.com
80.57.193.170 - - [05/Sep/2008:09:07:37 -0400] "GET /logs/ HTTP/1.1" 200 385 "-" "Java/1.6.0_04" 0 www.geil-symposium.com
80.57.193.170 - - [05/Sep/2008:09:07:38 -0400] "GET /logs/access.log HTTP/1.1" 200 38042 "-" "Java/1.6.0_04" 1 www.geil-symposium.com
80.57.193.170 - - [05/Sep/2008:09:07:39 -0400] "GET /logs/error.log HTTP/1.1" 200 27527 "-" "Java/1.6.0_04" 1 www.geil-symposium.com
74.6.22.106 - - [05/Sep/2008:10:24:19 -0400] "GET /logs/access.log HTTP/1.0" 200 38309 "-" "Mozilla/5.0 (compatible; Yahoo! Slurp; http://help.yahoo.com/help/us/ysearch/slurp)" 0 www.geil-symposium.com
65.214.45.223 - - [05/Sep/2008:11:59:46 -0400] "GET /robots.txt HTTP/1.0" 404 - "-" "Mozilla/5.0 (compatible; Ask Jeeves/Teoma; +http://about.ask.com/en/docs/about/webmasters.shtml)" 0 www.geil-symposium.com
65.214.45.223 - - [05/Sep/2008:11:59:46 -0400] "GET /Scholarship.html HTTP/1.0" 404 - "-" "Mozilla/5.0 (compatible; Ask Jeeves/Teoma; +http://about.ask.com/en/docs/about/webmasters.shtml)" 0 www.geil-symposium.com
66.249.72.109 - - [05/Sep/2008:12:39:03 -0400] "GET /robots.txt HTTP/1.1" 404 - "-" "Googlebot-Image/1.0" 0 www.geil-symposium.com
66.249.72.109 - - [05/Sep/2008:12:39:03 -0400] "GET /images/AdvancedSurfaceMicroscopyLogo.jpg HTTP/1.1" 404 - "-" "Googlebot-Image/1.0" 0 www.geil-symposium.com
74.6.22.106 - - [05/Sep/2008:18:03:48 -0400] "GET /robots.txt HTTP/1.0" 404 - "-" "Mozilla/5.0 (compatible; Yahoo! Slurp; http://help.yahoo.com/help/us/ysearch/slurp)" 0 www.geil-symposium.com
74.6.22.106 - - [05/Sep/2008:18:03:48 -0400] "GET /logs HTTP/1.0" 301 331 "-" "Mozilla/5.0 (compatible; Yahoo! Slurp; http://help.yahoo.com/help/us/ysearch/slurp)" 0 www.geil-symposium.com
74.6.22.106 - - [05/Sep/2008:18:03:49 -0400] "GET /logs/ HTTP/1.0" 200 373 "-" "Mozilla/5.0 (compatible; Yahoo! Slurp; http://help.yahoo.com/help/us/ysearch/slurp)" 0 www.geil-symposium.com
208.80.194.28 - - [05/Sep/2008:23:08:17 -0400] "GET / HTTP/1.0" 200 314 "-" "Mozilla/4.0 (compatible; MSIE 6.0; Windows NT 5.1; SV1; FreeprodTB; .NET CLR 1.1.4322; .NET CLR 2.0.50215)" 0 www.geil-symposium.com
66.249.72.109 - - [06/Sep/2008:04:12:11 -0400] "GET /robots.txt HTTP/1.1" 404 - "-" "Googlebot-Image/1.0" 0 www.geil-symposium.com
66.249.72.109 - - [06/Sep/2008:04:12:11 -0400] "GET /images/DaikinLogo.jpg HTTP/1.1" 404 - "-" "Googlebot-Image/1.0" 0 www.geil-symposium.com
220.181.61.230 - - [06/Sep/2008:04:38:24 -0400] "GET /robots.txt HTTP/1.1" 404 - "-" "-" 0 www.geil-symposium.com
220.181.61.230 - - [06/Sep/2008:04:41:53 -0400] "GET / HTTP/1.1" 200 326 "-" "Sogou web spider/4.0(+http://www.sogou.com/docs/help/webmasters.htm#07)" 0 www.geil-symposium.com
66.249.72.109 - - [06/Sep/2008:06:32:08 -0400] "GET /images/CreativeTechnologiesWorldwideLogo.jpg HTTP/1.1" 404 - "-" "Googlebot-Image/1.0" 0 www.geil-symposium.com
65.214.45.223 - - [06/Sep/2008:07:09:11 -0400] "GET /robots.txt HTTP/1.0" 404 - "-" "Mozilla/5.0 (compatible; Ask Jeeves/Teoma; +http://about.ask.com/en/docs/about/webmasters.shtml)" 0 www.geil-symposium.com
65.214.45.223 - - [06/Sep/2008:07:09:11 -0400] "GET /Sponsors.html HTTP/1.0" 404 - "-" "Mozilla/5.0 (compatible; Ask Jeeves/Teoma; +http://about.ask.com/en/docs/about/webmasters.shtml)" 0 www.geil-symposium.com
74.6.22.106 - - [06/Sep/2008:09:35:04 -0400] "GET /robots.txt HTTP/1.0" 404 - "-" "Mozilla/5.0 (compatible; Yahoo! Slurp; http://help.yahoo.com/help/us/ysearch/slurp)" 0 www.geil-symposium.com
74.6.22.106 - - [06/Sep/2008:09:35:04 -0400] "GET /logs/error.log HTTP/1.0" 200 30473 "-" "Mozilla/5.0 (compatible; Yahoo! Slurp; http://help.yahoo.com/help/us/ysearch/slurp)" 0 www.geil-symposium.com
74.6.22.106 - - [06/Sep/2008:10:41:59 -0400] "GET /logs/access.log HTTP/1.0" 200 41548 "-" "Mozilla/5.0 (compatible; Yahoo! Slurp; http://help.yahoo.com/help/us/ysearch/slurp)" 0 www.geil-symposium.com
66.249.72.109 - - [06/Sep/2008:13:48:51 -0400] "GET /images/ZeissLogo.gif HTTP/1.1" 404 - "-" "Googlebot-Image/1.0" 0 www.geil-symposium.com
68.142.212.174 - - [06/Sep/2008:14:06:29 -0400] "GET /robots.txt HTTP/1.0" 404 - "-" "Mozilla/5.0 (Yahoo-MMCrawler/4.0; mailto:vertical-crawl-support@yahoo-inc.com)" 0 www.geil-symposium.com
68.142.212.174 - - [06/Sep/2008:14:06:29 -0400] "GET /images/mselogo.jpg HTTP/1.0" 404 - "-" "Mozilla/5.0 (Yahoo-MMCrawler/4.0; mailto:vertical-crawl-support@yahoo-inc.com)" 0 www.geil-symposium.com
64.128.171.4 - - [06/Sep/2008:18:10:46 -0400] "GET /robots.txt HTTP/1.1" 404 - "-" "Ocelli/1.4 (http://www.globalspec.com/Ocelli)" 0 www.geil-symposium.com
64.128.171.4 - - [06/Sep/2008:18:10:46 -0400] "GET / HTTP/1.1" 200 326 "-" "Ocelli/1.4 (http://www.globalspec.com/Ocelli)" 0 www.geil-symposium.com
74.6.22.106 - - [06/Sep/2008:18:55:41 -0400] "GET /robots.txt HTTP/1.0" 404 - "-" "Mozilla/5.0 (compatible; Yahoo! Slurp; http://help.yahoo.com/help/us/ysearch/slurp)" 0 www.geil-symposium.com
74.6.22.106 - - [06/Sep/2008:18:55:41 -0400] "GET /Program.html HTTP/1.0" 404 - "-" "Mozilla/5.0 (compatible; Yahoo! Slurp; http://help.yahoo.com/help/us/ysearch/slurp)" 0 www.geil-symposium.com
74.6.22.106 - - [06/Sep/2008:20:28:32 -0400] "GET /accommodations.html HTTP/1.0" 404 - "-" "Mozilla/5.0 (compatible; Yahoo! Slurp; http://help.yahoo.com/help/us/ysearch/slurp)" 0 www.geil-symposium.com
72.232.237.202 - - [06/Sep/2008:22:43:27 -0400] "GET /robots.txt HTTP/1.0" 404 - "-" "Python-urllib/1.17" 0 www.geil-symposium.com
72.232.237.202 - - [06/Sep/2008:22:43:27 -0400] "GET / HTTP/1.1" 200 322 "http://therarestwords.com/geil-symposium.com" "TheRarestParser/0.4b (http://rarestblog.com/therarestparser/)" 0 www.geil-symposium.com
72.232.237.202 - - [06/Sep/2008:22:43:32 -0400] "GET /logs HTTP/1.1" 301 335 "" "TheRarestParser/0.4b (http://rarestblog.com/therarestparser/)" 0 www.geil-symposium.com
72.232.237.202 - - [06/Sep/2008:22:43:33 -0400] "GET /logs/ HTTP/1.1" 200 381 "" "TheRarestParser/0.4b (http://rarestblog.com/therarestparser/)" 0 www.geil-symposium.com
72.232.237.202 - - [06/Sep/2008:22:43:38 -0400] "GET /error.log HTTP/1.1" 404 - "" "TheRarestParser/0.4b (http://rarestblog.com/therarestparser/)" 0 www.geil-symposium.com
74.6.22.106 - - [06/Sep/2008:23:38:18 -0400] "GET /transportation.html HTTP/1.0" 404 - "-" "Mozilla/5.0 (compatible; Yahoo! Slurp; http://help.yahoo.com/help/us/ysearch/slurp)" 0 www.geil-symposium.com
208.80.194.42 - - [07/Sep/2008:01:33:33 -0400] "GET / HTTP/1.0" 200 314 "-" "Mozilla/4.0 (compatible; MSIE 6.0; Windows NT 5.1; SV1; .NET CLR 1.1.4322; InfoPath.1; .NET CLR 2.0.50727; yplus 5.1.04b)" 0 www.geil-symposium.com
66.34.204.26 - - [07/Sep/2008:04:55:08 -0400] "GET / HTTP/1.1" 200 322 "http://www.keywordspy.com/keyword-research/geil-symposium.com" "Mozilla/4.0 (compatible; MSIE 7.0; Windows NT 5.1; Alexa Toolbar)" 0 www.geil-symposium.com
66.34.204.26 - - [07/Sep/2008:04:55:08 -0400] "GET / HTTP/1.1" 200 322 "http://www.keywordspy.com/keyword-research/geil-symposium.com" "Mozilla/4.0 (compatible; MSIE 7.0; Windows NT 5.1; Alexa Toolbar)" 0 www.geil-symposium.com
66.34.204.26 - - [07/Sep/2008:04:55:08 -0400] "GET / HTTP/1.1" 200 322 "http://www.keywordspy.com/keyword-research/geil-symposium.com" "Mozilla/4.0 (compatible; MSIE 7.0; Windows NT 5.1; Alexa Toolbar)" 0 www.geil-symposium.com
220.181.61.230 - - [07/Sep/2008:05:19:28 -0400] "GET /robots.txt HTTP/1.1" 404 - "-" "-" 0 www.geil-symposium.com
220.181.61.230 - - [07/Sep/2008:05:22:12 -0400] "GET / HTTP/1.1" 200 326 "-" "Sogou web spider/4.0(+http://www.sogou.com/docs/help/webmasters.htm#07)" 0 www.geil-symposium.com
74.6.22.106 - - [07/Sep/2008:10:44:57 -0400] "GET /robots.txt HTTP/1.0" 404 - "-" "Mozilla/5.0 (compatible; Yahoo! Slurp; http://help.yahoo.com/help/us/ysearch/slurp)" 0 www.geil-symposium.com
74.6.22.106 - - [07/Sep/2008:10:44:57 -0400] "GET /logs/access.log HTTP/1.0" 200 45620 "-" "Mozilla/5.0 (compatible; Yahoo! Slurp; http://help.yahoo.com/help/us/ysearch/slurp)" 0 www.geil-symposium.com
74.6.22.106 - - [07/Sep/2008:11:33:14 -0400] "GET /Venue.html HTTP/1.0" 404 - "-" "Mozilla/5.0 (compatible; Yahoo! Slurp; http://help.yahoo.com/help/us/ysearch/slurp)" 0 www.geil-symposium.com
66.249.72.109 - - [07/Sep/2008:12:24:57 -0400] "GET /robots.txt HTTP/1.1" 404 - "-" "Googlebot-Image/1.0" 0 www.geil-symposium.com
66.249.72.109 - - [07/Sep/2008:12:24:57 -0400] "GET /images/AdvancedSurfaceMicroscopyLogo.jpg HTTP/1.1" 404 - "-" "Googlebot-Image/1.0" 0 www.geil-symposium.com
192.17.144.93 - - [07/Sep/2008:13:08:56 -0400] "GET / HTTP/1.1" 200 326 "http://www.google.com/search?q=philip+geil&ie=utf-8&oe=utf-8&aq=t&rls=org.mozilla:en-US:official&client=firefox-a" "Mozilla/5.0 (Windows; U; Windows NT 5.1; en-US; rv:1.9.0.1) Gecko/2008070208 Firefox/3.0.1" 0 www.geil-symposium.com
192.17.144.93 - - [07/Sep/2008:13:08:56 -0400] "GET /favicon.ico HTTP/1.1" 404 - "-" "Mozilla/5.0 (Windows; U; Windows NT 5.1; en-US; rv:1.9.0.1) Gecko/2008070208 Firefox/3.0.1" 0 www.geil-symposium.com
192.17.144.93 - - [07/Sep/2008:13:08:59 -0400] "GET /favicon.ico HTTP/1.1" 404 - "-" "Mozilla/5.0 (Windows; U; Windows NT 5.1; en-US; rv:1.9.0.1) Gecko/2008070208 Firefox/3.0.1" 0 www.geil-symposium.com
74.6.22.106 - - [07/Sep/2008:20:21:22 -0400] "GET /robots.txt HTTP/1.0" 404 - "-" "Mozilla/5.0 (compatible; Yahoo! Slurp; http://help.yahoo.com/help/us/ysearch/slurp)" 0 www.geil-symposium.com
74.6.22.106 - - [07/Sep/2008:20:21:22 -0400] "GET /Sponsors.html HTTP/1.0" 404 - "-" "Mozilla/5.0 (compatible; Yahoo! Slurp; http://help.yahoo.com/help/us/ysearch/slurp)" 0 www.geil-symposium.com
216.145.5.42 - - [07/Sep/2008:22:42:36 -0400] "GET /robots.txt HTTP/1.0" 404 - "http://www.whois.sc/" "SurveyBot/2.3 (Whois Source)" 0 www.geil-symposium.com
216.145.5.42 - - [07/Sep/2008:22:42:37 -0400] "GET / HTTP/1.1" 200 326 "http://www.whois.sc/geil-symposium.com" "SurveyBot/2.3 (Whois Source)" 0 www.geil-symposium.com
205.178.184.154 - - [08/Sep/2008:00:57:53 -0400] "HEAD / HTTP/1.1" 200 0 "-" "Mozilla/5.0 (Windows; U; Windows NT 5.1; en-US; rv:1.8.1.12) Gecko/20080201 Firefox/2.0.0.12" 0 www.geil-symposium.com
205.178.184.154 - - [08/Sep/2008:00:58:16 -0400] "GET / HTTP/1.1" 200 322 "-" "Mozilla/5.0 (Windows; U; Windows NT 5.1; en-US; rv:1.8.1.12) Gecko/20080201 Firefox/2.0.0.12" 0 www.geil-symposium.com
76.67.41.22 - - [08/Sep/2008:01:51:31 -0400] "GET /Program.html HTTP/1.1" 404 - "-" "Mozilla/4.0 (compatible; MSIE 6.0; Windows NT 5.1; SV1)" 0 www.geil-symposium.com
208.80.194.37 - - [08/Sep/2008:03:11:36 -0400] "GET / HTTP/1.0" 200 314 "-" "Mozilla/4.0 (compatible; MSIE 7.0; Windows NT 5.1; snprtz|T05041833490253; .NET CLR 1.1.4322)" 0 www.geil-symposium.com
66.249.72.109 - - [08/Sep/2008:04:35:02 -0400] "GET /robots.txt HTTP/1.1" 404 - "-" "Googlebot-Image/1.0" 0 www.geil-symposium.com
66.249.72.109 - - [08/Sep/2008:04:35:02 -0400] "GET /images/CreativeTechnologiesWorldwideLogo.jpg HTTP/1.1" 404 - "-" "Googlebot-Image/1.0" 0 www.geil-symposium.com
207.126.232.152 - - [08/Sep/2008:05:35:21 -0400] "GET / HTTP/1.1" 200 326 "-" "Mozilla/4.0 (compatible; MSIE 6.0; Windows NT 5.1)" 0 www.geil-symposium.com
220.181.61.230 - - [08/Sep/2008:05:56:40 -0400] "GET /robots.txt HTTP/1.1" 404 - "-" "-" 0 www.geil-symposium.com
220.181.61.230 - - [08/Sep/2008:05:59:35 -0400] "GET / HTTP/1.1" 200 326 "-" "Sogou web spider/4.0(+http://www.sogou.com/docs/help/webmasters.htm#07)" 0 www.geil-symposium.com
74.6.22.106 - - [08/Sep/2008:09:44:03 -0400] "GET /robots.txt HTTP/1.0" 404 - "-" "Mozilla/5.0 (compatible; Yahoo! Slurp; http://help.yahoo.com/help/us/ysearch/slurp)" 0 www.geil-symposium.com
74.6.22.106 - - [08/Sep/2008:09:44:03 -0400] "GET /logs/error.log HTTP/1.0" 200 36524 "-" "Mozilla/5.0 (compatible; Yahoo! Slurp; http://help.yahoo.com/help/us/ysearch/slurp)" 0 www.geil-symposium.com
74.6.22.106 - - [08/Sep/2008:10:42:11 -0400] "GET / HTTP/1.0" 200 314 "-" "Mozilla/5.0 (compatible; Yahoo! Slurp; http://help.yahoo.com/help/us/ysearch/slurp)" 0 www.geil-symposium.com
