89.122.224.52 - - [17/Oct/2008:06:17:09 -0400] "GET / HTTP/1.1" 200 326 "-" "Java/1.6.0_04" 0 www.geil-symposium.com
89.122.224.52 - - [17/Oct/2008:06:17:10 -0400] "GET /logs HTTP/1.1" 301 343 "-" "Java/1.6.0_04" 0 www.geil-symposium.com
89.122.224.52 - - [17/Oct/2008:06:17:14 -0400] "GET /logs/ HTTP/1.1" 200 385 "-" "Java/1.6.0_04" 0 www.geil-symposium.com
89.122.224.52 - - [17/Oct/2008:06:17:23 -0400] "GET /logs/access.log HTTP/1.1" 200 200024 "-" "Java/1.6.0_04" 9 www.geil-symposium.com
89.122.224.52 - - [17/Oct/2008:06:17:28 -0400] "GET /logs/error.log HTTP/1.1" 200 123043 "-" "Java/1.6.0_04" 4 www.geil-symposium.com
84.195.127.95 - - [17/Oct/2008:08:53:58 -0400] "GET /images/Philip_H_Geil_logo.jpg HTTP/1.1" 404 - "http://images.google.com/images?q=tbn:Bz0XRlSb446mbM:http://www.geil-symposium.com/images/Philip_H_Geil_logo.jpg" "Mozilla/4.0 (compatible; MSIE 6.0; Windows NT 5.1)" 0 www.geil-symposium.com
66.249.71.117 - - [17/Oct/2008:09:06:22 -0400] "GET /robots.txt HTTP/1.1" 404 - "-" "Googlebot-Image/1.0" 0 www.geil-symposium.com
66.249.71.117 - - [17/Oct/2008:09:06:22 -0400] "GET /images/AdvancedSurfaceMicroscopyLogo.jpg HTTP/1.1" 404 - "-" "Googlebot-Image/1.0" 0 www.geil-symposium.com
38.99.13.124 - - [17/Oct/2008:12:55:46 -0400] "GET /robots.txt HTTP/1.0" 404 - "-" "Mozilla/5.0 (Twiceler-0.9 http://www.cuil.com/twiceler/robot.html)" 0 www.geil-symposium.com
74.6.17.151 - - [17/Oct/2008:16:14:02 -0400] "GET /robots.txt HTTP/1.0" 404 - "-" "Mozilla/5.0 (compatible; Yahoo! Slurp; http://help.yahoo.com/help/us/ysearch/slurp)" 0 www.geil-symposium.com
74.6.17.151 - - [17/Oct/2008:16:14:02 -0400] "GET / HTTP/1.0" 200 314 "-" "Mozilla/5.0 (compatible; Yahoo! Slurp; http://help.yahoo.com/help/us/ysearch/slurp)" 0 www.geil-symposium.com
74.6.8.126 - - [17/Oct/2008:18:36:36 -0400] "GET /robots.txt HTTP/1.0" 404 - "-" "Mozilla/5.0 (compatible; Yahoo! Slurp; http://help.yahoo.com/help/us/ysearch/slurp)" 0 www.geil-symposium.com
74.6.8.126 - - [17/Oct/2008:18:36:36 -0400] "GET /logs HTTP/1.0" 301 323 "-" "Mozilla/5.0 (compatible; Yahoo! Slurp; http://help.yahoo.com/help/us/ysearch/slurp)" 0 www.geil-symposium.com
74.6.8.126 - - [17/Oct/2008:18:36:36 -0400] "GET /logs/ HTTP/1.0" 200 369 "-" "Mozilla/5.0 (compatible; Yahoo! Slurp; http://help.yahoo.com/help/us/ysearch/slurp)" 0 www.geil-symposium.com
80.77.80.253 - - [17/Oct/2008:22:57:37 -0400] "GET http://www.geil-symposium.com/Program.html HTTP/1.1" 404 - "-" "-" 0 www.geil-symposium.com
66.249.71.117 - - [18/Oct/2008:01:51:39 -0400] "GET /robots.txt HTTP/1.1" 404 - "-" "Mozilla/5.0 (compatible; Googlebot/2.1; +http://www.google.com/bot.html)" 0 www.geil-symposium.com
66.249.71.117 - - [18/Oct/2008:01:51:39 -0400] "GET / HTTP/1.1" 200 326 "-" "Mozilla/5.0 (compatible; Googlebot/2.1; +http://www.google.com/bot.html)" 0 www.geil-symposium.com
208.80.194.29 - - [18/Oct/2008:03:39:06 -0400] "GET / HTTP/1.0" 200 310 "-" "Mozilla/4.0 (compatible; MSIE 6.0; Windows NT 5.1; MyIE2; .NET CLR 1.1.4322; .NET CLR 2.0.50727)" 0 www.geil-symposium.com
64.128.171.4 - - [18/Oct/2008:04:05:52 -0400] "GET /robots.txt HTTP/1.1" 404 - "-" "Ocelli/1.4 (http://www.globalspec.com/Ocelli)" 0 www.geil-symposium.com
64.128.171.4 - - [18/Oct/2008:04:05:52 -0400] "GET / HTTP/1.1" 200 326 "-" "Ocelli/1.4 (http://www.globalspec.com/Ocelli)" 0 www.geil-symposium.com
208.80.194.35 - - [18/Oct/2008:04:16:07 -0400] "GET / HTTP/1.0" 200 314 "-" "Mozilla/4.0 (compatible; MSIE 6.0; Windows CE; IEMobile 6.12)" 0 www.geil-symposium.com
74.6.22.186 - - [18/Oct/2008:05:10:10 -0400] "GET /robots.txt HTTP/1.0" 404 - "-" "Mozilla/5.0 (compatible; Yahoo! Slurp; http://help.yahoo.com/help/us/ysearch/slurp)" 0 www.geil-symposium.com
74.6.22.186 - - [18/Oct/2008:05:10:10 -0400] "GET /logs/error.log HTTP/1.0" 200 125464 "-" "Mozilla/5.0 (compatible; Yahoo! Slurp; http://help.yahoo.com/help/us/ysearch/slurp)" 0 www.geil-symposium.com
79.112.149.86 - - [18/Oct/2008:05:15:48 -0400] "GET /logs/access.log HTTP/1.1" 200 203568 "-" "edkekcLaclLbgplf0cuas" 1 www.geil-symposium.com
193.47.80.36 - - [18/Oct/2008:06:13:43 -0400] "GET /robots.txt HTTP/1.1" 404 - "-" "Mozilla/5.0 (compatible; Exabot/3.0; +http://www.exabot.com/go/robot)" 0 www.geil-symposium.com
193.47.80.36 - - [18/Oct/2008:06:13:43 -0400] "GET / HTTP/1.1" 200 326 "-" "Mozilla/5.0 (compatible; Exabot/3.0; +http://www.exabot.com/go/robot)" 0 www.geil-symposium.com
208.80.194.33 - - [18/Oct/2008:11:24:38 -0400] "GET / HTTP/1.0" 200 314 "-" "Mozilla/4.0 (compatible; MSIE 7.0; Windows NT 5.1; .NET CLR 1.0.3705; MSN 6.1; MSNbMSFT; MSNmen-us; MSNc11; v5m)" 0 www.geil-symposium.com
74.6.22.176 - - [18/Oct/2008:12:35:02 -0400] "GET /robots.txt HTTP/1.0" 404 - "-" "Mozilla/5.0 (compatible; Yahoo! Slurp; http://help.yahoo.com/help/us/ysearch/slurp)" 0 www.geil-symposium.com
74.6.22.176 - - [18/Oct/2008:12:35:02 -0400] "GET /logs/error.log HTTP/1.0" 200 125936 "-" "Mozilla/5.0 (compatible; Yahoo! Slurp; http://help.yahoo.com/help/us/ysearch/slurp)" 0 www.geil-symposium.com
38.99.13.124 - - [18/Oct/2008:13:38:15 -0400] "GET /robots.txt HTTP/1.0" 404 - "-" "Mozilla/5.0 (Twiceler-0.9 http://www.cuil.com/twiceler/robot.html)" 0 www.geil-symposium.com
66.249.71.115 - - [18/Oct/2008:14:35:20 -0400] "GET /robots.txt HTTP/1.1" 404 - "-" "Mozilla/5.0 (compatible; Googlebot/2.1; +http://www.google.com/bot.html)" 0 www.geil-symposium.com
66.249.71.117 - - [18/Oct/2008:14:35:20 -0400] "GET /logs HTTP/1.1" 301 343 "-" "Mozilla/5.0 (compatible; Googlebot/2.1; +http://www.google.com/bot.html)" 0 www.geil-symposium.com
66.249.71.116 - - [18/Oct/2008:14:35:21 -0400] "GET /logs/ HTTP/1.1" 200 385 "-" "Mozilla/5.0 (compatible; Googlebot/2.1; +http://www.google.com/bot.html)" 0 www.geil-symposium.com
66.249.71.116 - - [18/Oct/2008:18:28:45 -0400] "GET /images/HitachiLogo.gif HTTP/1.1" 404 - "-" "Googlebot-Image/1.0" 0 www.geil-symposium.com
172.174.158.24 - - [18/Oct/2008:20:28:57 -0400] "GET /logs/access.log HTTP/1.1" 200 205539 "-" "bsaa watydvsblmQptsjuspqhjuyvgllmsft" 2 www.geil-symposium.com
207.210.94.74 - - [19/Oct/2008:01:57:08 -0400] "GET / HTTP/1.1" 200 326 "http://www.camfleet.com" "Mozilla/5.0 (Windows; U; Windows NT 5.1; us-en; rv:1.8.1.16) Gecko/20080702 Firefox/2.0.0.16" 0 www.geil-symposium.com
207.210.94.74 - - [19/Oct/2008:01:57:08 -0400] "GET / HTTP/1.1" 200 326 "http://www.camfleet.com" "Mozilla/5.0 (Windows; U; Windows NT 5.1; us-en; rv:1.8.1.16) Gecko/20080702 Firefox/2.0.0.16" 0 www.geil-symposium.com
67.105.229.164 - - [19/Oct/2008:05:10:26 -0400] "GET /logs/access.log HTTP/1.1" 200 206134 "-" "qnurkxQqgua hashfwrbhtw appsqunfimqudrs" 5 www.geil-symposium.com
195.60.8.193 - - [19/Oct/2008:09:53:42 -0400] "GET /logs/access.log HTTP/1.1" 200 206296 "-" "uLstc88n sbqdntq8mvo8ivcfrlpw8pnbcbc" 12 www.geil-symposium.com
38.99.13.124 - - [19/Oct/2008:13:12:41 -0400] "GET /robots.txt HTTP/1.0" 404 - "-" "Mozilla/5.0 (Twiceler-0.9 http://www.cuil.com/twiceler/robot.html)" 0 www.geil-symposium.com
64.246.165.50 - - [19/Oct/2008:23:22:40 -0400] "GET /robots.txt HTTP/1.0" 404 - "http://www.whois.sc/" "SurveyBot/2.3 (Whois Source)" 0 www.geil-symposium.com
64.246.165.50 - - [19/Oct/2008:23:22:40 -0400] "GET / HTTP/1.1" 200 326 "http://www.whois.sc/geil-symposium.com" "SurveyBot/2.3 (Whois Source)" 0 www.geil-symposium.com
208.80.194.38 - - [20/Oct/2008:00:57:29 -0400] "GET / HTTP/1.0" 200 310 "-" "Mozilla/4.0 (compatible; MSIE 7.0; Windows NT 5.1; snprtz|S25904300001469|2600#Service Pack 2#2#5#1)" 0 www.geil-symposium.com
208.80.194.37 - - [20/Oct/2008:02:22:42 -0400] "GET / HTTP/1.0" 200 314 "-" "Mozilla/4.0 (compatible; MSIE 6.0; Windows NT 5.1; FunWebProducts; YPC 3.2.0; SpamBlockerUtility 4.8.0; yplus 5.1.02b)" 0 www.geil-symposium.com
193.47.80.36 - - [20/Oct/2008:04:11:48 -0400] "GET /robots.txt HTTP/1.1" 404 - "-" "Mozilla/5.0 (compatible; Exabot/3.0; +http://www.exabot.com/go/robot)" 0 www.geil-symposium.com
193.47.80.36 - - [20/Oct/2008:04:11:48 -0400] "GET / HTTP/1.1" 200 326 "-" "Mozilla/5.0 (compatible; Exabot/3.0; +http://www.exabot.com/go/robot)" 0 www.geil-symposium.com
70.110.165.249 - - [20/Oct/2008:06:19:46 -0400] "HEAD /jesus2008/ HTTP/1.1" 404 - "-" "Mozilla/5.0 (Windows; U; Windows NT 5.1; en; rv:1.8.1.8) Gecko/20071008 Firefox/2.0.0.8" 0 www.geil-symposium.com
66.249.71.116 - - [20/Oct/2008:06:36:00 -0400] "GET /robots.txt HTTP/1.1" 404 - "-" "Mozilla/5.0 (compatible; Googlebot/2.1; +http://www.google.com/bot.html)" 0 www.geil-symposium.com
66.249.71.115 - - [20/Oct/2008:06:36:00 -0400] "GET /logs HTTP/1.1" 301 343 "-" "Mozilla/5.0 (compatible; Googlebot/2.1; +http://www.google.com/bot.html)" 0 www.geil-symposium.com
66.249.71.116 - - [20/Oct/2008:06:36:01 -0400] "GET /logs/ HTTP/1.1" 200 385 "-" "Mozilla/5.0 (compatible; Googlebot/2.1; +http://www.google.com/bot.html)" 0 www.geil-symposium.com
172.158.27.224 - - [20/Oct/2008:09:51:43 -0400] "GET /logs/access.log HTTP/1.1" 200 208483 "-" "brfmdchfdvytjxtomadr8cujrcjayclfmhq" 2 www.geil-symposium.com
208.80.194.35 - - [20/Oct/2008:10:49:30 -0400] "GET / HTTP/1.0" 200 310 "-" "Mozilla/4.0 (compatible; MSIE 7.0; Windows NT 5.1; BT Openworld BB; .NET CLR 1.1.4322; .NET CLR 2.0.50727)" 0 www.geil-symposium.com
66.249.71.117 - - [20/Oct/2008:11:20:31 -0400] "GET /images/Philip_H_Geil_logo.jpg HTTP/1.1" 404 - "-" "Googlebot-Image/1.0" 0 www.geil-symposium.com
65.55.209.27 - - [20/Oct/2008:11:57:32 -0400] "GET /robots.txt HTTP/1.1" 404 - "-" "msnbot/1.1 (+http://search.msn.com/msnbot.htm)" 0 www.geil-symposium.com
65.55.209.27 - - [20/Oct/2008:11:57:32 -0400] "GET / HTTP/1.1" 200 326 "-" "msnbot/1.1 (+http://search.msn.com/msnbot.htm)" 0 www.geil-symposium.com
74.6.17.165 - - [20/Oct/2008:20:58:38 -0400] "GET /robots.txt HTTP/1.0" 404 - "-" "Mozilla/5.0 (compatible; Yahoo! Slurp; http://help.yahoo.com/help/us/ysearch/slurp)" 0 www.geil-symposium.com
74.6.17.165 - - [20/Oct/2008:20:58:38 -0400] "GET / HTTP/1.0" 200 310 "-" "Mozilla/5.0 (compatible; Yahoo! Slurp; http://help.yahoo.com/help/us/ysearch/slurp)" 0 www.geil-symposium.com
66.249.71.115 - - [20/Oct/2008:22:40:47 -0400] "GET /robots.txt HTTP/1.1" 404 - "-" "Googlebot-Image/1.0" 0 www.geil-symposium.com
66.249.71.115 - - [20/Oct/2008:22:40:47 -0400] "GET /images/candle1.jpg HTTP/1.1" 404 - "-" "Googlebot-Image/1.0" 0 www.geil-symposium.com
12.216.125.105 - - [21/Oct/2008:03:24:59 -0400] "GET /robots.txt HTTP/1.0" 404 - "http://majestic12.co.uk/bot.php?I=C469F3D041-9BAC6076A23CA79B-geil-symposium_com" "Mozilla/5.0 (compatible; MJ12bot/v1.2.3; http://www.majestic12.co.uk/bot.php?+)" 0 www.geil-symposium.com
12.216.125.105 - - [21/Oct/2008:03:24:59 -0400] "GET /logs HTTP/1.1" 301 335 "-" "Mozilla/5.0 (compatible; MJ12bot/v1.2.3; http://www.majestic12.co.uk/bot.php?+)" 0 www.geil-symposium.com
12.216.125.105 - - [21/Oct/2008:03:25:00 -0400] "GET /logs/ HTTP/1.1" 200 381 "http://geil-symposium.com/logs" "Mozilla/5.0 (compatible; MJ12bot/v1.2.3; http://www.majestic12.co.uk/bot.php?+)" 0 www.geil-symposium.com
213.47.152.36 - - [21/Oct/2008:08:07:34 -0400] "GET / HTTP/1.1" 200 326 "-" "User-Agent: Mozilla/4.0 (compatible; MSIE 6.0; Windows NT 5.1; SV1; InfoPath.1)" 0 www.geil-symposium.com
66.249.71.116 - - [21/Oct/2008:09:19:00 -0400] "GET / HTTP/1.1" 200 326 "-" "Mozilla/5.0 (compatible; Googlebot/2.1; +http://www.google.com/bot.html)" 0 www.geil-symposium.com
38.99.13.124 - - [21/Oct/2008:13:50:17 -0400] "GET /robots.txt HTTP/1.0" 404 - "-" "Mozilla/5.0 (Twiceler-0.9 http://www.cuil.com/twiceler/robot.html)" 0 www.geil-symposium.com
208.80.194.36 - - [21/Oct/2008:15:38:59 -0400] "GET / HTTP/1.0" 200 314 "-" "Mozilla/4.0 (compatible; MSIE 7.0; Windows NT 5.1; IEMB3; FunWebProducts; .NET CLR 1.1.4322; InfoPath.1; .NET CLR 2.0.50727)" 0 www.geil-symposium.com
202.179.180.45 - - [21/Oct/2008:15:49:11 -0400] "GET /robots.txt HTTP/1.1" 404 - "-" "Mozilla/4.0 (compatible; NaverBot/1.0; http://help.naver.com/delete_main.asp)" 0 www.geil-symposium.com
202.179.180.45 - - [21/Oct/2008:15:49:12 -0400] "GET / HTTP/1.1" 200 326 "-" "Mozilla/4.0 (compatible; NaverBot/1.0; http://help.naver.com/delete_main.asp)" 0 www.geil-symposium.com
66.235.124.38 - - [21/Oct/2008:15:52:03 -0400] "GET /robots.txt HTTP/1.0" 404 - "-" "Mozilla/5.0 (compatible; Ask Jeeves/Teoma; +http://about.ask.com/en/docs/about/webmasters.shtml)" 0 www.geil-symposium.com
66.235.124.38 - - [21/Oct/2008:15:52:03 -0400] "GET / HTTP/1.0" 200 314 "-" "Mozilla/5.0 (compatible; Ask Jeeves/Teoma; +http://about.ask.com/en/docs/about/webmasters.shtml)" 0 www.geil-symposium.com
72.13.36.13 - - [21/Oct/2008:16:30:34 -0400] "GET / HTTP/1.0" 200 314 "-" "-" 0 www.geil-symposium.com
67.105.229.164 - - [21/Oct/2008:17:12:00 -0400] "GET /logs/access.log HTTP/1.1" 200 212279 "-" "bh1aixq bvuim1kablxv1uxxkjkawemoxwcqh" 4 www.geil-symposium.com
74.6.22.120 - - [21/Oct/2008:17:31:19 -0400] "GET /robots.txt HTTP/1.0" 404 - "-" "Mozilla/5.0 (compatible; Yahoo! Slurp; http://help.yahoo.com/help/us/ysearch/slurp)" 0 www.geil-symposium.com
74.6.22.120 - - [21/Oct/2008:17:31:19 -0400] "GET /logs HTTP/1.0" 301 331 "-" "Mozilla/5.0 (compatible; Yahoo! Slurp; http://help.yahoo.com/help/us/ysearch/slurp)" 0 www.geil-symposium.com
74.6.22.120 - - [21/Oct/2008:17:31:19 -0400] "GET /logs/ HTTP/1.0" 200 373 "-" "Mozilla/5.0 (compatible; Yahoo! Slurp; http://help.yahoo.com/help/us/ysearch/slurp)" 0 www.geil-symposium.com
66.235.124.38 - - [21/Oct/2008:21:24:00 -0400] "GET /accommodations.html HTTP/1.0" 404 - "-" "Mozilla/5.0 (compatible; Ask Jeeves/Teoma; +http://about.ask.com/en/docs/about/webmasters.shtml)" 0 www.geil-symposium.com
67.195.37.105 - - [21/Oct/2008:23:22:43 -0400] "GET /robots.txt HTTP/1.0" 404 - "-" "Mozilla/5.0 (compatible; Yahoo! Slurp; http://help.yahoo.com/help/us/ysearch/slurp)" 0 www.geil-symposium.com
67.195.37.105 - - [21/Oct/2008:23:22:43 -0400] "GET / HTTP/1.0" 200 314 "-" "Mozilla/5.0 (compatible; Yahoo! Slurp; http://help.yahoo.com/help/us/ysearch/slurp)" 0 www.geil-symposium.com
203.209.252.68 - - [22/Oct/2008:00:29:21 -0400] "GET /robots.txt HTTP/1.0" 404 - "-" "Mozilla/5.0 (compatible; Yahoo! Slurp China; http://misc.yahoo.com.cn/help.html)" 0 www.geil-symposium.com
202.160.178.101 - - [22/Oct/2008:00:29:21 -0400] "GET / HTTP/1.0" 200 314 "-" "Mozilla/5.0 (compatible; Yahoo! Slurp China; http://misc.yahoo.com.cn/help.html)" 0 www.geil-symposium.com
67.195.37.105 - - [22/Oct/2008:02:08:58 -0400] "GET /logs HTTP/1.0" 301 331 "-" "Mozilla/5.0 (compatible; Yahoo! Slurp; http://help.yahoo.com/help/us/ysearch/slurp)" 0 www.geil-symposium.com
67.195.37.105 - - [22/Oct/2008:02:09:08 -0400] "GET /logs/ HTTP/1.0" 200 373 "-" "Mozilla/5.0 (compatible; Yahoo! Slurp; http://help.yahoo.com/help/us/ysearch/slurp)" 0 www.geil-symposium.com
77.68.41.103 - - [22/Oct/2008:04:22:40 -0400] "GET /logs/access.log HTTP/1.1" 200 214372 "-" "iepudyxufsdggvchngs" 1 www.geil-symposium.com
220.181.61.230 - - [22/Oct/2008:08:02:13 -0400] "GET /robots.txt HTTP/1.1" 404 - "-" "-" 0 www.geil-symposium.com
220.181.61.230 - - [22/Oct/2008:08:02:23 -0400] "GET / HTTP/1.1" 200 326 "-" "Sogou web spider/4.0(+http://www.sogou.com/docs/help/webmasters.htm#07)" 0 www.geil-symposium.com
38.99.13.124 - - [22/Oct/2008:13:17:16 -0400] "GET /robots.txt HTTP/1.0" 404 - "-" "Mozilla/5.0 (Twiceler-0.9 http://www.cuil.com/twiceler/robot.html)" 0 www.geil-symposium.com
91.124.185.226 - - [22/Oct/2008:14:41:50 -0400] "GET /logs/error.log HTTP/1.1" 200 131471 "about:blank" "Mozila/4.0 (compatible; MSIE 6.0; Windows NT 5.1; SV1; MyIE2;" 12 www.geil-symposium.com
67.195.37.105 - - [22/Oct/2008:15:03:24 -0400] "GET /robots.txt HTTP/1.0" 404 - "-" "Mozilla/5.0 (compatible; Yahoo! Slurp; http://help.yahoo.com/help/us/ysearch/slurp)" 0 www.geil-symposium.com
67.195.37.105 - - [22/Oct/2008:15:03:24 -0400] "GET / HTTP/1.0" 200 314 "-" "Mozilla/5.0 (compatible; Yahoo! Slurp/3.0; http://help.yahoo.com/help/us/ysearch/slurp)" 0 www.geil-symposium.com
66.249.71.116 - - [22/Oct/2008:17:33:52 -0400] "GET /robots.txt HTTP/1.1" 404 - "-" "Mozilla/5.0 (compatible; Googlebot/2.1; +http://www.google.com/bot.html)" 0 www.geil-symposium.com
66.249.71.115 - - [22/Oct/2008:17:33:53 -0400] "GET /logs/error.log HTTP/1.1" 200 131949 "-" "Mozilla/5.0 (compatible; Googlebot/2.1; +http://www.google.com/bot.html)" 1 www.geil-symposium.com
208.80.194.41 - - [22/Oct/2008:19:51:57 -0400] "GET / HTTP/1.0" 200 310 "-" "Mozilla/4.0 (compatible; MSIE 7.0; Windows NT 5.1; FunWebProducts; CMS Music Store2 v1.00.13 (Music Store,1033); .NET CLR 1.1.4322; .NET CLR 2.0.50727; .NET CLR 3.0.04506.30)" 0 www.geil-symposium.com
172.158.55.109 - - [22/Oct/2008:21:37:41 -0400] "GET /logs/access.log HTTP/1.1" 200 216214 "-" "mfxyflgdhqqdgeyKalKbqja" 2 www.geil-symposium.com
208.80.194.31 - - [23/Oct/2008:00:19:22 -0400] "GET / HTTP/1.0" 200 314 "-" "Mozilla/4.0 (compatible; MSIE 6.0; Windows NT 5.0; .NET CLR 1.1.1432)" 0 www.geil-symposium.com
66.249.71.117 - - [23/Oct/2008:03:06:35 -0400] "GET / HTTP/1.1" 200 326 "-" "Mozilla/5.0 (compatible; Googlebot/2.1; +http://www.google.com/bot.html)" 0 www.geil-symposium.com
69.72.144.18 - - [23/Oct/2008:03:50:57 -0400] "GET /log-components/com_phpshop/toolbar.phpshop.html.php?mosConfig_absolute_path=http://thecheat.co.kr/bbs/data/abachoid.txt??? HTTP/1.1" 404 - "-" "libwww-perl/5.810" 0 www.geil-symposium.com
69.72.144.18 - - [23/Oct/2008:03:50:57 -0400] "GET /logs/access.log/log-components/com_phpshop/toolbar.phpshop.html.php?mosConfig_absolute_path=http://thecheat.co.kr/bbs/data/abachoid.txt??? HTTP/1.1" 404 - "-" "libwww-perl/5.810" 0 www.geil-symposium.com
69.72.144.18 - - [23/Oct/2008:03:50:57 -0400] "GET /logs/log-components/com_phpshop/toolbar.phpshop.html.php?mosConfig_absolute_path=http://thecheat.co.kr/bbs/data/abachoid.txt??? HTTP/1.1" 404 - "-" "libwww-perl/5.810" 0 www.geil-symposium.com
74.6.18.240 - - [23/Oct/2008:05:45:33 -0400] "GET /robots.txt HTTP/1.0" 404 - "-" "Mozilla/5.0 (compatible; Yahoo! Slurp; http://help.yahoo.com/help/us/ysearch/slurp)" 0 www.geil-symposium.com
74.6.18.240 - - [23/Oct/2008:05:45:33 -0400] "GET / HTTP/1.0" 200 314 "-" "Mozilla/5.0 (compatible; Yahoo! Slurp; http://help.yahoo.com/help/us/ysearch/slurp)" 0 www.geil-symposium.com
124.115.0.102 - - [23/Oct/2008:06:42:56 -0400] "GET /robots.txt HTTP/1.1" 404 - "http://www.geil-symposium.com/robots.txt" "Sosospider+(+http://help.soso.com/webspider.htm)" 0 www.geil-symposium.com
124.115.4.203 - - [23/Oct/2008:10:19:52 -0400] "GET / HTTP/1.1" 200 326 "http://www.geil-symposium.com/" "Sosospider+(+http://help.soso.com/webspider.htm)" 0 www.geil-symposium.com
198.87.2.45 - - [23/Oct/2008:10:42:07 -0400] "GET / HTTP/1.1" 200 322 "http://www.keywordspy.com/keyword-research/geil-symposium.com" "Mozilla/4.0 (compatible; MSIE 7.0; Windows NT 5.1; Alexa Toolbar)" 0 www.geil-symposium.com
198.87.2.45 - - [23/Oct/2008:10:42:07 -0400] "GET / HTTP/1.1" 200 322 "http://www.keywordspy.com/keyword-research/geil-symposium.com" "Mozilla/4.0 (compatible; MSIE 7.0; Windows NT 5.1; Alexa Toolbar)" 0 www.geil-symposium.com
198.87.2.45 - - [23/Oct/2008:10:42:07 -0400] "GET / HTTP/1.1" 200 322 "http://www.keywordspy.com/keyword-research/geil-symposium.com" "Mozilla/4.0 (compatible; MSIE 7.0; Windows NT 5.1; Alexa Toolbar)" 0 www.geil-symposium.com
38.99.13.124 - - [23/Oct/2008:11:47:47 -0400] "GET /robots.txt HTTP/1.0" 404 - "-" "Mozilla/5.0 (Twiceler-0.9 http://www.cuil.com/twiceler/robot.html)" 0 www.geil-symposium.com
66.249.71.115 - - [23/Oct/2008:12:15:32 -0400] "GET /robots.txt HTTP/1.1" 404 - "-" "Mozilla/5.0 (compatible; Googlebot/2.1; +http://www.google.com/bot.html)" 0 www.geil-symposium.com
66.249.71.116 - - [23/Oct/2008:12:15:32 -0400] "GET /logs HTTP/1.1" 301 343 "-" "Mozilla/5.0 (compatible; Googlebot/2.1; +http://www.google.com/bot.html)" 0 www.geil-symposium.com
66.249.71.116 - - [23/Oct/2008:12:15:32 -0400] "GET /logs/ HTTP/1.1" 200 385 "-" "Mozilla/5.0 (compatible; Googlebot/2.1; +http://www.google.com/bot.html)" 0 www.geil-symposium.com
66.249.71.115 - - [23/Oct/2008:19:58:18 -0400] "GET /logs/error.log HTTP/1.1" 200 133754 "-" "Mozilla/5.0 (compatible; Googlebot/2.1; +http://www.google.com/bot.html)" 0 www.geil-symposium.com
66.249.71.117 - - [23/Oct/2008:20:00:19 -0400] "GET /logs/access.log HTTP/1.1" 200 219804 "-" "Mozilla/5.0 (compatible; Googlebot/2.1; +http://www.google.com/bot.html)" 0 www.geil-symposium.com
202.179.180.45 - - [23/Oct/2008:20:20:49 -0400] "GET /robots.txt HTTP/1.1" 404 - "-" "Mozilla/4.0 (compatible; NaverBot/1.0; http://help.naver.com/delete_main.asp)" 0 www.geil-symposium.com
202.179.180.45 - - [23/Oct/2008:20:20:56 -0400] "GET / HTTP/1.1" 200 326 "-" "Mozilla/4.0 (compatible; NaverBot/1.0; http://help.naver.com/delete_main.asp)" 0 www.geil-symposium.com
67.195.37.105 - - [23/Oct/2008:22:42:59 -0400] "GET /robots.txt HTTP/1.0" 404 - "-" "Mozilla/5.0 (compatible; Yahoo! Slurp; http://help.yahoo.com/help/us/ysearch/slurp)" 0 www.geil-symposium.com
67.195.37.105 - - [23/Oct/2008:22:43:00 -0400] "GET /logs/error.log HTTP/1.0" 200 134234 "-" "Mozilla/5.0 (compatible; Yahoo! Slurp/3.0; http://help.yahoo.com/help/us/ysearch/slurp)" 0 www.geil-symposium.com
202.108.7.214 - - [24/Oct/2008:00:26:27 -0400] "GET /robots.txt HTTP/1.1" 404 - "-" "Mozilla/5.0 (compatible; YoudaoBot/1.0; http://www.youdao.com/help/webmaster/spider/; )" 0 www.geil-symposium.com
202.108.7.214 - - [24/Oct/2008:00:26:27 -0400] "GET / HTTP/1.1" 200 326 "-" "Mozilla/5.0 (compatible; YoudaoBot/1.0; http://www.youdao.com/help/webmaster/spider/; )" 0 www.geil-symposium.com
67.195.37.105 - - [24/Oct/2008:01:27:03 -0400] "GET /logs/error.log HTTP/1.0" 200 134473 "-" "Mozilla/5.0 (compatible; Yahoo! Slurp/3.0; http://help.yahoo.com/help/us/ysearch/slurp)" 1 www.geil-symposium.com
67.105.229.164 - - [24/Oct/2008:03:06:03 -0400] "GET /logs/access.log HTTP/1.1" 200 221371 "-" "puuquloqacy aoiqv rnhnql" 3 www.geil-symposium.com
208.80.194.31 - - [24/Oct/2008:03:06:56 -0400] "GET / HTTP/1.0" 200 310 "-" "Mozilla/4.0 (compatible; MSIE 7.0; Windows NT 5.1; YPC 3.2.0; FunWebProducts; .NET CLR 1.1.4322; .NET CLR 2.0.50727; IEMB3; IEMB3)" 0 www.geil-symposium.com
208.80.194.30 - - [24/Oct/2008:05:22:21 -0400] "GET / HTTP/1.0" 200 314 "-" "Mozilla/4.0 (compatible; MSIE 6.0; Windows NT 5.1; SV1; SKY13; SIMBAR Enabled; SIMBAR={B42438DE-AAAC-4826-ABC2-7B5DB1E1D07E}; .NET CLR 1.1.4322)" 0 www.geil-symposium.com
208.80.194.43 - - [24/Oct/2008:11:27:30 -0400] "GET / HTTP/1.0" 200 310 "-" "Mozilla/4.0 (compatible; MSIE 7.0; Windows NT 5.1; FunWebProducts; SIMBAR={6E5A2B04-2CC6-4e45-9F86-719EB1B2467E}; .NET CLR 1.0.3705; .NET CLR 1.1.4322; Media Center PC 4.0; .NET CLR 2.0.50727)" 0 www.geil-symposium.com
38.99.13.124 - - [24/Oct/2008:11:54:32 -0400] "GET /robots.txt HTTP/1.0" 404 - "-" "Mozilla/5.0 (Twiceler-0.9 http://www.cuil.com/twiceler/robot.html)" 0 www.geil-symposium.com
220.181.61.230 - - [24/Oct/2008:12:31:00 -0400] "GET /robots.txt HTTP/1.1" 404 - "-" "-" 0 www.geil-symposium.com
220.181.61.230 - - [24/Oct/2008:12:31:10 -0400] "GET / HTTP/1.1" 200 326 "-" "Sogou web spider/4.0(+http://www.sogou.com/docs/help/webmasters.htm#07)" 0 www.geil-symposium.com
124.115.4.203 - - [24/Oct/2008:13:20:35 -0400] "HEAD / HTTP/1.1" 200 0 "http://www.geil-symposium.com/" "Sosospider+(+http://help.soso.com/webspider.htm)" 0 www.geil-symposium.com
124.115.4.203 - - [24/Oct/2008:13:20:35 -0400] "GET / HTTP/1.1" 200 326 "http://www.geil-symposium.com/" "Sosospider+(+http://help.soso.com/webspider.htm)" 0 www.geil-symposium.com
91.193.130.50 - - [24/Oct/2008:16:37:28 -0400] "HEAD /jesusloves08.php HTTP/1.1" 404 - "-" "Mozilla/5.0 (Windows; U; Windows NT 5.1; en; rv:1.8.1.8) Gecko/20071008 Firefox/2.0.0.8" 0 www.geil-symposium.com
85.17.92.36 - - [24/Oct/2008:19:28:55 -0400] "GET / HTTP/1.1" 200 326 "http://www.newstin.com/add-source.a?webmasterspage" "Mozilla/5.0 (Windows; U; Windows NT 5.1; us-en; rv:1.8.1.16) Gecko/20080702 Firefox/2.0.0.16" 0 www.geil-symposium.com
193.47.80.36 - - [24/Oct/2008:19:47:55 -0400] "GET /robots.txt HTTP/1.1" 404 - "-" "Mozilla/5.0 (compatible; Exabot/3.0; +http://www.exabot.com/go/robot)" 0 www.geil-symposium.com
193.47.80.36 - - [24/Oct/2008:19:47:55 -0400] "GET / HTTP/1.1" 200 326 "-" "Mozilla/5.0 (compatible; Exabot/3.0; +http://www.exabot.com/go/robot)" 0 www.geil-symposium.com
74.6.22.121 - - [24/Oct/2008:20:52:25 -0400] "GET /robots.txt HTTP/1.0" 404 - "-" "Mozilla/5.0 (compatible; Yahoo! Slurp; http://help.yahoo.com/help/us/ysearch/slurp)" 0 www.geil-symposium.com
74.6.22.121 - - [24/Oct/2008:20:52:25 -0400] "GET /logs HTTP/1.0" 301 323 "-" "Mozilla/5.0 (compatible; Yahoo! Slurp; http://help.yahoo.com/help/us/ysearch/slurp)" 0 www.geil-symposium.com
74.6.22.121 - - [24/Oct/2008:20:52:25 -0400] "GET /logs/ HTTP/1.0" 200 369 "-" "Mozilla/5.0 (compatible; Yahoo! Slurp; http://help.yahoo.com/help/us/ysearch/slurp)" 0 www.geil-symposium.com
66.249.71.116 - - [25/Oct/2008:00:28:17 -0400] "GET /robots.txt HTTP/1.1" 404 - "-" "Mozilla/5.0 (compatible; Googlebot/2.1; +http://www.google.com/bot.html)" 0 www.geil-symposium.com
66.249.71.116 - - [25/Oct/2008:00:28:17 -0400] "GET /logs HTTP/1.1" 301 343 "-" "Mozilla/5.0 (compatible; Googlebot/2.1; +http://www.google.com/bot.html)" 0 www.geil-symposium.com
66.249.71.117 - - [25/Oct/2008:00:28:17 -0400] "GET /logs/ HTTP/1.1" 200 385 "-" "Mozilla/5.0 (compatible; Googlebot/2.1; +http://www.google.com/bot.html)" 0 www.geil-symposium.com
74.6.18.230 - - [25/Oct/2008:07:02:45 -0400] "GET /robots.txt HTTP/1.0" 404 - "-" "Mozilla/5.0 (compatible; Yahoo! Slurp; http://help.yahoo.com/help/us/ysearch/slurp)" 0 www.geil-symposium.com
74.6.18.230 - - [25/Oct/2008:07:02:45 -0400] "GET /logs/error.log HTTP/1.0" 200 136142 "-" "Mozilla/5.0 (compatible; Yahoo! Slurp; http://help.yahoo.com/help/us/ysearch/slurp)" 0 www.geil-symposium.com
38.99.13.124 - - [25/Oct/2008:12:34:04 -0400] "GET /robots.txt HTTP/1.0" 404 - "-" "Mozilla/5.0 (Twiceler-0.9 http://www.cuil.com/twiceler/robot.html)" 0 www.geil-symposium.com
74.6.22.187 - - [25/Oct/2008:12:36:39 -0400] "GET /robots.txt HTTP/1.0" 404 - "-" "Mozilla/5.0 (compatible; Yahoo! Slurp; http://help.yahoo.com/help/us/ysearch/slurp)" 0 www.geil-symposium.com
74.6.22.187 - - [25/Oct/2008:12:36:39 -0400] "GET /logs/error.log HTTP/1.0" 200 136614 "-" "Mozilla/5.0 (compatible; Yahoo! Slurp; http://help.yahoo.com/help/us/ysearch/slurp)" 0 www.geil-symposium.com
205.178.184.155 - - [25/Oct/2008:14:23:52 -0400] "HEAD / HTTP/1.1" 200 0 "-" "Mozilla/4.0 (compatible; MSIE 6.0; Windows NT 5.2; SV1; .NET CLR 1.1.4322; .NET CLR 2.0.50727)" 0 www.geil-symposium.com
205.178.184.155 - - [25/Oct/2008:14:24:22 -0400] "GET / HTTP/1.1" 200 322 "-" "Mozilla/4.0 (compatible; MSIE 6.0; Windows NT 5.2; SV1; .NET CLR 1.1.4322; .NET CLR 2.0.50727)" 0 www.geil-symposium.com
124.115.4.203 - - [25/Oct/2008:18:00:43 -0400] "HEAD / HTTP/1.1" 200 0 "http://www.geil-symposium.com/" "Sosospider+(+http://help.soso.com/webspider.htm)" 0 www.geil-symposium.com
124.115.4.203 - - [25/Oct/2008:18:00:44 -0400] "GET / HTTP/1.1" 200 326 "http://www.geil-symposium.com/" "Sosospider+(+http://help.soso.com/webspider.htm)" 0 www.geil-symposium.com
208.80.194.31 - - [25/Oct/2008:18:10:21 -0400] "GET / HTTP/1.0" 200 314 "-" "Mozilla/4.0 (compatible; MSIE 6.0; Windows NT 5.1; YPC 3.2.0; SV1; .NET CLR 1.1.4322; InfoPath.1; .NET CLR 2.0.50727)" 0 www.geil-symposium.com
205.178.184.155 - - [25/Oct/2008:23:14:17 -0400] "GET / HTTP/1.1" 200 322 "-" "User-Agent:Mozilla/4.0 (compatible; MSIE 6.0; Windows NT 5.1; SV1; .NET CLR 2.0.50727)" 0 www.geil-symposium.com
205.178.184.155 - - [25/Oct/2008:23:14:17 -0400] "GET /robots.txt HTTP/1.1" 404 - "-" "User-Agent:Mozilla/4.0 (compatible; MSIE 6.0; Windows NT 5.1; SV1; .NET CLR 2.0.50727)" 0 www.geil-symposium.com
74.6.18.215 - - [25/Oct/2008:23:21:21 -0400] "GET /robots.txt HTTP/1.0" 404 - "-" "Mozilla/5.0 (compatible; Yahoo! Slurp; http://help.yahoo.com/help/us/ysearch/slurp)" 0 www.geil-symposium.com
74.6.18.215 - - [25/Oct/2008:23:21:22 -0400] "GET /logs/access.log HTTP/1.0" 200 227575 "-" "Mozilla/5.0 (compatible; Yahoo! Slurp; http://help.yahoo.com/help/us/ysearch/slurp)" 0 www.geil-symposium.com
205.178.184.152 - - [25/Oct/2008:23:21:27 -0400] "HEAD /logs HTTP/1.1" 301 0 "-" "Mozilla/4.0 (compatible; MSIE 6.0; Windows NT 5.2; SV1; .NET CLR 1.1.4322; .NET CLR 2.0.50727)" 0 www.geil-symposium.com
205.178.184.152 - - [25/Oct/2008:23:21:27 -0400] "HEAD /logs/ HTTP/1.1" 200 0 "-" "Mozilla/4.0 (compatible; MSIE 6.0; Windows NT 5.2; SV1; .NET CLR 1.1.4322; .NET CLR 2.0.50727)" 0 www.geil-symposium.com
205.178.184.152 - - [25/Oct/2008:23:21:36 -0400] "GET /logs HTTP/1.1" 301 335 "-" "Mozilla/4.0 (compatible; MSIE 7.0; Windows NT 5.1; .NET CLR 1.1.4322; .NET CLR 2.0.50727)" 0 www.geil-symposium.com
205.178.184.152 - - [25/Oct/2008:23:21:36 -0400] "GET /logs/ HTTP/1.1" 200 381 "-" "Mozilla/4.0 (compatible; MSIE 7.0; Windows NT 5.1; .NET CLR 1.1.4322; .NET CLR 2.0.50727)" 0 www.geil-symposium.com
195.11.67.10 - - [26/Oct/2008:04:10:44 -0400] "GET /logs/access.log HTTP/1.1" 200 228584 "-" "dqsuysvrueyacciegriwfy9bx9reVn" 4 www.geil-symposium.com
203.209.252.68 - - [26/Oct/2008:06:50:58 -0400] "GET /robots.txt HTTP/1.0" 404 - "-" "Mozilla/5.0 (compatible; Yahoo! Slurp China; http://misc.yahoo.com.cn/help.html)" 1 www.geil-symposium.com
202.160.178.101 - - [26/Oct/2008:06:50:58 -0400] "GET / HTTP/1.0" 200 314 "-" "Mozilla/5.0 (compatible; Yahoo! Slurp China; http://misc.yahoo.com.cn/help.html)" 0 www.geil-symposium.com
72.70.54.164 - - [26/Oct/2008:08:33:20 -0400] "GET /logs/access.log HTTP/1.1" 200 229114 "-" "jsxgsoxywppyygfv lkaDalxeysw" 0 www.geil-symposium.com
38.99.13.124 - - [26/Oct/2008:13:08:46 -0400] "GET /robots.txt HTTP/1.0" 404 - "-" "Mozilla/5.0 (Twiceler-0.9 http://www.cuil.com/twiceler/robot.html)" 0 www.geil-symposium.com
208.80.194.36 - - [26/Oct/2008:13:39:04 -0400] "GET / HTTP/1.0" 200 310 "-" "Mozilla/4.0 (compatible; MSIE 7.0; Windows NT 5.1; {5817633E-40C7-063D-6803-5D51FE9A2D51}; .NET CLR 1.1.4322)" 0 www.geil-symposium.com
66.249.71.117 - - [26/Oct/2008:15:40:33 -0400] "GET /robots.txt HTTP/1.1" 404 - "-" "Googlebot-Image/1.0" 0 www.geil-symposium.com
66.249.71.115 - - [26/Oct/2008:15:40:33 -0400] "GET /images/HitachiLogo.gif HTTP/1.1" 404 - "-" "Googlebot-Image/1.0" 0 www.geil-symposium.com
208.80.194.42 - - [26/Oct/2008:16:09:45 -0400] "GET / HTTP/1.0" 200 314 "-" "Mozilla/4.0 (compatible; MSIE 7.0; Windows NT 5.1; yie5.5_SBCDSL; .NET CLR 2.0.50727)" 0 www.geil-symposium.com
72.70.54.164 - - [26/Oct/2008:21:47:23 -0400] "GET /logs/access.log HTTP/1.1" 200 230116 "-" "ap tdholaasgy faKur4p" 0 www.geil-symposium.com
195.128.18.18 - - [26/Oct/2008:22:09:08 -0400] "HEAD /robots.txt HTTP/1.0" 404 - "-" "Mozilla/5.0 (compatible; DBLBot/1.0; +http://www.dontbuylists.com/)" 0 www.geil-symposium.com
195.128.18.18 - - [26/Oct/2008:22:09:09 -0400] "GET /robots.txt HTTP/1.0" 404 - "-" "Mozilla/5.0 (compatible; DBLBot/1.0; +http://www.dontbuylists.com/)" 0 www.geil-symposium.com
195.128.18.18 - - [26/Oct/2008:22:09:09 -0400] "HEAD / HTTP/1.0" 200 0 "-" "Mozilla/5.0 (compatible; DBLBot/1.0; +http://www.dontbuylists.com/)" 0 www.geil-symposium.com
195.128.18.18 - - [26/Oct/2008:22:09:09 -0400] "GET / HTTP/1.0" 200 314 "-" "Mozilla/5.0 (compatible; DBLBot/1.0; +http://www.dontbuylists.com/)" 0 www.geil-symposium.com
195.128.18.18 - - [26/Oct/2008:22:09:09 -0400] "HEAD /robots.txt HTTP/1.0" 404 - "-" "Mozilla/5.0 (compatible; DBLBot/1.0; +http://www.dontbuylists.com/)" 0 www.geil-symposium.com
195.128.18.18 - - [26/Oct/2008:22:09:10 -0400] "GET /robots.txt HTTP/1.0" 404 - "-" "Mozilla/5.0 (compatible; DBLBot/1.0; +http://www.dontbuylists.com/)" 0 www.geil-symposium.com
195.128.18.18 - - [26/Oct/2008:22:09:13 -0400] "HEAD /logs HTTP/1.0" 301 0 "-" "Mozilla/5.0 (compatible; DBLBot/1.0; +http://www.dontbuylists.com/)" 0 www.geil-symposium.com
195.128.18.18 - - [26/Oct/2008:22:09:13 -0400] "HEAD /logs/ HTTP/1.0" 200 0 "-" "Mozilla/5.0 (compatible; DBLBot/1.0; +http://www.dontbuylists.com/)" 0 www.geil-symposium.com
195.128.18.18 - - [26/Oct/2008:22:09:13 -0400] "GET /logs/ HTTP/1.0" 200 373 "-" "Mozilla/5.0 (compatible; DBLBot/1.0; +http://www.dontbuylists.com/)" 0 www.geil-symposium.com
195.128.18.18 - - [26/Oct/2008:22:09:14 -0400] "HEAD /logs/error.log HTTP/1.0" 200 0 "-" "Mozilla/5.0 (compatible; DBLBot/1.0; +http://www.dontbuylists.com/)" 0 www.geil-symposium.com
195.128.18.18 - - [26/Oct/2008:22:09:14 -0400] "HEAD /logs/access.log HTTP/1.0" 200 0 "-" "Mozilla/5.0 (compatible; DBLBot/1.0; +http://www.dontbuylists.com/)" 0 www.geil-symposium.com
64.246.165.150 - - [26/Oct/2008:23:21:53 -0400] "GET /robots.txt HTTP/1.0" 404 - "http://www.whois.sc/" "SurveyBot/2.3 (Whois Source)" 0 www.geil-symposium.com
64.246.165.150 - - [26/Oct/2008:23:21:53 -0400] "GET / HTTP/1.1" 200 326 "http://www.whois.sc/geil-symposium.com" "SurveyBot/2.3 (Whois Source)" 0 www.geil-symposium.com
124.115.0.169 - - [27/Oct/2008:07:10:36 -0400] "HEAD / HTTP/1.1" 200 0 "http://www.geil-symposium.com/" "Sosospider+(+http://help.soso.com/webspider.htm)" 0 www.geil-symposium.com
124.115.0.169 - - [27/Oct/2008:07:10:38 -0400] "GET / HTTP/1.1" 200 326 "http://www.geil-symposium.com/" "Sosospider+(+http://help.soso.com/webspider.htm)" 0 www.geil-symposium.com
38.99.13.124 - - [27/Oct/2008:13:04:14 -0400] "GET /robots.txt HTTP/1.0" 404 - "-" "Mozilla/5.0 (Twiceler-0.9 http://www.cuil.com/twiceler/robot.html)" 0 www.geil-symposium.com
208.111.154.16 - - [27/Oct/2008:13:11:06 -0400] "GET /robots.txt HTTP/1.0" 404 - "-" "Mozilla/5.0 (compatible; Charlotte/1.1; http://www.searchme.com/support/)" 0 www.geil-symposium.com
208.111.154.16 - - [27/Oct/2008:13:11:06 -0400] "GET /accommodations.html HTTP/1.1" 404 - "-" "Mozilla/5.0 (compatible; Charlotte/1.1; http://www.searchme.com/support/)" 0 www.geil-symposium.com
67.15.60.41 - - [27/Oct/2008:13:23:14 -0400] "GET /logs/access.log HTTP/1.1" 200 233460 "-" "access_log-crawler" 1 www.geil-symposium.com
65.98.224.2 - - [27/Oct/2008:19:15:04 -0400] "GET /robots.txt HTTP/1.0" 404 - "-" "TurnitinBot/2.1 (http://www.turnitin.com/robot/crawlerinfo.html)" 0 www.geil-symposium.com
65.98.224.2 - - [27/Oct/2008:19:15:40 -0400] "GET /transportation.html HTTP/1.0" 404 - "-" "TurnitinBot/2.1 (http://www.turnitin.com/robot/crawlerinfo.html)" 0 www.geil-symposium.com
65.98.224.2 - - [27/Oct/2008:19:16:10 -0400] "GET /publications.html HTTP/1.0" 404 - "-" "TurnitinBot/2.1 (http://www.turnitin.com/robot/crawlerinfo.html)" 0 www.geil-symposium.com
65.98.224.2 - - [27/Oct/2008:19:16:40 -0400] "GET /accommodations.html HTTP/1.0" 404 - "-" "TurnitinBot/2.1 (http://www.turnitin.com/robot/crawlerinfo.html)" 0 www.geil-symposium.com
65.98.224.2 - - [27/Oct/2008:19:17:10 -0400] "GET /Venue.html HTTP/1.0" 404 - "-" "TurnitinBot/2.1 (http://www.turnitin.com/robot/crawlerinfo.html)" 0 www.geil-symposium.com
65.98.224.2 - - [27/Oct/2008:19:17:40 -0400] "GET /Scholarship.html HTTP/1.0" 404 - "-" "TurnitinBot/2.1 (http://www.turnitin.com/robot/crawlerinfo.html)" 0 www.geil-symposium.com
65.98.224.2 - - [27/Oct/2008:19:18:10 -0400] "GET /Registration.html HTTP/1.0" 404 - "-" "TurnitinBot/2.1 (http://www.turnitin.com/robot/crawlerinfo.html)" 0 www.geil-symposium.com
66.235.124.38 - - [27/Oct/2008:22:35:26 -0400] "GET /robots.txt HTTP/1.0" 404 - "-" "Mozilla/5.0 (compatible; Ask Jeeves/Teoma; +http://about.ask.com/en/docs/about/webmasters.shtml)" 0 www.geil-symposium.com
66.235.124.38 - - [27/Oct/2008:22:35:26 -0400] "GET /Program.html HTTP/1.0" 404 - "-" "Mozilla/5.0 (compatible; Ask Jeeves/Teoma; +http://about.ask.com/en/docs/about/webmasters.shtml)" 0 www.geil-symposium.com
208.111.154.16 - - [27/Oct/2008:22:35:41 -0400] "GET /robots.txt HTTP/1.0" 404 - "-" "Mozilla/5.0 (compatible; Charlotte/1.1; http://www.searchme.com/support/)" 0 www.geil-symposium.com
208.111.154.15 - - [27/Oct/2008:22:35:41 -0400] "GET / HTTP/1.1" 200 326 "-" "Mozilla/5.0 (compatible; Charlotte/1.1; http://www.searchme.com/support/)" 0 www.geil-symposium.com
208.80.194.29 - - [27/Oct/2008:23:26:53 -0400] "GET / HTTP/1.0" 200 310 "-" "Mozilla/4.0 (compatible; MSIE 7.0; Windows NT 5.1; SIMBAR={7561D74D-4B7D-49c7-ABCC-9798F3108C74}; .NET CLR 1.1.4322; IEMB3; IEMB3)" 0 www.geil-symposium.com
74.6.22.188 - - [28/Oct/2008:01:32:03 -0400] "GET /robots.txt HTTP/1.0" 404 - "-" "Mozilla/5.0 (compatible; Yahoo! Slurp; http://help.yahoo.com/help/us/ysearch/slurp)" 0 www.geil-symposium.com
74.6.22.188 - - [28/Oct/2008:01:32:03 -0400] "GET / HTTP/1.0" 200 314 "-" "Mozilla/5.0 (compatible; Yahoo! Slurp; http://help.yahoo.com/help/us/ysearch/slurp)" 0 www.geil-symposium.com
198.87.2.45 - - [28/Oct/2008:07:38:16 -0400] "GET / HTTP/1.1" 200 322 "http://www.keywordspy.com/keyword-research/geil-symposium.com" "Mozilla/4.0 (compatible; MSIE 7.0; Windows NT 5.1; Alexa Toolbar)" 0 www.geil-symposium.com
198.87.2.45 - - [28/Oct/2008:07:38:16 -0400] "GET / HTTP/1.1" 200 322 "http://www.keywordspy.com/keyword-research/geil-symposium.com" "Mozilla/4.0 (compatible; MSIE 7.0; Windows NT 5.1; Alexa Toolbar)" 0 www.geil-symposium.com
198.87.2.45 - - [28/Oct/2008:07:38:16 -0400] "GET / HTTP/1.1" 200 322 "http://www.keywordspy.com/keyword-research/geil-symposium.com" "Mozilla/4.0 (compatible; MSIE 7.0; Windows NT 5.1; Alexa Toolbar)" 0 www.geil-symposium.com
208.111.154.16 - - [28/Oct/2008:08:13:50 -0400] "GET /robots.txt HTTP/1.0" 404 - "-" "Mozilla/5.0 (compatible; Charlotte/1.1; http://www.searchme.com/support/)" 0 www.geil-symposium.com
208.111.154.16 - - [28/Oct/2008:08:13:50 -0400] "GET /Sponsors.html HTTP/1.1" 404 - "-" "Mozilla/5.0 (compatible; Charlotte/1.1; http://www.searchme.com/support/)" 0 www.geil-symposium.com
124.115.0.111 - - [28/Oct/2008:08:46:33 -0400] "HEAD / HTTP/1.1" 200 0 "http://www.geil-symposium.com/" "Sosospider+(+http://help.soso.com/webspider.htm)" 0 www.geil-symposium.com
124.115.0.111 - - [28/Oct/2008:08:46:34 -0400] "GET / HTTP/1.1" 200 326 "http://www.geil-symposium.com/" "Sosospider+(+http://help.soso.com/webspider.htm)" 0 www.geil-symposium.com
74.6.22.188 - - [28/Oct/2008:09:06:42 -0400] "GET /publications.html HTTP/1.0" 404 - "-" "Mozilla/5.0 (compatible; Yahoo! Slurp; http://help.yahoo.com/help/us/ysearch/slurp)" 0 www.geil-symposium.com
67.195.37.105 - - [28/Oct/2008:11:30:21 -0400] "GET /robots.txt HTTP/1.0" 404 - "-" "Mozilla/5.0 (compatible; Yahoo! Slurp; http://help.yahoo.com/help/us/ysearch/slurp)" 0 www.geil-symposium.com
67.195.37.105 - - [28/Oct/2008:11:30:21 -0400] "GET /logs HTTP/1.0" 301 331 "-" "Mozilla/5.0 (compatible; Yahoo! Slurp/3.0; http://help.yahoo.com/help/us/ysearch/slurp)" 0 www.geil-symposium.com
67.195.37.105 - - [28/Oct/2008:11:30:31 -0400] "GET /logs/ HTTP/1.0" 200 373 "-" "Mozilla/5.0 (compatible; Yahoo! Slurp/3.0; http://help.yahoo.com/help/us/ysearch/slurp)" 0 www.geil-symposium.com
67.195.37.105 - - [28/Oct/2008:12:42:38 -0400] "GET /logs/access.log HTTP/1.0" 200 238451 "-" "Mozilla/5.0 (compatible; Yahoo! Slurp/3.0; http://help.yahoo.com/help/us/ysearch/slurp)" 1 www.geil-symposium.com
85.17.92.36 - - [28/Oct/2008:13:29:38 -0400] "GET / HTTP/1.1" 200 326 "http://www.newstin.com/add-source.a?webmasterpage" "Mozilla/5.0 (Windows; U; Windows NT 5.1; us-en; rv:1.8.1.16) Gecko/20080702 Firefox/2.0.0.16" 0 www.geil-symposium.com
38.99.13.124 - - [28/Oct/2008:13:53:18 -0400] "GET /robots.txt HTTP/1.0" 404 - "-" "Mozilla/5.0 (Twiceler-0.9 http://www.cuil.com/twiceler/robot.html)" 0 www.geil-symposium.com
208.80.194.36 - - [28/Oct/2008:15:22:13 -0400] "GET / HTTP/1.0" 200 314 "-" "Mozilla/4.0 (compatible; MSIE 6.0; Windows NT 5.1; {E84FCE32-5FBB-4B5E-B526-E0A19A74662F}; SV1; .NET CLR 1.0.3705; Media Center PC 2.8)" 0 www.geil-symposium.com
67.15.60.41 - - [28/Oct/2008:15:34:11 -0400] "GET /logs/access.log HTTP/1.1" 200 239318 "-" "access_log-crawler" 0 www.geil-symposium.com
202.179.180.45 - - [28/Oct/2008:15:52:26 -0400] "GET /robots.txt HTTP/1.1" 404 - "-" "Mozilla/4.0 (compatible; NaverBot/1.0; http://help.naver.com/delete_main.asp)" 0 www.geil-symposium.com
202.179.180.45 - - [28/Oct/2008:15:52:27 -0400] "GET / HTTP/1.1" 200 326 "-" "Mozilla/4.0 (compatible; NaverBot/1.0; http://help.naver.com/delete_main.asp)" 0 www.geil-symposium.com
91.124.198.4 - - [28/Oct/2008:16:12:23 -0400] "GET /logs/error.log HTTP/1.1" 200 144068 "about:blank" "Mozila/4.0 (compatible; MSIE 6.0; Windows NT 5.1; SV1; MyIE2;" 8 www.geil-symposium.com
91.124.198.4 - - [28/Oct/2008:16:47:28 -0400] "GET /logs/error.log HTTP/1.1" 200 144068 "about:blank" "Mozila/4.0 (compatible; MSIE 6.0; Windows NT 5.1; SV1; MyIE2;" 3 www.geil-symposium.com
74.6.22.156 - - [28/Oct/2008:17:38:34 -0400] "GET /robots.txt HTTP/1.0" 404 - "-" "Mozilla/5.0 (compatible; Yahoo! Slurp; http://help.yahoo.com/help/us/ysearch/slurp)" 0 www.geil-symposium.com
74.6.22.156 - - [28/Oct/2008:17:38:34 -0400] "GET /logs HTTP/1.0" 301 331 "-" "Mozilla/5.0 (compatible; Yahoo! Slurp; http://help.yahoo.com/help/us/ysearch/slurp)" 0 www.geil-symposium.com
74.6.22.156 - - [28/Oct/2008:17:38:34 -0400] "GET /logs/ HTTP/1.0" 200 373 "-" "Mozilla/5.0 (compatible; Yahoo! Slurp; http://help.yahoo.com/help/us/ysearch/slurp)" 0 www.geil-symposium.com
85.17.92.36 - - [28/Oct/2008:19:19:40 -0400] "GET / HTTP/1.1" 200 326 "http://www.presidentalelections2008.com/news/media/supporting-sites.html" "Mozilla/5.0 (Windows; U; Windows NT 5.1; us-en; rv:1.8.1.16) Gecko/20080702 Firefox/2.0.0.16" 0 www.geil-symposium.com
193.47.80.36 - - [28/Oct/2008:22:22:10 -0400] "GET /robots.txt HTTP/1.1" 404 - "-" "Mozilla/5.0 (compatible; Exabot/3.0; +http://www.exabot.com/go/robot)" 0 www.geil-symposium.com
193.47.80.36 - - [28/Oct/2008:22:22:10 -0400] "GET / HTTP/1.1" 200 326 "-" "Mozilla/5.0 (compatible; Exabot/3.0; +http://www.exabot.com/go/robot)" 0 www.geil-symposium.com
67.195.37.105 - - [29/Oct/2008:02:00:29 -0400] "GET /robots.txt HTTP/1.0" 404 - "-" "Mozilla/5.0 (compatible; Yahoo! Slurp; http://help.yahoo.com/help/us/ysearch/slurp)" 0 www.geil-symposium.com
67.195.37.105 - - [29/Oct/2008:02:00:29 -0400] "GET / HTTP/1.0" 200 314 "-" "Mozilla/5.0 (compatible; Yahoo! Slurp; http://help.yahoo.com/help/us/ysearch/slurp)" 0 www.geil-symposium.com
79.178.142.75 - - [29/Oct/2008:04:10:34 -0400] "GET / HTTP/1.1" 200 326 "-" "Mozilla/4.0 (compatible; MSIE 6.0; Windows NT 5.1; SV1; .NET CLR 1.1.4322; .NET CLR 2.0.50727)" 0 www.geil-symposium.com
79.178.142.75 - - [29/Oct/2008:04:10:35 -0400] "GET /logs HTTP/1.1" 301 343 "-" "Mozilla/4.0 (compatible; MSIE 6.0; Windows NT 5.1; SV1; .NET CLR 1.1.4322; InfoPath.1)" 0 www.geil-symposium.com
79.178.142.75 - - [29/Oct/2008:04:10:35 -0400] "GET /logs/ HTTP/1.1" 200 385 "-" "Mozilla/4.0 (compatible; MSIE 6.0; Windows NT 5.1; SV1; .NET)" 0 www.geil-symposium.com
79.178.142.75 - - [29/Oct/2008:04:10:40 -0400] "GET /logs/access.log HTTP/1.1" 200 242343 "-" "Mozilla/5.0 (Windows; U; Windows NT 5.1; en-US; rv:1.8.0.7) Gecko/20060909 Firefox/1.5.0.7" 4 www.geil-symposium.com
79.178.142.75 - - [29/Oct/2008:04:10:43 -0400] "GET /logs/error.log HTTP/1.1" 200 144779 "-" "Mozilla/4.0 (compatible; MSIE 6.0; Windows NT 5.1)" 2 www.geil-symposium.com
85.17.92.36 - - [29/Oct/2008:06:30:58 -0400] "GET / HTTP/1.1" 200 326 "http://www.czechcash.com/fraud/sites.htm" "Mozilla/5.0 (Windows; U; Windows NT 5.1; us-en; rv:1.8.1.16) Gecko/20080702 Firefox/2.0.0.16" 0 www.geil-symposium.com
38.105.83.12 - - [29/Oct/2008:06:39:18 -0400] "GET / HTTP/1.1" 200 326 "-" "Mozilla/4.0 (compatible; MSIE 7.0; Windows NT 5.2)" 0 www.geil-symposium.com
67.15.60.41 - - [29/Oct/2008:06:40:08 -0400] "GET /logs/access.log HTTP/1.1" 200 243113 "-" "access_log-crawler" 0 www.geil-symposium.com
38.105.83.12 - - [29/Oct/2008:06:40:12 -0400] "GET /logs HTTP/1.1" 301 343 "http://www.geil-symposium.com/" "Mozilla/4.0 (compatible; MSIE 7.0; Windows NT 5.2)" 0 www.geil-symposium.com
38.105.83.12 - - [29/Oct/2008:06:41:27 -0400] "GET /logs/ HTTP/1.1" 200 385 "http://www.geil-symposium.com/logs" "Mozilla/4.0 (compatible; MSIE 7.0; Windows NT 5.2)" 0 www.geil-symposium.com
38.105.83.12 - - [29/Oct/2008:06:42:53 -0400] "GET /logs/error.log HTTP/1.1" 200 144779 "http://www.geil-symposium.com/logs/" "Mozilla/4.0 (compatible; MSIE 7.0; Windows NT 5.2)" 0 www.geil-symposium.com
38.105.83.12 - - [29/Oct/2008:06:42:53 -0400] "GET /logs/access.log HTTP/1.1" 200 24559 "http://www.geil-symposium.com/logs/" "Mozilla/4.0 (compatible; MSIE 7.0; Windows NT 5.2)" 0 www.geil-symposium.com
67.15.60.41 - - [29/Oct/2008:06:47:48 -0400] "GET /logs%22%20%22Mozilla/5.0%20(compatible;%20MJ12bot/v1.2.3;%20http://www.majestic12.co.uk/bot.php HTTP/1.1" 404 - "-" "honeypot-crawler" 0 www.geil-symposium.com
66.249.71.115 - - [29/Oct/2008:08:12:56 -0400] "GET /robots.txt HTTP/1.1" 404 - "-" "Mozilla/5.0 (compatible; Googlebot/2.1; +http://www.google.com/bot.html)" 0 www.geil-symposium.com
66.249.71.116 - - [29/Oct/2008:08:12:56 -0400] "GET / HTTP/1.1" 200 326 "-" "Mozilla/5.0 (compatible; Googlebot/2.1; +http://www.google.com/bot.html)" 0 www.geil-symposium.com
217.212.224.183 - - [29/Oct/2008:09:57:05 -0400] "GET /robots.txt HTTP/1.0" 404 - "-" "psbot/0.1 (+http://www.picsearch.com/bot.html)" 0 www.geil-symposium.com
217.212.224.179 - - [29/Oct/2008:09:57:10 -0400] "GET /Registration.html HTTP/1.0" 404 - "-" "psbot/0.1 (+http://www.picsearch.com/bot.html)" 0 www.geil-symposium.com
208.80.194.42 - - [29/Oct/2008:11:17:18 -0400] "GET / HTTP/1.0" 200 310 "-" "Mozilla/4.0 (compatible; MSIE 7.0; Windows NT 5.1; {920B9DF8-7823-1703-9050-1E864E94C5ED}; .NET CLR 1.1.4322)" 0 www.geil-symposium.com
124.115.0.111 - - [29/Oct/2008:13:16:33 -0400] "HEAD / HTTP/1.1" 200 0 "http://www.geil-symposium.com/" "Sosospider+(+http://help.soso.com/webspider.htm)" 0 www.geil-symposium.com
124.115.0.111 - - [29/Oct/2008:13:16:34 -0400] "GET / HTTP/1.1" 200 326 "http://www.geil-symposium.com/" "Sosospider+(+http://help.soso.com/webspider.htm)" 0 www.geil-symposium.com
208.111.154.15 - - [29/Oct/2008:13:21:26 -0400] "GET /robots.txt HTTP/1.0" 404 - "-" "Mozilla/5.0 (compatible; Charlotte/1.1; http://www.searchme.com/support/)" 0 www.geil-symposium.com
208.111.154.16 - - [29/Oct/2008:13:21:27 -0400] "GET /Scholarship.html HTTP/1.1" 404 - "-" "Mozilla/5.0 (compatible; Charlotte/1.1; http://www.searchme.com/support/)" 0 www.geil-symposium.com
66.235.124.38 - - [29/Oct/2008:13:30:22 -0400] "GET /robots.txt HTTP/1.0" 404 - "-" "Mozilla/5.0 (compatible; Ask Jeeves/Teoma; +http://about.ask.com/en/docs/about/webmasters.shtml)" 0 www.geil-symposium.com
66.235.124.38 - - [29/Oct/2008:13:30:23 -0400] "GET /publications.html HTTP/1.0" 404 - "-" "Mozilla/5.0 (compatible; Ask Jeeves/Teoma; +http://about.ask.com/en/docs/about/webmasters.shtml)" 0 www.geil-symposium.com
38.99.13.124 - - [29/Oct/2008:13:33:59 -0400] "GET /robots.txt HTTP/1.0" 404 - "-" "Mozilla/5.0 (Twiceler-0.9 http://www.cuil.com/twiceler/robot.html)" 0 www.geil-symposium.com
74.6.8.103 - - [29/Oct/2008:14:42:02 -0400] "GET /robots.txt HTTP/1.0" 404 - "-" "Mozilla/5.0 (compatible; Yahoo! Slurp; http://help.yahoo.com/help/us/ysearch/slurp)" 0 www.geil-symposium.com
74.6.8.103 - - [29/Oct/2008:14:42:02 -0400] "GET /transportation.html HTTP/1.0" 404 - "-" "Mozilla/5.0 (compatible; Yahoo! Slurp; http://help.yahoo.com/help/us/ysearch/slurp)" 0 www.geil-symposium.com
74.6.8.103 - - [29/Oct/2008:14:45:40 -0400] "GET /Scholarship.html HTTP/1.0" 404 - "-" "Mozilla/5.0 (compatible; Yahoo! Slurp; http://help.yahoo.com/help/us/ysearch/slurp)" 0 www.geil-symposium.com
67.195.37.105 - - [29/Oct/2008:15:05:38 -0400] "GET /robots.txt HTTP/1.0" 404 - "-" "Mozilla/5.0 (compatible; Yahoo! Slurp; http://help.yahoo.com/help/us/ysearch/slurp)" 0 www.geil-symposium.com
67.195.37.105 - - [29/Oct/2008:15:05:39 -0400] "GET / HTTP/1.0" 200 314 "-" "Mozilla/5.0 (compatible; Yahoo! Slurp/3.0; http://help.yahoo.com/help/us/ysearch/slurp)" 0 www.geil-symposium.com
74.6.8.121 - - [29/Oct/2008:17:29:51 -0400] "GET /robots.txt HTTP/1.0" 404 - "-" "Mozilla/5.0 (compatible; Yahoo! Slurp; http://help.yahoo.com/help/us/ysearch/slurp)" 0 www.geil-symposium.com
74.6.8.121 - - [29/Oct/2008:17:29:51 -0400] "GET / HTTP/1.0" 200 310 "-" "Mozilla/5.0 (compatible; Yahoo! Slurp; http://help.yahoo.com/help/us/ysearch/slurp)" 0 www.geil-symposium.com
124.115.0.102 - - [29/Oct/2008:18:17:11 -0400] "GET /robots.txt HTTP/1.1" 404 - "http://www.geil-symposium.com/robots.txt" "Sosospider+(+http://help.soso.com/webspider.htm)" 0 www.geil-symposium.com
67.195.37.105 - - [29/Oct/2008:19:08:54 -0400] "GET /logs/error.log HTTP/1.0" 200 148454 "-" "Mozilla/5.0 (compatible; Yahoo! Slurp/3.0; http://help.yahoo.com/help/us/ysearch/slurp)" 1 www.geil-symposium.com
208.111.154.16 - - [29/Oct/2008:20:18:30 -0400] "GET /robots.txt HTTP/1.0" 404 - "-" "Mozilla/5.0 (compatible; Charlotte/1.1; http://www.searchme.com/support/)" 0 www.geil-symposium.com
208.111.154.16 - - [29/Oct/2008:20:18:30 -0400] "GET /transportation.html HTTP/1.1" 404 - "-" "Mozilla/5.0 (compatible; Charlotte/1.1; http://www.searchme.com/support/)" 0 www.geil-symposium.com
208.80.194.32 - - [30/Oct/2008:00:58:13 -0400] "GET / HTTP/1.0" 200 314 "-" "Mozilla/4.0 (compatible; MSIE 7.0; Windows NT 5.1; .NET CLR 1.1.4322; SpamBlockerUtility 4.8.6; Creative ZENcast v1.00.19)" 0 www.geil-symposium.com
208.111.154.16 - - [30/Oct/2008:01:39:19 -0400] "GET /robots.txt HTTP/1.0" 404 - "-" "Mozilla/5.0 (compatible; Charlotte/1.1; http://www.searchme.com/support/)" 0 www.geil-symposium.com
208.111.154.16 - - [30/Oct/2008:01:39:20 -0400] "GET /Venue.html HTTP/1.1" 404 - "-" "Mozilla/5.0 (compatible; Charlotte/1.1; http://www.searchme.com/support/)" 0 www.geil-symposium.com
64.128.171.4 - - [30/Oct/2008:03:14:32 -0400] "GET /robots.txt HTTP/1.1" 404 - "-" "Ocelli/1.4 (http://www.globalspec.com/Ocelli)" 0 www.geil-symposium.com
64.128.171.4 - - [30/Oct/2008:03:14:32 -0400] "GET / HTTP/1.1" 200 326 "-" "Ocelli/1.4 (http://www.globalspec.com/Ocelli)" 0 www.geil-symposium.com
